000
CXUS53 KGRR 041312
CLMLAN

CLIMATE REPORT
NATIONAL WEATHER SERVICE GRAND RAPIDS, MI
209 PM EST THU DEC 1 2016

...................................

...THE LANSING MI CLIMATE SUMMARY FOR THE MONTH OF NOVEMBER 2016...

CLIMATE NORMAL PERIOD 1981 TO 2010
CLIMATE RECORD PERIOD 1864 TO 2016

WEATHER         OBSERVED          NORMAL  DEPART  LAST YEAR`S
                 VALUE   DATE(S)  VALUE   FROM    VALUE  DATE(S)
                                          NORMAL
................................................................
TEMPERATURE (F)
RECORD
 HIGH              79   11/01/1950
 LOW               -5   11/26/1949
HIGHEST            77   11/01        67      10       77  11/03
LOWEST             20   11/22        14       6       18  11/29
AVG. MAXIMUM     54.5              46.7     7.8     54.0
AVG. MINIMUM     36.3              32.4     3.9     35.0
MEAN             45.4              39.6     5.8     44.5
DAYS MAX >= 90      0               0.0     0.0        0
DAYS MAX <= 32      1               2.3    -1.3        2
DAYS MIN <= 32      9              15.3    -6.3       15
DAYS MIN <= 0       0               0.0     0.0        0

PRECIPITATION (INCHES)
RECORD
 MAXIMUM         5.62   2003
 MINIMUM         0.04   1904
TOTALS           3.16              2.78    0.38     1.93
DAILY AVG.       0.11              0.09    0.02     0.06
DAYS >= .01         8              12.7    -4.7       10
DAYS >= .10         6               5.9     0.1        5
DAYS >= .50         2               1.8     0.2        1
DAYS >= 1.00        1               0.5     0.5        0
GREATEST
 24 HR. TOTAL    1.55   11/02 TO 11/03

SNOWFALL (INCHES)
RECORDS
 TOTAL           21.8   1865
 24 HR TOTAL     12.1   11/08/1921 TO 11/08/1921
 SNOW DEPTH        11   MM
TOTALS              T               3.4    -3.4      8.2
SINCE 7/1           T               3.8    -3.8      8.2
SNOWDEPTH AVG.      0                MM      MM        1
DAYS >= TRACE       3               3.7    -0.7        5
DAYS >= 1.0         0               1.1    -1.1        1
GREATEST
 SNOW DEPTH         0   MM                             8  11/22
 24 HR TOTAL        T   11/23 TO 11/23
                        11/20 TO 11/20
                        11/19 TO 11/19

DEGREE_DAYS
HEATING TOTAL     582               764    -182      606
 SINCE 7/1        975              1414    -439     1108
COOLING TOTAL       0                 0       0        0
 SINCE 1/1        869               625     244      615

FREEZE DATES
RECORD
 EARLIEST     08/03/1894
 LATEST       07/15/1863
EARLIEST                        10/01
LATEST                          05/10
.................................................................

WIND (MPH)
AVERAGE WIND SPEED              9.2
RESULTANT WIND SPEED/DIRECTION   5/238
HIGHEST WIND SPEED/DIRECTION    36/160    DATE  11/29
HIGHEST GUST SPEED/DIRECTION    49/160    DATE  11/29

SKY COVER
POSSIBLE SUNSHINE (PERCENT)   MM
AVERAGE SKY COVER           0.40
NUMBER OF DAYS FAIR           15
NUMBER OF DAYS PC              8
NUMBER OF DAYS CLOUDY          7

AVERAGE RH (PERCENT)     69

WEATHER CONDITIONS. NUMBER OF DAYS WITH
THUNDERSTORM              3     MIXED PRECIP               0
HEAVY RAIN                3     RAIN                       5
LIGHT RAIN               12     FREEZING RAIN              1
LT FREEZING RAIN          1     HAIL                       0
HEAVY SNOW                0     SNOW                       0
LIGHT SNOW                2     SLEET                      1
FOG                      18     FOG W/VIS <= 1/4 MILE      4
HAZE                     11

-  INDICATES NEGATIVE NUMBERS.
R  INDICATES RECORD WAS SET OR TIED.
MM INDICATES DATA IS MISSING.
T  INDICATES TRACE AMOUNT.

&&

NOVEMBER 2016 WILL BE REMEMBERED FOR ITS REMARKABLY WARM CONDITIONS.
THE ENTIRE STATE ENDED THE MONTH WELL ABOVE NORMAL IN REGARDS TO MEAN
TEMPERATURE. PRECIPITATION TOTALS RANGED FROM NEAR OR SLIGHTLY BELOW
NORMAL OVER SOUTHERN LOWER MICHIGAN TO MODERATELY BELOW NORMAL
THROUGH CENTRAL AND NORTHERN LOWER MICHIGAN.

NOVEMBER 1ST STARTED THE MONTH OFF OVER 15 DEGREES ABOVE NORMAL WITH
HIGH TEMPERATURES REACHING INTO THE MID AND UPPER 70S OVER INLAND
LOCATIONS OF LOWER MICHIGAN. LAKE SHORE COUNTIES WERE ONLY SLIGHTLY
COOLER WITH HIGHS IN THE MID TO UPPER 60S. MUCH OF THE MONTH WOULD
FOLLOW SUIT WITH THIS WARMER THAN NORMAL THEME. IN FACT, MORE THAN
TWO-THIRDS OF THE DAYS IN NOVEMBER WERE IN THE ABOVE NORMAL
CATEGORY. NEARLY A THIRD OF THE MONTH FEATURED DAILY AVERAGE
TEMPERATURES 10 OR MORE DEGREES ABOVE NORMAL. NOVEMBER 18TH WAS A
RECORD BREAKER WITH A HIGH TEMPERATURE TIED AT GRAND RAPIDS AND SET
AT LANSING. DESPITE ONLY ONE DAY REACHING A RECORD, THE WELL ABOVE
NORMAL FINISH CAN BE ATTRIBUTED TO THE CONSISTENCY OF MILD AIR,
RATHER THAN A SHORTER PERIOD OF EXTREME WARMTH. ONLY A HANDFUL OF
DAYS WERE SLIGHTLY TO MODERATELY BELOW NORMAL. MUCH OF SOUTHWEST
LOWER MICHIGAN FINISHED 5 TO 6 DEGREES ABOVE NORMAL FOR THE MONTH,
RESULTING IN A TOP 4 WARMEST RANKING FOR THE PRIMARY CLIMATE SITES
(GRAND RAPIDS, LANSING AND MUSKEGON).

PRECIPITATION TOTALS WERE MOSTLY BELOW NORMAL, ESPECIALLY NORTH AND
WEST OF THE GRAND RAPIDS METRO AREA. ABOUT THREE-FOURTHS OF THE DAYS
IN THE MONTH, AT EACH OF THE THREE CLIMATE SITES, RECORDED A TRACE
OR LESS OF PRECIPITATION. MUCH OF THE MOISTURE WAS CONVECTIVE IN
NATURE AND WAS RECEIVED WITHIN A FEW HEAVIER EPISODES OF RAINFALL.
ABOUT ONE-THIRD OF THE TOTAL PRECIPITATION RECEIVED AT EACH CLIMATE
SITE WAS RECEIVED IN A SINGLE EVENT. FOR GRAND RAPIDS AND LANSING,
MOST OF THEIR PRECIPITATION FELL ON NOVEMBER 2ND WITH MORE THAN ONE
INCH OF RAIN. MUSKEGON`S HEAVIEST RAIN EVENT CAME ON NOVEMBER 28TH
WITH MORE THAN THREE-QUARTERS OF AN INCH OF RAIN. ALL THREE SITES
WERE WELL BELOW NORMAL IN SNOWFALL. A LINE OF THUNDERSTORMS PRODUCED
50 TO 80 MPH WIND GUSTS IN THE JACKSON AREA ON NOVEMBER 18TH.
MUSKEGON AND GRAND RAPIDS ONLY RECORDED MEASURABLE SNOWFALL OF AN
INCH OR LESS ON NOVEMBER 19TH. SNOW TOTALS WERE A BIT HIGHER IN THE
HIGHLANDS OF CENTRAL TO NORTHERN MICHIGAN AWAY FROM LAKE MICHIGAN,
BUT STILL BELOW NOVEMBER AVERAGE.

$$

CAS/JAM
