000
CXUS55 KCYS 122251
CLMLAR


CLIMATE REPORT
NATIONAL WEATHER SERVICE CHEYENNE WY
451 PM MDT TUE JUL 12 2016

...................................

...THE LARAMIE WY AIRPORT CLIMATE SUMMARY FOR THE YEAR OF 2015...

CLIMATE NORMAL PERIOD 1981 TO 2010
CLIMATE RECORD PERIOD 1948 TO 2016

WEATHER         OBSERVED          NORMAL  DEPART  LAST YEAR`S
                 VALUE   DATE(S)  VALUE   FROM    VALUE
                                          NORMAL
.............................................................
TEMPERATURE (F)
RECORD
 HIGH              94   07/22/1982
                        08/05/1979
                        06/23/1954
 LOW              -50   01/12/1963
HIGHEST            89   06/21        MM      MM       89
LOWEST            -24   12/27        MM      MM      -34
AVG. MAXIMUM     56.6              54.5     2.1     54.9
AVG. MINIMUM     29.5              27.5     2.0     27.8
MEAN             43.1              41.0     2.1     41.4
DAYS MAX >= 90      0               1.5                0
DAYS MAX <= 32     47              53.7               49
DAYS MIN <= 32    188             209.3              207
DAYS MIN <= 0      21              21.9               26

PRECIPITATION (INCHES)
RECORD
 MAXIMUM        14.30   2014
 MINIMUM         3.50   2002
TOTALS          13.22             10.92    2.30    14.30
DAYS >= .01       107              85.7              103
DAYS >= .10        41              32.1               41
DAYS >= .50         6               3.8                5
DAYS >= 1.00        0               0.5                1
GREATEST
 24 HR. TOTAL    1.10   07/05 TO 07/06

DEGREE_DAYS
HEATING TOTAL    7955              8830    -875     8550
 SINCE 7/1       3339              3673    -334     3441
COOLING TOTAL      65                67      -2       67
 SINCE 1/1         65                67      -2       67
..............................................................

WIND (MPH)
AVERAGE WIND SPEED              11.3
HIGHEST WIND SPEED/DIRECTION    53/270    DATE  11/18
HIGHEST GUST SPEED/DIRECTION    65/270    DATE  11/18

SKY COVER
POSSIBLE SUNSHINE (PERCENT)   MM
AVERAGE SKY COVER           0.30
NUMBER OF DAYS FAIR          214
NUMBER OF DAYS PC            122
NUMBER OF DAYS CLOUDY         28

AVERAGE RH (PERCENT)     59

WEATHER CONDITIONS. NUMBER OF DAYS WITH
THUNDERSTORM              0     MIXED PRECIP               0
HEAVY RAIN               12     RAIN                      30
LIGHT RAIN              104     FREEZING RAIN              0
LT FREEZING RAIN          0     HAIL                       0
HEAVY SNOW                9     SNOW                      19
LIGHT SNOW               65     SLEET                      0
FOG                      99     FOG W/VIS <= 1/4 MILE     20
HAZE                     19

-  INDICATES NEGATIVE NUMBERS.
R  INDICATES RECORD WAS SET OR TIED.
MM INDICATES DATA IS MISSING.
T  INDICATES TRACE AMOUNT.

$$
