802
CXUS54 KLUB 011157
CLMLBB


CLIMATE REPORT
NATIONAL WEATHER SERVICE LUBBOCK, TX
657 AM CDT FRI SEP 1 2017

...................................

...THE LUBBOCK CLIMATE SUMMARY FOR THE MONTH OF AUGUST 2017...

CLIMATE NORMAL PERIOD 1981 TO 2010
CLIMATE RECORD PERIOD 1911 TO 2017

WEATHER         OBSERVED          NORMAL  DEPART  LAST YEAR`S
                 VALUE   DATE(S)  VALUE   FROM    VALUE  DATE(S)
                                          NORMAL
................................................................
TEMPERATURE (F)
RECORD
 HIGH             107   08/03/1944
                        08/13/1936
                        08/12/1936
 LOW               43   08/31/1915
HIGHEST            94   08/17                        100  08/04
                        08/05
LOWEST             55   08/31                         58  08/21
                                                          08/17
                                                          08/15
AVG. MAXIMUM     87.4              91.3    -3.9     90.6
AVG. MINIMUM     65.4              66.6    -1.2     66.6
MEAN             76.4              79.0    -2.6     78.6
DAYS MAX >= 90     10              20.2   -10.2       18
DAYS MAX <= 32      0               0.0     0.0        0
DAYS MIN <= 32      0               0.0     0.0        0
DAYS MIN <= 0       0               0.0     0.0        0

PRECIPITATION (INCHES)
RECORD
 MAXIMUM         8.85   1966
 MINIMUM            T   1943
TOTALS           4.85              1.91    2.94     3.03
DAILY AVG.       0.16              0.06    0.10     0.10
DAYS >= .01        10                                 11
DAYS >= .10         8                                  8
DAYS >= .50         3                                  1
DAYS >= 1.00        1                                  0
GREATEST
 24 HR. TOTAL    1.76   08/01 TO 08/01

DEGREE_DAYS
HEATING TOTAL       0                 0       0        0
 SINCE 7/1          0                 0       0        0
COOLING TOTAL     361               433     -72      431
 SINCE 1/1       1645              1526     119     1726
.................................................................

WIND (MPH)
AVERAGE WIND SPEED              8.0
HIGHEST WIND SPEED/DIRECTION    41/230    DATE  08/21
HIGHEST GUST SPEED/DIRECTION    58/220    DATE  08/21

SKY COVER
POSSIBLE SUNSHINE (PERCENT)   MM
AVERAGE SKY COVER           0.50
NUMBER OF DAYS FAIR            8
NUMBER OF DAYS PC             20
NUMBER OF DAYS CLOUDY          3

AVERAGE RH (PERCENT)     67

WEATHER CONDITIONS. NUMBER OF DAYS WITH
THUNDERSTORM              0     MIXED PRECIP               0
HEAVY RAIN                7     RAIN                       7
LIGHT RAIN               15     FREEZING RAIN              0
LT FREEZING RAIN          0     HAIL                       1
HEAVY SNOW                0     SNOW                       0
LIGHT SNOW                0     SLEET                      0
FOG                      18     FOG W/VIS <= 1/4 MILE      2
HAZE                      7

-  INDICATES NEGATIVE NUMBERS.
R  INDICATES RECORD WAS SET OR TIED.
MM INDICATES DATA IS MISSING.
T  INDICATES TRACE AMOUNT.

$$
