000
CXUS53 KLMK 011341
CLMLEX


CLIMATE REPORT
NATIONAL WEATHER SERVICE LOUISVILLE KY
838 AM EST FRI DEC 1 2017

...................................

...THE LEXINGTON KY CLIMATE SUMMARY FOR THE MONTH OF NOVEMBER 2017...

CLIMATE NORMAL PERIOD 1981 TO 2010
CLIMATE RECORD PERIOD 1872 TO 2017

WEATHER         OBSERVED          NORMAL  DEPART  LAST YEAR`S
                 VALUE   DATE(S)  VALUE   FROM    VALUE  DATE(S)
                                          NORMAL
................................................................
TEMPERATURE (F)
RECORD
 HIGH              83   11/01/2016
 LOW               -3   11/25/1950
                        11/30/1929
HIGHEST            77   11/05        MM      MM       83  11/01
LOWEST             20   11/23        MM      MM       21  11/21
AVG. MAXIMUM     57.1              55.4     1.7     62.2
AVG. MINIMUM     37.6              37.3     0.3     38.1
MEAN             47.3              46.3     1.0     50.2
DAYS MAX >= 90      0               0.0     0.0        0
DAYS MAX <= 32      0               0.3    -0.3        0
DAYS MIN <= 32     10               9.7     0.3       10
DAYS MIN <= 0       0               0.0     0.0        0

PRECIPITATION (INCHES)
RECORD
 MAXIMUM         8.50   1919
 MINIMUM         0.45   1976
TOTALS           2.35              3.53   -1.18     1.34
DAILY AVG.       0.08              0.12   -0.04     0.04
DAYS >= .01         9              10.7    -1.7        8
DAYS >= .10         5               6.7    -1.7        5
DAYS >= .50         2               2.5    -0.5        1
DAYS >= 1.00        0               0.8    -0.8        0
GREATEST
 24 HR. TOTAL    0.52   11/03 TO 11/03

SNOWFALL (INCHES)
RECORDS
 TOTAL            9.7   5
                        0
TOTALS            0.0               0.3    -0.3      0.0
SINCE 7/1           T               0.3    -0.3      0.0
SNOWDEPTH AVG.      0                MM      MM        0
DAYS >= 1.0         0               0.1    -0.1        0
GREATEST
 SNOW DEPTH         0   MM                             0  MM
 24 HR TOTAL      0.0   11/30 TO 11/30

DEGREE_DAYS
HEATING TOTAL     528               561     -33      453
 SINCE 7/1        780               887    -107      586
COOLING TOTAL       6                 2       4       15
 SINCE 1/1       1290              1190     100     1640
.................................................................

WIND (MPH)
AVERAGE WIND SPEED              8.9
HIGHEST WIND SPEED/DIRECTION    36/180    DATE  11/06
HIGHEST GUST SPEED/DIRECTION    50/190    DATE  11/18

SKY COVER
POSSIBLE SUNSHINE (PERCENT)   MM
AVERAGE SKY COVER           0.40
NUMBER OF DAYS FAIR           13
NUMBER OF DAYS PC              9
NUMBER OF DAYS CLOUDY          8

AVERAGE RH (PERCENT)     68

WEATHER CONDITIONS. NUMBER OF DAYS WITH
THUNDERSTORM              2     MIXED PRECIP               0
HEAVY RAIN                4     RAIN                       6
LIGHT RAIN               11     FREEZING RAIN              0
LT FREEZING RAIN          0     HAIL                       0
HEAVY SNOW                0     SNOW                       0
LIGHT SNOW                0     SLEET                      0
FOG                      14     FOG W/VIS <= 1/4 MILE      2
HAZE                      5

-  INDICATES NEGATIVE NUMBERS.
R  INDICATES RECORD WAS SET OR TIED.
MM INDICATES DATA IS MISSING.
T  INDICATES TRACE AMOUNT.

$$
