000
CXUS54 KLCH 020949
CLMLFT


CLIMATE REPORT
NATIONAL WEATHER SERVICE LAKE CHARLES, LA
449 AM CDT SUN JUL 2 2017

...................................

...THE LAFAYETTE CLIMATE SUMMARY FOR THE MONTH OF JUNE 2017...

CLIMATE NORMAL PERIOD 1981 TO 2010
CLIMATE RECORD PERIOD 1893 TO 2017

WEATHER         OBSERVED          NORMAL  DEPART  LAST YEAR`S
                 VALUE   DATE(S)  VALUE   FROM    VALUE  DATE(S)
                                          NORMAL
................................................................
TEMPERATURE (F)
RECORD
 HIGH             106   06/27/1930
 LOW               51   06/03/1903
HIGHEST            92   06/19        MM      MM       MM  MM
LOWEST             61   06/09        MM      MM       MM  MM
AVG. MAXIMUM     86.5              90.5    -4.0       MM
AVG. MINIMUM     71.9              72.7    -0.8       MM
MEAN             79.2              81.6    -2.4       MM
DAYS MAX >= 90      6              17.2   -11.2       MM
DAYS MAX <= 32      0               0.0     0.0       MM
DAYS MIN <= 32      0               0.0     0.0       MM
DAYS MIN <= 0       0               0.0     0.0       MM

PRECIPITATION (INCHES)
RECORD
 MAXIMUM        19.96   2001
 MINIMUM         0.04   1979
TOTALS          11.02              7.08    3.94       MM
DAILY AVG.       0.37              0.24    0.13       MM
DAYS >= .01        15              12.5     2.5       MM
DAYS >= .10        13               8.9     4.1       MM
DAYS >= .50         8               4.8     3.2       MM
DAYS >= 1.00        4               2.4     1.6       MM
GREATEST
 24 HR. TOTAL    2.39   06/03 TO 06/03

SNOWFALL (INCHES)
RECORDS
 TOTAL             MM   5
TOTALS            0.0               0.0     0.0       MM
SINCE 7/1         0.0                 T     0.0       MM
SNOWDEPTH AVG.      0                MM      MM       MM
DAYS >= 1.0         0               0.0     0.0       MM
GREATEST
 24 HR TOTAL      0.0   06/30 TO 06/30

DEGREE_DAYS
HEATING TOTAL       0                 0       0       MM
 SINCE 7/1        642              1420    -778       MM
COOLING TOTAL     433               498     -65       MM
 SINCE 1/1       1353              1112     241       MM
.................................................................

WIND (MPH)
AVERAGE WIND SPEED              5.7
HIGHEST WIND SPEED/DIRECTION    29/200    DATE  06/22
HIGHEST GUST SPEED/DIRECTION    41/200    DATE  06/22

SKY COVER
POSSIBLE SUNSHINE (PERCENT)   MM
AVERAGE SKY COVER           0.50
NUMBER OF DAYS FAIR           10
NUMBER OF DAYS PC             16
NUMBER OF DAYS CLOUDY          4

AVERAGE RH (PERCENT)     83

WEATHER CONDITIONS. NUMBER OF DAYS WITH
THUNDERSTORM              0     MIXED PRECIP               0
HEAVY RAIN                8     RAIN                      13
LIGHT RAIN               14     FREEZING RAIN              0
LT FREEZING RAIN          0     HAIL                       0
HEAVY SNOW                0     SNOW                       0
LIGHT SNOW                0     SLEET                      0
FOG                      21     FOG W/VIS <= 1/4 MILE      2
HAZE                      3

-  INDICATES NEGATIVE NUMBERS.
R  INDICATES RECORD WAS SET OR TIED.
MM INDICATES DATA IS MISSING.
T  INDICATES TRACE AMOUNT.

$$
