000
CXUS51 KOKX 011459
CLMLGA

CLIMATE REPORT
NATIONAL WEATHER SERVICE NEW YORK NY
1056 AM EDT SAT APR 1 2017

...................................

...THE LAGUARDIA NY CLIMATE SUMMARY FOR THE MONTH OF MARCH 2017...

CLIMATE NORMAL PERIOD 1981 TO 2010
CLIMATE RECORD PERIOD 1939 TO 2017

WEATHER         OBSERVED          NORMAL  DEPART  LAST YEAR`S
                 VALUE   DATE(S)  VALUE   FROM    VALUE  DATE(S)
                                          NORMAL
................................................................
TEMPERATURE (F)
RECORD
 HIGH              86   03/29/1945
 LOW                7   03/04/1943
HIGHEST            71   03/01        MM      MM       78  03/10
LOWEST             17   03/05        MM      MM       27  03/03
AVG. MAXIMUM     48.1              49.8    -1.7     57.2
AVG. MINIMUM     33.9              34.6    -0.7     40.7
MEAN             41.0              42.2    -1.2     49.0
DAYS MAX >= 90      0               0.0     0.0        0
DAYS MAX <= 32      4               0.8     3.2        0
DAYS MIN <= 32     14              10.1     3.9        4
DAYS MIN <= 0       0               0.0     0.0        0

PRECIPITATION (INCHES)
RECORD
 MAXIMUM         9.55   2010
 MINIMUM         0.74   2006
TOTALS           4.69              3.97    0.72     1.26
DAILY AVG.       0.15              0.13    0.02     0.04
DAYS >= .01        10              10.7    -0.7       11
DAYS >= .10         8               6.8     1.2        3
DAYS >= .50         3               2.6     0.4        1
DAYS >= 1.00        2               1.0     1.0        0
GREATEST
 24 HR. TOTAL    2.10   03/31 TO 03/31           03/28 TO 03/28
                                                          03/27 TO 03/28
                                                          03/28 TO 03/28
 STORM TOTAL       MM                                 MM
 (MM/DD(HH))            MM                    03/28(00) TO 03/28(00)
                                                 03/28(00) TO 03/28(00)8
                                                 03/28(00) TO 03/28(00)8

SNOWFALL (INCHES)
RECORDS
 TOTAL           18.9   1958
                        0
                        0
 24 HR TOTAL       MM
TOTALS            9.8               4.4     5.4      1.8
 LIQUID EQUIV    0.98              0.40    0.58     0.18
SINCE 7/1        33.2              26.4     6.8     36.2
 LIQUID 7/1      3.32              2.60             3.62
DAYS >= TRACE       5               2.1     2.9        3
DAYS >= 1.0         2               1.2     0.8        1
GREATEST
 SNOW DEPTH         7   03/15                          1  03/04
 24 HR TOTAL      7.4   03/14 TO 03/14           03/28 TO 03/28
                                                          03/28 TO 03/28
                                                          03/28 TO 03/28
 STORM TOTAL       MM                                 MM
 (MM/DD(HH))            MM                    03/28(00) TO 03/28(00)
                                                 03/28(00) TO 03/28(00)8
                                                 03/28(00) TO 03/28(00)8

DEGREE_DAYS
HEATING TOTAL     735               707      28      495
 SINCE 7/1       3422              4136    -714     3157
COOLING TOTAL       0                 0       0        5
 SINCE 1/1          0                 0       0        5
.........................................................

WIND (MPH)
AVERAGE WIND SPEED              14.1
HIGHEST WIND SPEED/DIRECTION    40/280    DATE  03/02
HIGHEST GUST SPEED/DIRECTION    54/270    DATE  03/02

SKY COVER
POSSIBLE SUNSHINE (PERCENT)   MM
AVERAGE SKY COVER           0.60
NUMBER OF DAYS FAIR            7
NUMBER OF DAYS PC             12
NUMBER OF DAYS CLOUDY         12

AVERAGE RH (PERCENT)     51

WEATHER CONDITIONS. NUMBER OF DAYS WITH
THUNDERSTORM              0     MIXED PRECIP               0
HEAVY RAIN                1     RAIN                       3
LIGHT RAIN               11     FREEZING RAIN              0
LT FREEZING RAIN          0     HAIL                       0
HEAVY SNOW                0     SNOW                       3
LIGHT SNOW                5     SLEET                      1
FOG                      10     FOG W/VIS <= 1/4 MILE      3
HAZE                     10

-  INDICATES NEGATIVE NUMBERS.
R  INDICATES RECORD WAS SET OR TIED.
MM INDICATES DATA IS MISSING.
T  INDICATES TRACE AMOUNT.

$$
