000
CXHW51 PHFO 011625
CLMLIH


CLIMATE REPORT
NATIONAL WEATHER SERVICE HONOLULU HI
625 AM HST SUN OCT 1 2017

...................................

...THE LIHUE HI CLIMATE SUMMARY FOR THE MONTH OF SEPTEMBER 2017...

CLIMATE NORMAL PERIOD 1981 TO 2010
CLIMATE RECORD PERIOD 1946 TO 2017

WEATHER         OBSERVED          NORMAL  DEPART  LAST YEAR`S
                 VALUE   DATE(S)  VALUE   FROM    VALUE  DATE(S)
                                          NORMAL
................................................................
TEMPERATURE (F)
RECORD
 HIGH              90   09/13/1995
                        09/26/1993
 LOW               50   09/10/2008
HIGHEST            89   09/28        85       4       88  09/24
                        09/20                             09/08
                        09/18                             09/02
LOWEST             70   09/11        74      -4       72  09/05
                                                          09/04
AVG. MAXIMUM     88.1              84.8     3.3     86.7
AVG. MINIMUM     75.2              74.1     1.1     76.1
MEAN             81.7              79.4     2.3     81.4
DAYS MAX >= 90      0               0.0     0.0        0
DAYS MAX <= 32      0               0.0     0.0        0
DAYS MIN <= 32      0               0.0     0.0        0
DAYS MIN <= 0       0               0.0     0.0        0

PRECIPITATION (INCHES)
RECORD
 MAXIMUM        10.87   1980
 MINIMUM         0.44   2007
TOTALS           0.54              2.12   -1.58     0.64
DAILY AVG.       0.02              0.07   -0.05     0.02
DAYS >= .01         9              16.3    -7.3       15
DAYS >= .10         1               5.3    -4.3        2
DAYS >= .50         0               0.9    -0.9        0
DAYS >= 1.00        0               0.2    -0.2        0
GREATEST
 24 HR. TOTAL    0.37   09/30 TO 09/30              0.22

SNOWFALL (INCHES)
RECORDS
 TOTAL             MM   5
TOTALS            0.0               0.0     0.0      0.0
SINCE 7/1         0.0               0.0     0.0      0.0
SNOWDEPTH AVG.     MM                MM      MM        0
DAYS >= 1.0         0               0.0     0.0        0
GREATEST
 SNOW DEPTH        MM                                  0  MM
 24 HR TOTAL      0.0   09/30 TO 09/30               0.0

DEGREE_DAYS
HEATING TOTAL       0                 0       0        0
 SINCE 7/1          0                 0       0        0
COOLING TOTAL     510               433      77      500
 SINCE 1/1       3383              2959     424     3159
.................................................................

WIND (MPH)
AVERAGE WIND SPEED              11.4
HIGHEST WIND SPEED/DIRECTION    28/080    DATE  09/16
HIGHEST GUST SPEED/DIRECTION    33/080    DATE  09/16

SKY COVER
POSSIBLE SUNSHINE (PERCENT)   MM
AVERAGE SKY COVER             MM
NUMBER OF DAYS FAIR            0
NUMBER OF DAYS PC              0
NUMBER OF DAYS CLOUDY          0

AVERAGE RH (PERCENT)     MM

WEATHER CONDITIONS. NUMBER OF DAYS WITH
THUNDERSTORM              0     MIXED PRECIP               0
HEAVY RAIN                0     RAIN                       0
LIGHT RAIN                0     FREEZING RAIN              0
LT FREEZING RAIN          0     HAIL                       0
HEAVY SNOW                0     SNOW                       0
LIGHT SNOW                0     SLEET                      0
FOG                       4     FOG W/VIS <= 1/4 MILE      0
HAZE                      2

-  INDICATES NEGATIVE NUMBERS.
R  INDICATES RECORD WAS SET OR TIED.
MM INDICATES DATA IS MISSING.
T  INDICATES TRACE AMOUNT.

$$
