000
CXUS53 KLOT 011317
CLMLOT


CLIMATE REPORT
NATIONAL WEATHER SERVICE CHICAGO IL
801 AM CDT FRI APR 1 2016

...................................

...THE ROMEOVILLE  WFO CLIMATE SUMMARY FOR THE MONTH OF MARCH 2016...

CLIMATE NORMAL PERIOD 1981 TO 2010
CLIMATE RECORD PERIOD 1992 TO 2016

WEATHER         OBSERVED          NORMAL  DEPART  LAST YEAR`S
                 VALUE   DATE(S)  VALUE   FROM    VALUE
                                          NORMAL
.............................................................
TEMPERATURE (F)
RECORD
 HIGH              85   03/21/2012
 LOW              -13   03/04/2002
HIGHEST            71   03/08        MM      MM       74
LOWEST             10   03/02        MM      MM       -2
AVG. MAXIMUM     53.2              47.8     5.4     45.5
AVG. MINIMUM     35.6              29.5     6.1     25.9
MEAN             44.4              38.6     5.8     35.7

PRECIPITATION (INCHES)
RECORD
 MAXIMUM           MM   MM
 MINIMUM           MM   MM
TOTALS           3.73              2.77    0.96     0.79

SNOWFALL (INCHES)
RECORDS
 TOTAL             MM   MM
TOTALS            2.0               4.4    -2.4      5.2
SINCE 7/1        21.9              31.8    -9.9     36.4

DEGREE_DAYS
HEATING TOTAL     632               817    -185      901
 SINCE 7/1       4665              5545    -880     6146
COOLING TOTAL       0                 0       0        0
 SINCE 1/1          0                 0       0        0
..............................................................

WIND (MPH)
AVERAGE WIND SPEED              10.4
HIGHEST WIND SPEED/DIRECTION    39/MM     DATE   MM
HIGHEST GUST SPEED/DIRECTION    53/MM     DATE   MM

AVERAGE RH (PERCENT)     70


-  INDICATES NEGATIVE NUMBERS.
R  INDICATES RECORD WAS SET OR TIED.
MM INDICATES DATA IS MISSING.
T  INDICATES TRACE AMOUNT.

$$
