000
CXUS54 KCRP 040241 CCA
CLMLRD

CLIMATE REPORT
NATIONAL WEATHER SERVICE CORPUS CHRISTI TX
841 PM CST TUE FEB 3 2015

...................................

...THE LAREDO CLIMATE SUMMARY FOR THE MONTH OF JANUARY 2015...

CLIMATE NORMAL PERIOD 1981 TO 2010
CLIMATE RECORD PERIOD 1900 TO 2015

WEATHER         OBSERVED          NORMAL  DEPART  LAST YEAR`S
                 VALUE   DATE(S)  VALUE   FROM    VALUE  DATE(S)
                                          NORMAL
................................................................
TEMPERATURE (F)
RECORD
 HIGH              98   01/17/1936
                        01/18/1914
 LOW               15   01/12/1909
HIGHEST            86   01/20        69      17       85  01/20
LOWEST             33   01/10        43     -10       30  01/24
AVG. MAXIMUM     62.7              67.0    -4.3     67.8
AVG. MINIMUM     43.2              46.1    -2.9     42.6
MEAN             53.0              56.5    -3.5     55.2
DAYS MAX >= 90      0               0.1    -0.1        0
DAYS MAX <= 32      0               0.0     0.0        0
DAYS MIN <= 32      0               2.0    -2.0        2
DAYS MIN <= 0       0               0.0     0.0        0

PRECIPITATION (INCHES)
RECORD
 MAXIMUM         5.25   1958
 MINIMUM         0.00   1914
                        1912
                        1909
TOTALS           0.59              0.90   -0.31     0.08
DAILY AVG.       0.02              0.03   -0.01     0.00
DAYS >= .01         9               5.9     3.1        2
DAYS >= .10         2               2.2    -0.2        0
DAYS >= .50         0               0.5    -0.5        0
DAYS >= 1.00        0               0.1    -0.1        0
GREATEST
 24 HR. TOTAL    0.28   01/10 TO 01/10           01/23 TO 01/23


SNOWFALL (INCHES)
RECORDS
 TOTAL             MM   MM
 24 HR TOTAL       MM
TOTALS            0.0                MM      MM      0.0
SINCE 7/1         0.0               0.0     0.0      0.0
SNOWDEPTH AVG.      0                MM      MM        0
DAYS >= 1.0         0                MM      MM
GREATEST
 SNOW DEPTH         0   MM                             0
 24 HR TOTAL      0.0   01/30 TO 01/30               0.0

DEGREE_DAYS
HEATING TOTAL     376               289      87      306
 SINCE 7/1        714               679      35      783
COOLING TOTAL       9                28     -19       10
 SINCE 1/1          9                31     -22       10
..................................................

WIND (MPH)
AVERAGE WIND SPEED              7.4
HIGHEST WIND SPEED/DIRECTION    24/150    DATE  01/31
HIGHEST GUST SPEED/DIRECTION    30/150    DATE  01/31

SKY COVER
AVERAGE SKY COVER           0.40

AVERAGE RH (PERCENT)     72

WEATHER CONDITIONS. NUMBER OF DAYS WITH
THUNDERSTORM              0     MIXED PRECIP               0
HEAVY RAIN                0     RAIN                       2
LIGHT RAIN               12     FREEZING RAIN              0
LT FREEZING RAIN          0     HAIL                       0
HEAVY SNOW                0     SNOW                       0
LIGHT SNOW                0     SLEET                      0
FOG                      15     FOG W/VIS <= 1/4 MILE      0
HAZE                      2

-  INDICATES NEGATIVE NUMBERS.
R  INDICATES RECORD WAS SET OR TIED.
MM INDICATES DATA IS MISSING.
T  INDICATES TRACE AMOUNT.

$$

88
