495
CXUS53 KTOP 011508
CLMLWC


CLIMATE REPORT
NATIONAL WEATHER SERVICE TOPEKA KS
1005 AM CDT FRI JUL 1 2016

...................................

...THE LAWRENCE KS CLIMATE SUMMARY FOR THE MONTH OF JUNE 2016...

CLIMATE NORMAL PERIOD 1981 TO 2010
CLIMATE RECORD PERIOD 9999 TO 9999

WEATHER         OBSERVED          NORMAL  DEPART  LAST YEAR`S
                 VALUE   DATE(S)  VALUE   FROM    VALUE
                                          NORMAL
.............................................................
TEMPERATURE (F)
HIGHEST           103   06/22                         96
LOWEST             53   06/07                         56
                        06/02
AVG. MAXIMUM     91.5              84.9     6.6     86.1
AVG. MINIMUM     65.6              62.9     2.7     66.1
MEAN             78.5              73.9     4.6     76.1
DAYS MAX >= 90     19               6.3    12.7       10
DAYS MAX <= 32      0               0.0     0.0        0
DAYS MIN <= 32      0               0.0     0.0        0
DAYS MIN <= 0       0               0.0     0.0        0

PRECIPITATION (INCHES)
TOTALS           1.09              5.46   -4.37     4.31
DAILY AVG.       0.04                               0.14
DAYS >= .01         4                                 12
DAYS >= .10         3                                 10
DAYS >= .50         1                                  3
DAYS >= 1.00        0                                  1
GREATEST
 24 HR. TOTAL    0.69   06/03 TO 06/04              1.39
                        06/04 TO 06/04

DEGREE_DAYS
HEATING TOTAL       0                 8      -8        3
 SINCE 7/1       4369              5092    -723     5228
COOLING TOTAL     412               275     137      340
 SINCE 1/1        492               394      98      416
..............................................................

WIND (MPH)
AVERAGE WIND SPEED              7.4
HIGHEST WIND SPEED/DIRECTION    33/190    DATE  06/12
HIGHEST GUST SPEED/DIRECTION    42/280    DATE  06/15

SKY COVER
POSSIBLE SUNSHINE (PERCENT)   MM
AVERAGE SKY COVER           0.10
NUMBER OF DAYS FAIR           30
NUMBER OF DAYS PC              0
NUMBER OF DAYS CLOUDY          0

AVERAGE RH (PERCENT)     67

WEATHER CONDITIONS. NUMBER OF DAYS WITH
THUNDERSTORM              0     MIXED PRECIP               0
HEAVY RAIN                2     RAIN                       2
LIGHT RAIN               12     FREEZING RAIN              0
LT FREEZING RAIN          0     HEAVY SNOW                 0
SNOW                      0     LIGHT SNOW                 0
FOG                      11     FOG W/VIS <= 1/4 MILE      3
HAZE                      7

-  INDICATES NEGATIVE NUMBERS.
R  INDICATES RECORD WAS SET OR TIED.
MM INDICATES DATA IS MISSING.
T  INDICATES TRACE AMOUNT.

$$
