000
CXUS56 KHNX 020246
CLMMAE

CLIMATE REPORT
NATIONAL WEATHER SERVICE SAN JOAQUIN VALLEY - HANFORD CA
630 PM PDT FRI AUG 1 2014

...................................

...THE MADERA CA AIRPORT CLIMATE SUMMARY FOR THE MONTH OF JULY
2014...

CLIMATE NORMAL PERIOD 1981 TO 2010
CLIMATE RECORD PERIOD 1998 TO 2014

WEATHER         OBSERVED          NORMAL  DEPART  LAST YEAR`S
                 VALUE   DATE(S)  VALUE   FROM    VALUE  DATE(S)
                                          NORMAL
................................................................
TEMPERATURE (F)
RECORD
 HIGH             112   07/23/2006
 LOW               51   07/04/2000
HIGHEST           105   07/31        MM      MM      106  07/02
                        07/27                             07/01
LOWEST             60   07/24        MM      MM       55  07/17
                        07/12                             07/16
AVG. MAXIMUM     98.6              96.9     1.7     98.7
AVG. MINIMUM     66.0              60.6     5.4     63.9
MEAN             82.3              78.7     3.6     81.3
DAYS MAX >= 90     31              27.7     3.3       31
DAYS MIN <= 32      0               0.0     0.0        0

PRECIPITATION (INCHES)
RECORD
 MAXIMUM         0.07   2001
TOTALS              T              0.02   -0.02        T
DAYS >= .01         0                MM      MM        0
DAYS >= .10         0                MM      MM        0
DAYS >= .50         0                MM      MM        0
DAYS >= 1.00        0                MM      MM        0
GREATEST
 24 HR. TOTAL       T   07/30 TO 07/30

SNOWFALL (INCHES)
RECORDS
 TOTAL             MM   MM
TOTALS            0.0                MM

DEGREE_DAYS
HEATING TOTAL       0                 0       0        0
 SINCE 7/1          0                 0       0        0
COOLING TOTAL     542               426     116      513
 SINCE 1/1       1123               850     273     1033
.................................................................

WIND (MPH)
AVERAGE WIND SPEED              7.4
HIGHEST WIND SPEED/DIRECTION    22/070    DATE  07/22
HIGHEST GUST SPEED/DIRECTION    26/070    DATE  07/22

AVERAGE RH (PERCENT)     43

WEATHER CONDITIONS. NUMBER OF DAYS WITH
THUNDERSTORM              0     RAIN                       1
HAIL                      0     FOG                        0
FOG W/VIS <= 1/4 MILE     0     HAZE                       3

-  INDICATES NEGATIVE NUMBERS.
R  INDICATES RECORD WAS SET OR TIED.
MM INDICATES DATA IS MISSING.
T  INDICATES TRACE AMOUNT.

$$

SANGER/OCHS

WEATHER.GOV/HANFORD
