000
CXUS54 KMAF 011344
CLMMAF


CLIMATE REPORT
NATIONAL WEATHER SERVICE MIDLAND TX
843 AM CDT TUE AUG 1 2017

...................................

...THE MIDLAND CLIMATE SUMMARY FOR THE MONTH OF JULY 2017...

CLIMATE NORMAL PERIOD 1981 TO 2010
CLIMATE RECORD PERIOD 1930 TO 2017

WEATHER         OBSERVED          NORMAL  DEPART  LAST YEAR`S
                 VALUE   DATE(S)  VALUE   FROM    VALUE  DATE(S)
                                          NORMAL
................................................................
TEMPERATURE (F)
RECORD
 HIGH             112   07/02/1989
 LOW               49   07/13/1936
HIGHEST           102   07/30        94       8      108  07/12
                                                          07/04
LOWEST             67   07/06        69      -2       71  07/29
                                                          07/28
AVG. MAXIMUM     96.2              94.6     1.6    101.4
AVG. MINIMUM     72.3              69.7     2.6     75.0
MEAN             84.2              82.1     2.1     88.2
DAYS MAX >= 90     29              25.6     3.4       31
DAYS MAX <= 32      0               0.0     0.0        0
DAYS MIN <= 32      0               0.0     0.0        0
DAYS MIN <= 0       0               0.0     0.0        0

PRECIPITATION (INCHES)
RECORD
 MAXIMUM         8.50   1991
 MINIMUM         0.00   1946
TOTALS           1.48              1.82   -0.34     0.24
DAILY AVG.       0.05              0.06   -0.01     0.01
DAYS >= .01         5               4.9     0.1        4
DAYS >= .10         2               2.9    -0.9        2
DAYS >= .50         1               1.3    -0.3        0
DAYS >= 1.00        0               0.4    -0.4        0
GREATEST
 24 HR. TOTAL    0.94   07/22 TO 07/22              0.12

DEGREE_DAYS
COOLING TOTAL     605               532      73      726
 SINCE 1/1       1744              1382     362     1692
.................................................................

WIND (MPH)
AVERAGE WIND SPEED              10.9
HIGHEST WIND SPEED/DIRECTION    43/070    DATE  07/22
HIGHEST GUST SPEED/DIRECTION    66/090    DATE  07/22

SKY COVER
POSSIBLE SUNSHINE (PERCENT)   MM
AVERAGE SKY COVER           0.10
NUMBER OF DAYS FAIR           30
NUMBER OF DAYS PC              1
NUMBER OF DAYS CLOUDY          0

AVERAGE RH (PERCENT)     48

WEATHER CONDITIONS. NUMBER OF DAYS WITH
THUNDERSTORM              0     MIXED PRECIP               0
HEAVY RAIN                2     RAIN                       1
LIGHT RAIN                7     FREEZING RAIN              0
LT FREEZING RAIN          0     HAIL                       0
HEAVY SNOW                0     SNOW                       0
LIGHT SNOW                0     SLEET                      0
FOG                       1     FOG W/VIS <= 1/4 MILE      0
HAZE                      8

-  INDICATES NEGATIVE NUMBERS.
R  INDICATES RECORD WAS SET OR TIED.
MM INDICATES DATA IS MISSING.
T  INDICATES TRACE AMOUNT.

$$
