000
CXUS53 KDTX 091719 AAA
CLMMBS

DTXCLMMBS 000
TTAA00 KDTX 020759


CLIMATE REPORT
NATIONAL WEATHER SERVICE DETROIT/PONTIAC MI
359 AM EDT WED JUL 2 2014

...................................

...THE  TRI CITIES MI CLIMATE SUMMARY FOR THE MONTH OF JUNE 2014...

CLIMATE NORMAL PERIOD 1981 TO 2010
CLIMATE RECORD PERIOD 1898 TO 2014

WEATHER         OBSERVED          NORMAL  DEPART
                 VALUE   DATE(S)  VALUE   FROM
                                          NORMAL
................................................
TEMPERATURE (F)
HIGHEST            90   06/28        MM      MM
LOWEST             44   06/14        MM      MM
AVG. MAXIMUM     79.4              77.9     1.5
AVG. MINIMUM     59.9              56.5     3.4
MEAN             69.7              67.2     2.5
DAYS MAX >= 90      1               2.3    -1.3
DAYS MAX <= 32      0               0.0     0.0
DAYS MIN <= 32      0               0.0     0.0
DAYS MIN <= 0       0               0.0     0.0

PRECIPITATION (INCHES)
TOTALS           2.37              2.98   -0.61
DAILY AVG.       0.08              0.10   -0.02
DAYS >= .01         9               9.8    -0.8
DAYS >= .10         6               6.0     0.0
DAYS >= .50         2               1.8     0.2
DAYS >= 1.00        0               0.6    -0.6
GREATEST
 24 HR. TOTAL    0.71   06/23 TO 06/24
 STORM TOTAL       MM
 (MM/DD(HH))            MM

SNOWFALL (INCHES)
TOTALS            0.0               0.0     0.0
 LIQUID EQUIV    0.00              0.00    0.00
SINCE 7/1        60.3              41.5    18.8
 LIQUID 7/1      6.03
DAYS >= TRACE       0               0.0     0.0
DAYS >= 1.0         0               0.0     0.0
GREATEST
 SNOW DEPTH         0   MM
 24 HR TOTAL      0.0   06/30 TO 06/30
 STORM TOTAL       MM
 (MM/DD(HH))            MM

DEGREE_DAYS
HEATING TOTAL      14                59     -45
 SINCE 7/1       7596              6970     626
COOLING TOTAL     161               124      37
 SINCE 1/1        205               160      45

FREEZE DATES
RECORD
 EARLIEST     MM
 LATEST       MM
EARLIEST      01/01             MM
LATEST        01/31             MM
.................................................

WIND (MPH)
AVERAGE WIND SPEED              8.7
HIGHEST WIND SPEED/DIRECTION    35/220    DATE  06/17
HIGHEST GUST SPEED/DIRECTION    43/230    DATE  06/17

SKY COVER
POSSIBLE SUNSHINE (PERCENT)   MM
AVERAGE SKY COVER           0.30
NUMBER OF DAYS FAIR           20
NUMBER OF DAYS PC              9
NUMBER OF DAYS CLOUDY          1

AVERAGE RH (PERCENT)     65

WEATHER CONDITIONS. NUMBER OF DAYS WITH
THUNDERSTORM              6     MIXED PRECIP               0
HEAVY RAIN                2     RAIN                       5
LIGHT RAIN               12     FREEZING RAIN              0
LT FREEZING RAIN          0     HAIL                       0
HEAVY SNOW                0     SNOW                       0
LIGHT SNOW                0     SLEET                      0
FOG                       7     FOG W/VIS <= 1/4 MILE      1
HAZE                      4

-  INDICATES NEGATIVE NUMBERS.
R  INDICATES RECORD WAS SET OR TIED.
MM INDICATES DATA IS MISSING.
T  INDICATES TRACE AMOUNT.

$$

=====================================================================
        SOUTHEAST MICHIGAN CLIMATE SUMMARY FOR JUNE 2014


JUNE 2014 MONTHLY STATISTICS AND RANKINGS
---------------------------------------------------------------------

PRECIPITATION
              ACTUAL   NORMAL*  DEPARTURE     RANKING
DETROIT AREA   4.00"    3.52"   +0.48"      45TH WETTEST
FLINT AREA     2.46"    3.07"   -0.61"      37TH DRIEST
SAGINAW        2.37"    2.98"   -0.61"      41ST DRIEST

WATER YEAR SINCE JANUARY 1

              ACTUAL   NORMAL*  DEPARTURE     RANKING
DETROIT AREA  18.67"   16.06"    +2.61"     23RD WETTEST
FLINT AREA    17.41"   14.06"    +3.35"     16TH WETTEST
SAGINAW       13.96"   14.63"    -0.67"     49TH WETTEST

     *NORMAL TO-DATE (AS OF JUNE 30, 2014)


AVERAGE TEMPERATURE

              ACTUAL   NORMAL  DEPARTURE      RANKING
DETROIT AREA   70.5     69.4    +1.1       31ST WARMEST
FLINT AREA     69.1     66.5    +2.6       24TH WARMEST
SAGINAW        69.7     67.2    +2.5       17TH WARMEST


AVERAGE HIGH TEMPERATURE

              ACTUAL   NORMAL  DEPARTURE      RANKING
DETROIT AREA   80.1     79.3    +0.8       37TH WARMEST
FLINT AREA     80.0     77.9    +2.1       32ND WARMEST
SAGINAW        79.4     77.9    +1.5       35TH WARMEST


AVERAGE LOW TEMPERATURE

              ACTUAL   NORMAL  DEPARTURE      RANKING
DETROIT AREA    60.9    59.5    +1.4       24TH WARMEST
FLINT AREA      58.2    55.2    +3.0       14TH WARMEST
SAGINAW         59.9    56.5    +2.5        7TH WARMEST



DETROIT AREA HAS A CLIMATE RECORD DATING TO NOVEMBER 1874
FLINT AREA HAS A CLIMATE RECORD DATING TO JANUARY 1921
SAGINAW HAS A CLIMATE RECORD DATING TO JANUARY 1912
