000
CXUS53 KEAX 010726 CCA
CLMMCI

STLCLMWRK 000
TTAA00 KEAX 010723


CLIMATE REPORT
NATIONAL WEATHER SERVICE KANSAS CITY/PLEASANT HILL MO
223 AM CDT SAT OCT 1 2016

...................................

...THE KANSAS CITY INTERNATIONAL MO CLIMATE SUMMARY FOR THE MONTH OF SEPTEMBER 2016...

CLIMATE NORMAL PERIOD 1981 TO 2010
CLIMATE RECORD PERIOD 1888 TO 2016

WEATHER         OBSERVED          NORMAL  DEPART  LAST YEAR`S
                 VALUE   DATE(S)  VALUE   FROM    VALUE  DATE(S)
                                          NORMAL
................................................................
TEMPERATURE (F)
RECORD
 HIGH             109   09/03/1947
 LOW               31   09/22/1995
HIGHEST            91   09/20        93      -2       95  09/06
LOWEST             47   09/29        40       7       48  09/30
AVG. MAXIMUM     81.0              79.0     2.0     82.7
AVG. MINIMUM     61.8              57.3     4.5     63.1
MEAN             71.4              68.2     3.2     72.9
DAYS MAX >= 90      3               2.7     0.3        7
DAYS MAX <= 32      0               0.0     0.0        0
DAYS MIN <= 32      0               0.0     0.0        0
DAYS MIN <= 0       0               0.0     0.0        0

PRECIPITATION (INCHES)
RECORD
 MAXIMUM        16.17   1914
 MINIMUM         0.21   1937
TOTALS           4.94              4.62    0.32     5.73
DAILY AVG.       0.16              0.15    0.01     0.19
DAYS >= .01         8               8.6    -0.6        5
DAYS >= .10         7               6.3     0.7        4
DAYS >= .50         4               3.2     0.8        2
DAYS >= 1.00        1               1.4    -0.4        1
GREATEST
 24 HR. TOTAL    2.39   09/13 TO 09/14

SNOWFALL (INCHES)
RECORDS
 TOTAL            0.0   0
                        0
                        0
TOTALS            0.0               0.0     0.0      0.0
SINCE 7/1         0.0               0.0     0.0      0.0
SNOWDEPTH AVG.      0               0.0     0.0        0
DAYS >= 1.0         0               0.0     0.0        0
GREATEST
 SNOW DEPTH         0   00                             0  00
 24 HR TOTAL      0.0   09/30 TO 09/30

DEGREE_DAYS
HEATING TOTAL      21                65     -44       18
 SINCE 7/1         21                67     -46       21
COOLING TOTAL     220               159      61      262
 SINCE 1/1       1517              1332     185     1337
.................................................................

WIND (MPH)
AVERAGE WIND SPEED              9.2
HIGHEST WIND SPEED/DIRECTION    24/190    DATE  09/07
HIGHEST GUST SPEED/DIRECTION    31/210    DATE  09/06

SKY COVER
POSSIBLE SUNSHINE (PERCENT)   MM
AVERAGE SKY COVER           0.40
NUMBER OF DAYS FAIR           14
NUMBER OF DAYS PC             11
NUMBER OF DAYS CLOUDY          5

AVERAGE RH (PERCENT)     70

WEATHER CONDITIONS. NUMBER OF DAYS WITH
THUNDERSTORM              0     MIXED PRECIP               0
HEAVY RAIN                6     RAIN                       7
LIGHT RAIN                8     FREEZING RAIN              0
LT FREEZING RAIN          0     HAIL                       0
HEAVY SNOW                0     SNOW                       0
LIGHT SNOW                0     SLEET                      0
FOG                      10     FOG W/VIS <= 1/4 MILE      1
HAZE                      8

-  INDICATES NEGATIVE NUMBERS.
R  INDICATES RECORD WAS SET OR TIED.
MM INDICATES DATA IS MISSING.
T  INDICATES TRACE AMOUNT.

$$
