626
CXUS42 KFFC 011406
CLMMCN


CLIMATE REPORT
NATIONAL WEATHER SERVICE PEACHTREE CITY GA
906 AM EST THU FEB 1 2018

...................................

...THE MACON CLIMATE SUMMARY FOR THE MONTH OF JANUARY 2018...

CLIMATE NORMAL PERIOD 1981 TO 2010
CLIMATE RECORD PERIOD 1899 TO 2018

WEATHER         OBSERVED          NORMAL  DEPART  LAST YEAR`S
                 VALUE   DATE(S)  VALUE   FROM    VALUE  DATE(S)
                                          NORMAL
................................................................
TEMPERATURE (F)
RECORD
 HIGH              88   01/02/1915
 LOW               -6   01/21/1985
HIGHEST            71   01/21        80      -9       78  01/13
LOWEST             16   01/02        -6      22       21  01/08
AVG. MAXIMUM     56.4              57.8    -1.4     65.2
AVG. MINIMUM     30.5              34.8    -4.3     42.7
MEAN             43.4              46.3    -2.9     53.9
DAYS MAX >= 90      0               0.0     0.0        0
DAYS MAX <= 32      0               0.2    -0.2        0
DAYS MIN <= 32     21              13.6     7.4        5
DAYS MIN <= 0       0               0.0     0.0        0

PRECIPITATION (INCHES)
RECORD
 MAXIMUM        13.22   1925
 MINIMUM         0.59   1928
TOTALS           2.14              4.24   -2.10
DAILY AVG.       0.07              0.14   -0.07     0.36
DAYS >= .01         8              10.1    -2.1       10
DAYS >= .10         3               6.7    -3.7        8
DAYS >= .50         2               3.1    -1.1        5
DAYS >= 1.00        1               1.2    -0.2        5
GREATEST
 24 HR. TOTAL    1.20   01/28 TO 01/28           01/01 TO 01/02
                                                          01/31 TO 01/31
                                                          01/31 TO 01/31

SNOWFALL (INCHES)
RECORDS
 TOTAL              T   2016
                        2005
 24 HR TOTAL        T   01/23/2016 TO 01/23/2016
                        01/28/2005 TO 01/28/2005
 SNOW DEPTH         0   MM
TOTALS            1.0R              0.4     0.6      0.0
SINCE 7/1         1.0               0.5     0.5      0.0
SNOWDEPTH AVG.      0                MM      MM        0
DAYS >= TRACE       1               0.3     0.7        0
DAYS >= 1.0         1               0.3     0.7        0
GREATEST
 24 HR TOTAL      1.0R  01/17 TO 01/17           01/31 TO 01/31
                                                          01/31 TO 01/31
                                                          01/31 TO 01/31

DEGREE_DAYS
HEATING TOTAL     662               580      82      342
 SINCE 7/1       1476              1505     -29      975
COOLING TOTAL       0                 1      -1        4
 SINCE 1/1          0                 0       0        4
..................................................

WIND (MPH)
AVERAGE WIND SPEED              6.8
HIGHEST WIND SPEED/DIRECTION    23/310    DATE  01/12
HIGHEST GUST SPEED/DIRECTION    30/300    DATE  01/17

SKY COVER
POSSIBLE SUNSHINE (PERCENT)   MM
AVERAGE SKY COVER           0.30
NUMBER OF DAYS FAIR           19
NUMBER OF DAYS PC              8
NUMBER OF DAYS CLOUDY          4

AVERAGE RH (PERCENT)     63

WEATHER CONDITIONS. NUMBER OF DAYS WITH
THUNDERSTORM              0     MIXED PRECIP               0
HEAVY RAIN                2     RAIN                       3
LIGHT RAIN                7     FREEZING RAIN              0
LT FREEZING RAIN          0     HAIL                       0
HEAVY SNOW                0     SNOW                       0
LIGHT SNOW                1     SLEET                      0
FOG                       6     FOG W/VIS <= 1/4 MILE      1
HAZE                      0

-  INDICATES NEGATIVE NUMBERS.
R  INDICATES RECORD WAS SET OR TIED.
MM INDICATES DATA IS MISSING.
T  INDICATES TRACE AMOUNT.

$$
