000
CXUS51 KCTP 010918
CLMMDT

CLIMATE REPORT
NATIONAL WEATHER SERVICE STATE COLLEGE PA

417 AM EST THU DEC 1 2016

...................................

...THE HARRISBURG PA CLIMATE SUMMARY FOR THE MONTH OF NOVEMBER 2016...

CLIMATE NORMAL PERIOD 1981 TO 2010
CLIMATE RECORD PERIOD 1888 TO 2016

WEATHER         OBSERVED          NORMAL  DEPART  LAST YEAR`S
                 VALUE   DATE(S)  VALUE   FROM    VALUE  DATE(S)
                                          NORMAL
................................................................
TEMPERATURE (F)
RECORD
 HIGH              84   11/01/1950
 LOW               10   11/30/1929
HIGHEST            71   11/03                         76  11/06
LOWEST             26   11/23                         27  11/25
                        11/14                             11/23
AVG. MAXIMUM     57.2              53.1     4.1     59.2
AVG. MINIMUM     36.3              35.1     1.2     39.7
MEAN             46.8              44.1     2.7     49.5
DAYS MAX >= 90      0               0.0     0.0        0
DAYS MAX <= 32      0               0.2    -0.2        0
DAYS MIN <= 32      6              10.8    -4.8        9
DAYS MIN <= 0       0               0.0     0.0        0

PRECIPITATION (INCHES)
RECORD
 MAXIMUM         7.20   1972
 MINIMUM         0.41   1909
TOTALS           2.16              3.23   -1.07     0.89
DAILY AVG.       0.07              0.11   -0.04     0.03
DAYS >= .01         6               9.0    -3.0        7
DAYS >= .10         4               5.8    -1.8        3
DAYS >= .50         2               2.2    -0.2        0
DAYS >= 1.00        0               0.7    -0.7        0
GREATEST
 24 HR. TOTAL    0.94   11/29 TO 11/29


SNOWFALL (INCHES)
RECORDS
 TOTAL           15.4   1953
TOTALS              T               0.6    -0.6      0.0
SINCE 7/1           T               0.6    -0.6      0.0
SNOWDEPTH AVG.      0                MM      MM        0
DAYS >= 1.0         0               0.2    -0.2        0
GREATEST
 SNOW DEPTH         0   MM
 24 HR TOTAL        T   11/20 TO 11/20

DEGREE_DAYS
HEATING TOTAL     539               627     -88      463
 SINCE 7/1        786              1039    -253      775
COOLING TOTAL       0                 0       0        4
 SINCE 1/1       1515              1002     513     1334
.................................................

WIND (MPH)
AVERAGE WIND SPEED              6.2
HIGHEST WIND SPEED/DIRECTION    39/300    DATE  11/21
HIGHEST GUST SPEED/DIRECTION    55/300    DATE  11/21

SKY COVER
POSSIBLE SUNSHINE (PERCENT)   MM
AVERAGE SKY COVER           0.50
NUMBER OF DAYS FAIR            8
NUMBER OF DAYS PC             14
NUMBER OF DAYS CLOUDY          8

AVERAGE RH (PERCENT)     69

WEATHER CONDITIONS. NUMBER OF DAYS WITH
THUNDERSTORM              0     MIXED PRECIP               0
HEAVY RAIN                2     RAIN                       4
LIGHT RAIN                9     FREEZING RAIN              0
LT FREEZING RAIN          0     HAIL                       0
HEAVY SNOW                0     SNOW                       0
LIGHT SNOW                1     SLEET                      1
FOG                       8     FOG W/VIS <= 1/4 MILE      2
HAZE                      3

-  INDICATES NEGATIVE NUMBERS.
R  INDICATES RECORD WAS SET OR TIED.
MM INDICATES DATA IS MISSING.
T  INDICATES TRACE AMOUNT.

$$

LA CORTE
