000
CXUS54 KMEG 020039
CLMMEM


CLIMATE REPORT
NATIONAL WEATHER SERVICE MEMPHIS TN
736 PM CDT TUE SEP 1 2015

...................................

...THE MEMPHIS CLIMATE SUMMARY FOR THE MONTH OF AUGUST 2015...

CLIMATE NORMAL PERIOD 1981 TO 2010
CLIMATE RECORD PERIOD 1872 TO 2015

WEATHER         OBSERVED          NORMAL  DEPART  LAST YEAR`S
                 VALUE   DATE(S)  VALUE   FROM    VALUE  DATE(S)
                                          NORMAL
................................................................
TEMPERATURE (F)
RECORD
 HIGH             107   08/30/2000
 LOW               48   08/31/1946
HIGHEST            98   08/04        91       7      100  08/24
                        08/03
LOWEST             61   08/26        71     -10       63  08/14
                        08/25
AVG. MAXIMUM     90.4              91.3    -0.9     91.7
AVG. MINIMUM     71.0              72.7    -1.7     73.4
MEAN             80.7              82.0    -1.3     82.5
DAYS MAX >= 90     18              19.2    -1.2       23
DAYS MAX <= 32      0               0.0     0.0        0
DAYS MIN <= 32      0               0.0     0.0        0
DAYS MIN <= 0       0               0.0     0.0        0

PRECIPITATION (INCHES)
RECORD
 MAXIMUM        10.60   1915
 MINIMUM         0.40   1936
TOTALS           4.11              2.88    1.23     1.80
DAILY AVG.       0.13              0.09    0.04     0.06
DAYS >= .01         6               6.8    -0.8        8
DAYS >= .10         6               4.2     1.8        5
DAYS >= .50         3               1.9     1.1        1
DAYS >= 1.00        1               0.9     0.1        0
GREATEST
 24 HR. TOTAL    2.73   08/05 TO 08/06

SNOWFALL (INCHES)
RECORDS
 TOTAL            0.0   2002
                        2001
                        2000
TOTALS            0.0               0.0     0.0      0.0
SINCE 7/1         0.0               0.0     0.0      0.0
SNOWDEPTH AVG.      0                MM      MM        0
DAYS >= 1.0         0               0.0     0.0        0
GREATEST
 SNOW DEPTH         0   MM                             0  MM
 24 HR TOTAL      0.0   08/31 TO 08/31

DEGREE_DAYS
HEATING TOTAL       0                 0       0        0
 SINCE 7/1          0                 0       0        0
COOLING TOTAL     495               527     -32      551
 SINCE 1/1       1939              1835     104     1706
.................................................................

WIND (MPH)
AVERAGE WIND SPEED              6.0
HIGHEST WIND SPEED/DIRECTION    33/310    DATE  08/05
HIGHEST GUST SPEED/DIRECTION    45/310    DATE  08/05

SKY COVER
POSSIBLE SUNSHINE (PERCENT)   MM
AVERAGE SKY COVER           0.50
NUMBER OF DAYS FAIR           10
NUMBER OF DAYS PC             16
NUMBER OF DAYS CLOUDY          5

AVERAGE RH (PERCENT)     65

WEATHER CONDITIONS. NUMBER OF DAYS WITH
THUNDERSTORM              0     MIXED PRECIP               0
HEAVY RAIN                4     RAIN                       6
LIGHT RAIN                8     FREEZING RAIN              0
LT FREEZING RAIN          0     HAIL                       0
HEAVY SNOW                0     SNOW                       0
LIGHT SNOW                0     SLEET                      0
FOG                       7     FOG W/VIS <= 1/4 MILE      0
HAZE                      1

-  INDICATES NEGATIVE NUMBERS.
R  INDICATES RECORD WAS SET OR TIED.
MM INDICATES DATA IS MISSING.
T  INDICATES TRACE AMOUNT.

$$
