000
CXUS44 KBRO 011532
CLMMFE


CLIMATE REPORT
NATIONAL WEATHER SERVICE BROWNSVILLE TX
1027 AM CDT SAT AUG 1 2015

...................................

...THE MCALLEN CLIMATE SUMMARY FOR THE MONTH OF JULY 2015...

CLIMATE NORMAL PERIOD 1981 TO 2010
CLIMATE RECORD PERIOD 1941 TO 2015

WEATHER         OBSERVED          NORMAL  DEPART  LAST YEAR`S
                 VALUE   DATE(S)  VALUE   FROM    VALUE  DATE(S)
                                          NORMAL
................................................................
TEMPERATURE (F)
HIGHEST           105   07/26       101       4      104  07/30
LOWEST             73   07/01        71       2       72  07/10
AVG. MAXIMUM     99.1              97.1     2.0
AVG. MINIMUM     79.2              76.4     2.8
MEAN             89.1              86.7     2.4     87.7
DAYS MAX >= 90     30              29.2     0.8
DAYS MAX <= 32      0               0.0     0.0
DAYS MIN <= 32      0               0.0     0.0
DAYS MIN <= 0       0               0.0     0.0

PRECIPITATION (INCHES)
TOTALS           0.25              2.00   -1.75     0.60
DAILY AVG.       0.01              0.06   -0.05     0.02
DAYS >= .01         1               5.5    -4.5        3
DAYS >= .10         1               3.2    -2.2        2
DAYS >= .50         0               1.3    -1.3        0
DAYS >= 1.00        0               0.6    -0.6        0
GREATEST
 24 HR. TOTAL    0.26   06/30 TO 07/01           07/04 TO 07/05
                                                 07/31 TO 07/31
                                                 07/31 TO 07/31
DEGREE_DAYS
HEATING TOTAL       0                 0       0        0
 SINCE 7/1          0                 0       0        0
COOLING TOTAL     753               674      79      712
 SINCE 1/1       2639              2557      82     2438
..................................................

WIND (MPH)
AVERAGE WIND SPEED              13.5
HIGHEST WIND SPEED/DIRECTION    29/130    DATE  07/09
HIGHEST GUST SPEED/DIRECTION    37/150    DATE  07/07

SKY COVER
POSSIBLE SUNSHINE (PERCENT)   MM
AVERAGE SKY COVER           0.30
NUMBER OF DAYS FAIR           22
NUMBER OF DAYS PC              8
NUMBER OF DAYS CLOUDY          0

AVERAGE RH (PERCENT)     63

WEATHER CONDITIONS. NUMBER OF DAYS WITH
THUNDERSTORM              0     MIXED PRECIP               0
HEAVY RAIN                1     RAIN                       2
LIGHT RAIN                4     FREEZING RAIN              0
LT FREEZING RAIN          0     HAIL                       0
HEAVY SNOW                0     SNOW                       0
LIGHT SNOW                0     SLEET                      0
FOG                      12     FOG W/VIS <= 1/4 MILE      0
HAZE                     20

-  INDICATES NEGATIVE NUMBERS.
R  INDICATES RECORD WAS SET OR TIED.
MM INDICATES DATA IS MISSING.
T  INDICATES TRACE AMOUNT.

$$
