206
CXUS56 KMFR 011003
CLMMFR

CLIMATE REPORT
NATIONAL WEATHER SERVICE MEDFORD, OR
300 AM PDT FRI MAY 1 2015

...................................

...THE MEDFORD OR CLIMATE SUMMARY FOR THE MONTH OF APRIL 2015...

CLIMATE NORMAL PERIOD 1981 TO 2010
CLIMATE RECORD PERIOD 1911 TO 2015

WEATHER         OBSERVED          NORMAL  DEPART  LAST YEAR`S
                 VALUE   DATE(S)  VALUE   FROM    VALUE  DATE(S)
                                          NORMAL
................................................................
TEMPERATURE (F)
RECORD
 HIGH              96   04/28/1998
                        04/28/1957
                        04/28/1926
 LOW               21   04/01/1936
HIGHEST            87   04/27                         92  04/30
LOWEST             32   04/02                         35  04/01
AVG. MAXIMUM     67.5              64.9     2.6     69.6
AVG. MINIMUM     39.9              40.8    -0.9     42.8
MEAN             53.7              52.8     0.9     56.2
DAYS MAX >= 90      0               0.1    -0.1        1
DAYS MAX <= 32      0               0.0     0.0        0
DAYS MIN <= 32      1               1.7    -0.7        0
DAYS MIN <= 0       0               0.0     0.0        0

PRECIPITATION (INCHES)
RECORD
 MAXIMUM         4.40   1912
TOTALS           0.60              1.38   -0.78     0.82
DAILY AVG.       0.02              0.05   -0.03     0.03
DAYS >= .01         8              10.6    -2.6       10
DAYS >= .10         4               4.8    -0.8        2
DAYS >= .50         0               0.4    -0.4        0
DAYS >= 1.00        0               0.0     0.0        0
GREATEST
 24 HR. TOTAL    0.17   04/24 TO 04/25

SNOWFALL (INCHES)
RECORDS
 TOTAL            4.2   1953
TOTALS            0.0               0.0     0.0      0.0
SINCE 7/1           T               4.1    -4.1      3.4

DEGREE_DAYS
HEATING TOTAL     334               367     -33      259
 SINCE 7/1       3129              3999    -870     4050
COOLING TOTAL       0                 3      -3        4
 SINCE 1/1          0                 3      -3        4

FREEZE DATES
RECORD
 EARLIEST     09/13/1921
 LATEST       06/12/1952
EARLIEST                        10/18
LATEST                          04/29
.................................................................

WIND (MPH)
AVERAGE WIND SPEED              4.3
HIGHEST WIND SPEED/DIRECTION    31/300    DATE  04/13
HIGHEST GUST SPEED/DIRECTION    40/310    DATE  04/13

SKY COVER
POSSIBLE SUNSHINE (PERCENT)   MM
AVERAGE SKY COVER           0.40
NUMBER OF DAYS FAIR           15
NUMBER OF DAYS PC             12
NUMBER OF DAYS CLOUDY          4

AVERAGE RH (PERCENT)     59

WEATHER CONDITIONS. NUMBER OF DAYS WITH
THUNDERSTORM              0     MIXED PRECIP               0
HEAVY RAIN                0     RAIN                       2
LIGHT RAIN               10     FREEZING RAIN              0
LT FREEZING RAIN          0     HAIL                       0
HEAVY SNOW                0     SNOW                       0
LIGHT SNOW                0     SLEET                      0
FOG                       4     FOG W/VIS <= 1/4 MILE      0
HAZE                      2

-  INDICATES NEGATIVE NUMBERS.
R  INDICATES RECORD WAS SET OR TIED.
MM INDICATES DATA IS MISSING.
T  INDICATES TRACE AMOUNT.

&&

APRIL 2015 WAS CHARACTERIZED BY THE TYPICAL SHARP SWINGS IN WEATHER THAT COME
WITH SPRING. TEMPERATURES REMAINED ON THE COOLER SIDE OF NORMAL AS THE ACTIVE
PATTERN FROM MARCH CONTINUED INTO THE MIDDLE OF APRIL. A FAIRLY STRONG COLD
FRONT MOVED THROUGH THE AREA ON THE 7TH. WHILE MEDFORD ONLY RECEIVED RAIN WITH
THIS SYSTEM, OTHER LOCATIONS WITHIN THE COUNTY WARNING AREA, SUCH AS SISKIYOU
COUNTY, RECEIVED SIGNIFICANT SNOW. THIS INCLUDED LOWER ELEVATIONS THAT HAVEN`T
RECEIVED THAT MUCH SNOW IN A FEW WINTERS. ANOTHER STRONG COLD FRONT PASSED
THROUGH ON THE 13TH BRINGING STRONG GUSTY WINDS TO THE ROGUE VALLEY AND A SHARP
DROP IN TEMPERATURE; ABOUT 10-15 DEGREES IN JUST AN HOUR. AFTER THIS FRONT,
TEMPERATURES WARMED SIGNIFICANTLY AS HIGH PRESSURE SETTLED OVER THE REGION.
ALTHOUGH NO RECORDS WERE BROKEN, HIGH TEMPERATURES REACHED AS MUCH AS 15-20
DEGREES ABOVE NORMAL ACROSS THE AREA. THE LAST FRONT TO MOVE THROUGH DURING
APRIL WAS FAIRLY DRY, BUT DID MANAGE TO KNOCK TEMPERATURES DOWN TO NEAR NORMAL
VALUES IN MEDFORD FOR A FEW DAYS. HIGH PRESSURE MOVED IN TO FINISH APRIL OFF
WARMER THAN NORMAL, WITH THE WARMEST DAY OF THE YEAR SO FAR OCCURRING ON THE
27TH; 87 DEGREES WAS RECORDED AT THE MEDFORD AIRPORT.

$$
