000
CXUS54 KBMX 021612
CLMMGM


CLIMATE REPORT
NATIONAL WEATHER SERVICE BIRMINGHAM, AL
1058 AM CDT THU NOV 2 2017

...................................

...THE MONTGOMERY CLIMATE SUMMARY FOR THE MONTH OF OCTOBER 2017...

CLIMATE NORMAL PERIOD 1981 TO 2010
CLIMATE RECORD PERIOD 1872 TO 2017

WEATHER         OBSERVED          NORMAL  DEPART  LAST YEAR`S
                 VALUE   DATE(S)  VALUE   FROM    VALUE  DATE(S)
                                          NORMAL
................................................................
TEMPERATURE (F)
RECORD
 HIGH             100   10/06/1954
 LOW               26   10/30/1952
HIGHEST            92   10/13        MM      MM       92  10/18
                        10/11                             10/08
                                                          10/04
LOWEST             35   10/30        MM      MM       39  10/23
AVG. MAXIMUM     80.7              78.3     2.4     86.8
AVG. MINIMUM     58.4              53.5     4.9     56.5
MEAN             69.5                               71.6
DAYS MAX >= 90      4               1.0     3.0       10
DAYS MAX <= 32      0               0.0     0.0        0
DAYS MIN <= 32      0               0.2    -0.2        0
DAYS MIN <= 0       0               0.0     0.0        0

PRECIPITATION (INCHES)
RECORD
 MAXIMUM        10.29   1879
 MINIMUM         0.00   1904
TOTALS           5.64              2.92    2.72     0.12
DAILY AVG.       0.18              0.09    0.09     0.00
DAYS >= .01         8               6.7     1.3        1
DAYS >= .10         6               4.1     1.9        1
DAYS >= .50         3               2.4     0.6        0
DAYS >= 1.00        2               0.9     1.1        0

DEGREE_DAYS
HEATING TOTAL      69                87     -18       12
 SINCE 7/1         70                91     -21       12
COOLING TOTAL     220               115     105      224
 SINCE 1/1       2782              2245     537     2972
.................................................................

WIND (MPH)
AVERAGE WIND SPEED              6.8
HIGHEST WIND SPEED/DIRECTION    28/090    DATE  10/08
HIGHEST GUST SPEED/DIRECTION    34/080    DATE  10/08

AVERAGE RH (PERCENT)     63

WEATHER CONDITIONS. NUMBER OF DAYS WITH
THUNDERSTORM              0     MIXED PRECIP               0
HEAVY RAIN                5     RAIN                       5
LIGHT RAIN                9     FREEZING RAIN              0
LT FREEZING RAIN          0     HAIL                       0
HEAVY SNOW                0     SNOW                       0
LIGHT SNOW                0     SLEET                      0
FOG                       9     FOG W/VIS <= 1/4 MILE      1
HAZE                      7

-  INDICATES NEGATIVE NUMBERS.
R  INDICATES RECORD WAS SET OR TIED.
MM INDICATES DATA IS MISSING.
T  INDICATES TRACE AMOUNT.

$$
