865
CXUS52 KMLB 011730 CCA
CLMMLB

CLIMATE REPORT - CORRECTED
NATIONAL WEATHER SERVICE MELBOURNE FL
1230 PM EST FRI DEC 1 2017

...................................

...THE MELBOURNE CLIMATE SUMMARY FOR THE MONTH OF NOVEMBER 2017...

CLIMATE NORMAL PERIOD 1981 TO 2010
CLIMATE RECORD PERIOD 1939 TO 2017

WEATHER         OBSERVED          NORMAL  DEPART  LAST YEAR`S
                 VALUE   DATE(S)  VALUE   FROM    VALUE  DATE(S)
                                          NORMAL
................................................................
TEMPERATURE (F)
MONTHLY RECORD
 HOTTEST         76.1   2015
 COLDEST         62.7   1970
DAILY RECORD
 HIGH              91   11/05/1992
                        11/10/1979
 LOW               30   11/29/1966
                        11/16/1940
NOVEMBER 2017
HIGHEST            85   11/19                         84
                        11/06
                        11/05
LOWEST             52   11/20                         43
AVG. MAXIMUM     80.8              78.5     2.3     78.8
AVG. MINIMUM     65.3              59.5     5.8     60.9
MEAN             73.1              69.0     4.1     69.8
DAYS MAX >= 90      0               0.1    -0.1        0
DAYS MAX <= 32      0               0.0     0.0        0
DAYS MIN <= 32      0               0.0     0.0        0
DAYS MIN <= 0       0               0.0     0.0        0

PRECIPITATION (INCHES)
MONTHLY RECORD
 MAXIMUM         9.72   1963
 MINIMUM         0.00   1986
DAILY RECORD
 MAXIMUM         5.45   11/29/1977
NOVEMBER 2017
TOTALS           2.59              2.88   -0.29     0.27
DAYS >= .01         6               8.5    -2.5        5
DAYS >= .10         4               4.1    -0.1        1
DAYS >= .50         2               1.3     0.7        0
DAYS >= 1.00        2               0.6     1.4        0
GREATEST
 24 HR. TOTAL    1.29   11/23 TO 11/23

SNOWFALL (INCHES)
TOTALS            0.0               0.0     0.0      0.0
SINCE 7/1         0.0               0.0     0.0      0.0
DAYS >= TRACE       0                                  0

DEGREE_DAYS
HEATING TOTAL       0                38     -38       19
 SINCE 7/1         13                42     -29       19
COOLING TOTAL     250               158      92      171
 SINCE 1/1       4086              3195     891     3728
.................................................................

WIND (MPH)
AVERAGE WIND SPEED              9.2
HIGHEST WIND SPEED/DIRECTION    26/070    DATE  11/12
HIGHEST GUST SPEED/DIRECTION    34/060    DATE  11/11

SKY COVER
POSSIBLE SUNSHINE (PERCENT)   MM
AVERAGE SKY COVER           0.40
NUMBER OF DAYS FAIR           16
NUMBER OF DAYS PC             12
NUMBER OF DAYS CLOUDY          2

AVERAGE RH (PERCENT)     76

WEATHER CONDITIONS. NUMBER OF DAYS WITH
THUNDERSTORM              2     MIXED PRECIP               0
HEAVY RAIN                3     RAIN                       2
LIGHT RAIN               12     LT FREEZING RAIN           0
HAIL                      0     LIGHT SNOW                 0
SLEET                     0     FOG                       17
FOG W/VIS <= 1/4 MILE     4     HAZE                       4

-  INDICATES NEGATIVE NUMBERS.
R  INDICATES RECORD WAS SET OR TIED.
MM INDICATES DATA IS MISSING.
T  INDICATES TRACE AMOUNT.

================================================================

...THE MELBOURNE CLIMATE SUMMARY FOR THE FALL SEASON, FROM
9/1/2017 TO 11/30/2017...

CLIMATE NORMAL PERIOD 1981 TO 2010
CLIMATE RECORD PERIOD 1939 TO 2017

WEATHER         OBSERVED          NORMAL  DEPART  LAST YEAR`S
                 VALUE   DATE(S)  VALUE   FROM    VALUE  DATE(S)
                                          NORMAL
................................................................
TEMPERATURE (F)
FALL RECORDS
 WARMEST         78.4   2015
 COOLEST         71.8   1968
DAILY RECORD
 HIGH              98   09/01/1972
 LOW               30   11/29/1966
                        11/16/1940
FALL 2017
HIGHEST            93   09/06                         92
                        09/01
LOWEST             47   10/30                         43
AVG. MAXIMUM     84.5              83.7     0.8     83.7
AVG. MINIMUM     71.0              66.7     4.3     69.1
MEAN             77.8              75.2     2.6     76.4
DAYS MAX >= 90     14              10.2     3.8        9
DAYS MAX <= 32      0               0.0     0.0        0
DAYS MIN <= 32      0               0.0     0.0        0
DAYS MIN <= 0       0               0.0                0

PRECIPITATION (INCHES)
FALL RECORDS
 MAXIMUM        36.97   2017
 MINIMUM         5.18   1942
FALL 2017
TOTALS          36.97R            15.58   21.39    20.76
DAYS >= .01        40              33.2     6.8       37
DAYS >= .10        26              20.2     5.8       21
DAYS >= .50        15               8.8     6.2       12
DAYS >= 1.00       11               4.5     6.5        6
GREATEST
 24 HR. TOTAL   10.23   09/10 TO 09/10              3.58

SNOWFALL (INCHES)
TOTALS            0.0               0.0     0.0      0.0
SINCE 7/1         0.0                                0.0
SNOWDEPTH AVG.      0
DAYS >= TRACE       0                                  0

DEGREE_DAYS
HEATING TOTAL      13                42     -29       19
COOLING TOTAL    1198               969     229     1080
.................................................................

WIND (MPH)
AVERAGE WIND SPEED              9.7
HIGHEST WIND SPEED/DIRECTION    33/070    DATE  10/03
HIGHEST GUST SPEED/DIRECTION    45/070    DATE  10/03

SKY COVER
POSSIBLE SUNSHINE (PERCENT)   MM
AVERAGE SKY COVER           0.40
NUMBER OF DAYS FAIR           47
NUMBER OF DAYS PC             33
NUMBER OF DAYS CLOUDY          9

AVERAGE RH (PERCENT)     76

WEATHER CONDITIONS. NUMBER OF DAYS WITH
THUNDERSTORM             23     MIXED PRECIP               0
HEAVY RAIN               21     RAIN                      25
LIGHT RAIN               55     LT FREEZING RAIN           0
HAIL                      0     SLEET                      0
FOG                      42     FOG W/VIS <= 1/4 MILE      5
HAZE                     10

-  INDICATES NEGATIVE NUMBERS.
R  INDICATES RECORD WAS SET OR TIED.
MM INDICATES DATA IS MISSING.
T  INDICATES TRACE AMOUNT.

$$

RODRIGUEZ
