000
CXUS55 KBYZ 011100
CLMMLS


CLIMATE REPORT
NATIONAL WEATHER SERVICE BILLINGS MT
458 AM MDT FRI JUL 1 2016

...................................

...THE MILES CITY MT CLIMATE SUMMARY FOR THE MONTH OF JUNE 2016...

CLIMATE NORMAL PERIOD 1981 TO 2010
CLIMATE RECORD PERIOD 1937 TO 2016

WEATHER         OBSERVED          NORMAL  DEPART
                 VALUE   DATE(S)  VALUE   FROM
                                          NORMAL
................................................
TEMPERATURE (F)
HIGHEST            98   06/21
LOWEST             45   06/01
AVG. MAXIMUM     85.9              78.6     7.3
AVG. MINIMUM     56.3              52.6     3.7
MEAN             71.1              65.6     5.5
DAYS MAX >= 90     10
DAYS MAX <= 32      0
DAYS MIN <= 32      0
DAYS MIN <= 0       0

PRECIPITATION (INCHES)
TOTALS           0.69              2.51   -1.82
DAYS >= .01         6
DAYS >= .10         4
DAYS >= .50         0
DAYS >= 1.00        0
GREATEST
 24 HR. TOTAL    0.48   05/31 TO 06/01

DEGREE_DAYS
HEATING TOTAL       9                89     -80
 SINCE 7/1       6101              7638   -1537
COOLING TOTAL     199               107      92
 SINCE 1/1        223               127      96
.................................................

WIND (MPH)
AVERAGE WIND SPEED              10.5
HIGHEST WIND SPEED/DIRECTION    44/330    DATE  06/24
HIGHEST GUST SPEED/DIRECTION    57/340    DATE  06/24

AVERAGE RH (PERCENT)     51

WEATHER CONDITIONS. NUMBER OF DAYS WITH
THUNDERSTORM              8     MIXED PRECIP               0
HEAVY RAIN                2     RAIN                       2
LIGHT RAIN               11     FREEZING RAIN              0
LT FREEZING RAIN          0     HAIL                       0
HEAVY SNOW                0     SNOW                       0
LIGHT SNOW                0     SLEET                      0
FOG                       2     FOG W/VIS <= 1/4 MILE      0
HAZE                      3

-  INDICATES NEGATIVE NUMBERS.
R  INDICATES RECORD WAS SET OR TIED.
MM INDICATES DATA IS MISSING.
T  INDICATES TRACE AMOUNT.

&&

THIS IS AN AUTOMATED...UNATTENDED WEATHER STATION AND MAY
UNDERESTIMATE WINTER PRECIPITATION.

...JUNE 2016 MONTH IN REVIEW FOR MILES CITY...

BELOW IS A SUMMARY OF THE TEMPERATURE AND PRECIPITATION
STATISTICS FOR MILES CITY FOR JUNE 2016. ALL TEMPERATURES ARE IN
DEGREES FAHRENHEIT AND ALL PRECIPITATION AMOUNTS ARE IN INCHES. NORMALS
ARE 30 YEAR AVERAGES CALCULATED FROM 1981 TO 2010. MONTHLY RANKINGS
FOR PRECIPITATION...SNOWFALL...AND TEMPERATURES USE A PERIOD OF RECORD
THAT STARTED IN FEBRUARY 1937 AT THE MILES CITY AIRPORT.

NUMBERS DENOTED WITH AN * IS MISSING DATA IN THE CALCULATION.

...MILES CITY MONTHLY PRECIPITATION...

 MONTH   2016 VALUES  NORMALS    DEPARTURE  RANKING

JUNE         0.69     2.51       -1.82      3RD DRIEST OUT OF 80 YEARS
                                            (RECORD DRIEST WAS 0.36 IN 2012)
                                            (DRIEST SINCE 0.36 IN 2012)

...MILES CITY JUNE 2016 BROKEN OR TIED DAILY PRECIPITATION RECORDS...

NONE

NOTE: SINCE THE LATE 1990S...MILES CITY BECAME AN AUTOMATED AND UNATTENDED
WEATHER STATION. PRECIPITATION AMOUNTS IN THE WINTER MAY BE UNDERESTIMATED.

...MILES CITY AVERAGE TEMPERATURES...

 MONTH   2016 VALUES  NORMALS   DEPARTURE  RANKING

JUNE         71.1      65.6      +5.5      TIED FOR THE 5TH WARMEST OUT OF 80 YEARS
                                           (RECORD WARMEST WAS 78.9 IN 1988)
                                           (WARMEST SINCE 71.3 IN 1997)

...MILES CITY AVERAGE HIGH TEMPERATURES...

 MONTH   2016 VALUES  NORMALS   DEPARTURE  RANKING

JUNE         85.9      78.6      +7.3      5TH WARMEST OUT OF 80 YEARS
                                           (RECORD WARMEST WAS 93.4 IN 1988)
                                           (WARMEST SINCE 86.3 IN 2012)

...MILES CITY JUNE 2016 BROKEN OR TIED WARMEST DAILY HIGH TEMPERATURE RECORDS...

NONE

...MILES CITY JUNE 2016 BROKEN OR TIED COLDEST DAILY HIGH TEMPERATURE RECORDS...

NONE

...MILES CITY AVERAGE LOW TEMPERATURES...

 MONTH   2016 VALUES  NORMALS   DEPARTURE  RANKING

JUNE         56.3      52.6      +3.7      TIED FOR THE 9TH WARMEST OUT OF 80 YEARS
                                           (RECORD WARMEST WAS 64.4 IN 1988)
                                           (WARMEST SINCE 56.3 IN 2015)

...MILES CITY JUNE 2016 BROKEN OR TIED WARMEST DAILY LOW TEMPERATURE RECORDS...

NONE

...MILES CITY JUNE 2016 BROKEN OR TIED COLDEST DAILY LOW TEMPERATURE RECORDS...

NONE

$$
