000
CXUS56 KPQR 011426
CLMMMV


CLIMATE REPORT
NATIONAL WEATHER SERVICE PORTLAND OREGON
726 AM PDT TUE AUG 1 2017

...................................

...THE MCMINNVILLE OR CLIMATE SUMMARY FOR THE MONTH OF JULY 2017...

CLIMATE NORMAL PERIOD 1981 TO 2010
CLIMATE RECORD PERIOD 1894 TO 2017

WEATHER         OBSERVED          NORMAL  DEPART  LAST YEAR`S
                 VALUE   DATE(S)  VALUE   FROM    VALUE  DATE(S)
                                          NORMAL
................................................................
TEMPERATURE (F)
HIGHEST            94                                 97  07/29
LOWEST             46                                 46  07/15
AVG. MAXIMUM     85.2              81.4     3.8     80.1
AVG. MINIMUM     51.6              50.8     0.8     54.0
MEAN             68.4              66.1     2.3     67.1
DAYS MAX >= 90      8               4.5     3.5        3
DAYS MAX <= 32      0               0.0     0.0        0
DAYS MIN <= 32      0               0.0     0.0        0
DAYS MIN <= 0       0               0.0     0.0        0

PRECIPITATION (INCHES)
RECORD
 MAXIMUM         2.22   1983
 MINIMUM         0.00   1994
                        1988
                        1984
TOTALS           0.01              0.50   -0.49     0.35
DAYS >= .01         1                MM      MM        5
DAYS >= .10         0                MM      MM        2
DAYS >= .50         0                MM      MM        0
DAYS >= 1.00        0                MM      MM        0
GREATEST
 24 HR. TOTAL    0.01   07/20 TO 07/20

DEGREE_DAYS
HEATING TOTAL       5                44     -39       17
 SINCE 7/1          5                44     -39       17
COOLING TOTAL     118                78      40       89
 SINCE 1/1        198               100      98      180
.................................................................

WIND (MPH)
AVERAGE WIND SPEED              5.8
RESULTANT WIND SPEED/DIRECTION   2/304
HIGHEST WIND SPEED/DIRECTION    22/230    DATE  07/05
HIGHEST GUST SPEED/DIRECTION    28/210    DATE  07/27

SKY COVER
POSSIBLE SUNSHINE (PERCENT)   MM
AVERAGE SKY COVER           0.10

AVERAGE RH (PERCENT)     60

WEATHER CONDITIONS. NUMBER OF DAYS WITH
THUNDERSTORM              0     MIXED PRECIP               0
HEAVY RAIN                0     RAIN                       0
LIGHT RAIN                1     FREEZING RAIN              0
LT FREEZING RAIN          0     HAIL                       0
HEAVY SNOW                0     SNOW                       0
LIGHT SNOW                0     SLEET                      0
FOG                       2     FOG W/VIS <= 1/4 MILE      0
HAZE                      4

-  INDICATES NEGATIVE NUMBERS.
R  INDICATES RECORD WAS SET OR TIED.
MM INDICATES DATA IS MISSING.
T  INDICATES TRACE AMOUNT.

$$
