000
CXUS53 KLIX 021414
CLMNEW


CLIMATE REPORT
NATIONAL WEATHER SERVICE NEW ORLEANS
904 AM CDT WED SEP 2 2015

...................................

...THE NEW ORLEANS CLIMATE SUMMARY FOR THE MONTH OF AUGUST 2015...

CLIMATE NORMAL PERIOD 1981 TO 2010
CLIMATE RECORD PERIOD 1946 TO 2015

WEATHER         OBSERVED          NORMAL  DEPART  LAST YEAR`S
                 VALUE   DATE(S)  VALUE   FROM    VALUE  DATE(S)
                                          NORMAL
................................................................
TEMPERATURE (F)
RECORD
 HIGH             102   08/22/1980
 LOW               60   08/30/1968
HIGHEST            98   08/10        MM      MM       96  08/23
LOWEST             69   08/28        MM      MM       72  08/15
AVG. MAXIMUM     92.7              91.2     1.5     92.2
AVG. MINIMUM     77.1              75.3     1.8     76.5
MEAN             84.9              83.3     1.6     84.4
DAYS MAX >= 90     25              21.2     3.8       26
DAYS MAX <= 32      0               0.0     0.0        0
DAYS MIN <= 32      0               0.0     0.0        0
DAYS MIN <= 0       0               0.0     0.0        0

PRECIPITATION (INCHES)
RECORD
 MAXIMUM           MM   MM
 MINIMUM           MM   MM
TOTALS           3.28              5.98   -2.70     5.50
DAILY AVG.       0.11              0.19   -0.08     0.18
DAYS >= .01         8              13.1    -5.1       12
DAYS >= .10         6               8.7    -2.7        9
DAYS >= .50         3               3.7    -0.7        5
DAYS >= 1.00        0               1.7    -1.7        1
GREATEST
 24 HR. TOTAL    1.34   08/19 TO 08/20           08/30 TO 08/30
                                                          08/29 TO 08/30
                                                          08/30 TO 08/30

SNOWFALL (INCHES)
RECORDS
 TOTAL             MM   MM
 24 HR TOTAL       MM
 SNOW DEPTH        MM   MM
TOTALS            0.0               0.0     0.0      0.0
SINCE 7/1         0.0               0.0     0.0      0.0
SNOWDEPTH AVG.      0                MM      MM        0
DAYS >= TRACE       0               0.0     0.0        0
DAYS >= 1.0         0               0.0     0.0        0
GREATEST
 SNOW DEPTH         0   MM                             0  MM
 24 HR TOTAL      0.0   08/31 TO 08/31           08/31 TO 08/31
                                                          08/30 TO 08/30
                                                          08/30 TO 08/30

DEGREE_DAYS
HEATING TOTAL       0                 0       0        0
 SINCE 7/1          0                 0       0        0
COOLING TOTAL     625               566      59      607
 SINCE 1/1       2629              2246     383     2184
.................................................

WIND (MPH)
AVERAGE WIND SPEED              7.2
HIGHEST WIND SPEED/DIRECTION    26/080    DATE  08/08
HIGHEST GUST SPEED/DIRECTION    36/090    DATE  08/08

SKY COVER
POSSIBLE SUNSHINE (PERCENT)   MM
AVERAGE SKY COVER           0.50
NUMBER OF DAYS FAIR            8
NUMBER OF DAYS PC             20
NUMBER OF DAYS CLOUDY          3

AVERAGE RH (PERCENT)     64

WEATHER CONDITIONS. NUMBER OF DAYS WITH
THUNDERSTORM              0     MIXED PRECIP               0
HEAVY RAIN                2     RAIN                       4
LIGHT RAIN                7     FREEZING RAIN              0
LT FREEZING RAIN          0     HAIL                       0
HEAVY SNOW                0     SNOW                       0
LIGHT SNOW                0     SLEET                      0
FOG                       7     FOG W/VIS <= 1/4 MILE      0
HAZE                      0

-  INDICATES NEGATIVE NUMBERS.
R  INDICATES RECORD WAS SET OR TIED.
MM INDICATES DATA IS MISSING.
T  INDICATES TRACE AMOUNT.

$$
