000
CXUS51 KOKX 011652
CLMNYC

NYCCLMNYC 000
TTAA00 KOKX 011636


CLIMATE REPORT
NATIONAL WEATHER SERVICE NEW YORK NY
1152 AM EST THU JAN 1 2015

...................................

...THE CENTRAL PARK NY CLIMATE SUMMARY FOR THE MONTH OF DECEMBER 2014...

CLIMATE NORMAL PERIOD 1981 TO 2010
CLIMATE RECORD PERIOD 1869 TO 2014

WEATHER         OBSERVED          NORMAL  DEPART  LAST YEAR`S
                 VALUE   DATE(S)  VALUE   FROM    VALUE  DATE(S)
                                          NORMAL
................................................................
TEMPERATURE (F)
RECORD
 HIGH              75   12/07/1998
 LOW              -13   12/30/1917
HIGHEST            65   12/01        MM      MM       71  12/22
LOWEST             24   12/08        MM      MM       19  12/25
AVG. MAXIMUM     45.1              43.0     2.1     44.5
AVG. MINIMUM     35.9              32.0     3.9     32.6
MEAN             40.5              37.5     3.0     38.5
DAYS MAX >= 90      0               0.0     0.0        0
DAYS MAX <= 32      1               3.9    -2.9        4
DAYS MIN <= 32     10              14.2    -4.2       19
DAYS MIN <= 0       0               0.0     0.0        0

PRECIPITATION (INCHES)
RECORD
 MAXIMUM         9.98   1973
 MINIMUM         0.25   1955
TOTALS           6.04              4.00    2.04     4.85
DAILY AVG.       0.19              0.13    0.06     0.16
DAYS >= .01        16              10.6     5.4       12
DAYS >= .10         7               6.7     0.3        9
DAYS >= .50         4               2.9     1.1        5
DAYS >= 1.00        2               1.2     0.8        1
GREATEST
 24 HR. TOTAL    2.54   12/09 TO 12/09           12/14 TO 12/15

 STORM TOTAL       MM                                 MM
 (MM/DD(HH))            MM

SNOWFALL (INCHES)
TOTALS            1.0               4.8    -3.8      8.6
 LIQUID EQUIV    0.10              0.50   -0.40     0.86
SINCE 7/1         1.2               5.1    -3.9      8.6
 LIQUID 7/1      0.12              0.50   -0.38     0.86
SNOWDEPTH AVG.      0                MM      MM        1
DAYS >= TRACE       3               2.3     0.7        9
DAYS >= 1.0         1               1.0     0.0        3
GREATEST
 SNOW DEPTH         1   12/11                          4  12/18
 24 HR TOTAL      1.0   12/10 TO 12/10           12/14 TO 12/14

 STORM TOTAL       MM                                 MM
 (MM/DD(HH))            MM

DEGREE_DAYS
HEATING TOTAL     751               852    -101      815
 SINCE 7/1       1536              1685    -149     1623
COOLING TOTAL       0                 0       0        1
 SINCE 1/1       1128              1105      23     1272
.....................................................

WIND (MPH)
AVERAGE WIND SPEED              6.8
HIGHEST WIND SPEED/DIRECTION    25/030    DATE  12/07
HIGHEST GUST SPEED/DIRECTION    40/010    DATE  12/07

AVERAGE RH (PERCENT)     64

WEATHER CONDITIONS. NUMBER OF DAYS WITH
THUNDERSTORM              0     MIXED PRECIP               0
HEAVY RAIN                3     RAIN                       7
LIGHT RAIN               15     FREEZING RAIN              0
LT FREEZING RAIN          0     HAIL                       0
HEAVY SNOW                0     SNOW                       0
LIGHT SNOW                3     SLEET                      0
FOG                      13     FOG W/VIS <= 1/4 MILE      0
HAZE                     10

-  INDICATES NEGATIVE NUMBERS.
R  INDICATES RECORD WAS SET OR TIED.
MM INDICATES DATA IS MISSING.
T  INDICATES TRACE AMOUNT.

$$
