000
CXUS52 KCAE 011855
CLMOGB


CLIMATE REPORT
NATIONAL WEATHER SERVICE COLUMBIA SC
230 PM EDT FRI JUL 1 2016

...................................

...THE ORANGEBURG AIRPORT SC CLIMATE SUMMARY FOR THE MONTH OF JUNE 2016...

CLIMATE NORMAL PERIOD 1981 TO 2010
CLIMATE RECORD PERIOD 9999 TO 9999

WEATHER         OBSERVED          NORMAL  DEPART
                 VALUE   DATE(S)  VALUE   FROM
                                          NORMAL
................................................
TEMPERATURE (F)
HIGHEST           100   06/17        MM      MM
LOWEST             62   06/20        MM      MM
AVG. MAXIMUM     91.7  %           88.9     2.8  %
AVG. MINIMUM     70.7  %           67.6     3.1  %
MEAN             81.2  %           78.3     2.9  %
DAYS MAX >= 90     21              12.8     8.2
DAYS MAX <= 32      0               0.0     0.0
DAYS MIN <= 32      0               0.0     0.0
DAYS MIN <= 0       0               0.0     0.0

PRECIPITATION (INCHES)
TOTALS           1.28  #           5.12   -3.84  #
DAYS >= .01         7                MM      MM
DAYS >= .10         1                MM      MM
DAYS >= .50         1                MM      MM
DAYS >= 1.00        0                MM      MM
GREATEST
 24 HR. TOTAL    0.99   06/05 TO 06/06

SNOWFALL (INCHES)
DAYS >= TRACE       0

DEGREE_DAYS
HEATING TOTAL       0                 1      -1
 SINCE 7/1       1629              2333    -704
COOLING TOTAL     475               398      77
 SINCE 1/1        870               701     169
.................................................

WIND (MPH)
AVERAGE WIND SPEED              5.6
RESULTANT WIND SPEED/DIRECTION   2/208
HIGHEST WIND SPEED/DIRECTION    25/200    DATE  06/05
HIGHEST GUST SPEED/DIRECTION    37/180    DATE  06/05

SKY COVER
POSSIBLE SUNSHINE (PERCENT)   MM
AVERAGE SKY COVER           0.20
NUMBER OF DAYS FAIR           24
NUMBER OF DAYS PC              6
NUMBER OF DAYS CLOUDY          0

AVERAGE RH (PERCENT)     70

WEATHER CONDITIONS. NUMBER OF DAYS WITH
THUNDERSTORM              9     MIXED PRECIP               0
HEAVY RAIN                4     RAIN                       3
LIGHT RAIN               11     FREEZING RAIN              0
LT FREEZING RAIN          0     HAIL                       0
HEAVY SNOW                0     SNOW                       0
LIGHT SNOW                0     SLEET                      0
FOG                      16     FOG W/VIS <= 1/4 MILE      2
HAZE                      2

-  INDICATES NEGATIVE NUMBERS.
R  INDICATES RECORD WAS SET OR TIED.
MM INDICATES DATA IS MISSING.
T  INDICATES TRACE AMOUNT.

#  INDICATES ONLY A PARTIAL TOTAL DUE TO A GAUGE OUTAGE ON THE 6TH
%  MISSING TEMPERATURES AND WINDS ON THE 22ND...PEAK WINDS ON THE 9TH

$$
