000
CXHW52 PHFO 011722
CLMOGG


CLIMATE REPORT
NATIONAL WEATHER SERVICE HONOLULU HI
722 AM HST WED MAR 1 2017

...................................

...THE KAHULUI HI CLIMATE SUMMARY FOR THE MONTH OF FEBRUARY 2017...

CLIMATE NORMAL PERIOD 1981 TO 2010
CLIMATE RECORD PERIOD 1946 TO 2017

WEATHER         OBSERVED          NORMAL  DEPART  LAST YEAR`S
                 VALUE   DATE(S)  VALUE   FROM    VALUE  DATE(S)
                                          NORMAL
................................................................
TEMPERATURE (F)
RECORD
 HIGH              90   02/13/2016
 LOW               50   02/22/2009
                        02/02/1987
                        02/05/1973
HIGHEST            85   02/27        81       4       90  02/13
                        02/17
                        02/07
LOWEST             57   02/10        63      -6       55  02/09
                        02/04
                        02/03
AVG. MAXIMUM     81.2              80.7     0.5     83.3
AVG. MINIMUM     65.7              63.0     2.7     62.4
MEAN             73.4              71.8     1.6     72.9
DAYS MAX >= 90      0               0.0     0.0        1
DAYS MAX <= 32      0               0.0     0.0        0
DAYS MIN <= 32      0               0.0     0.0        0
DAYS MIN <= 0       0               0.0     0.0        0

PRECIPITATION (INCHES)
RECORD
 MAXIMUM         8.31   1972
 MINIMUM         0.06   2000
TOTALS           1.93              1.89    0.04     1.00
DAILY AVG.       0.07              0.07    0.00     0.03
DAYS >= .01         7               8.5    -1.5        8
DAYS >= .10         3               3.6    -0.6        4
DAYS >= .50         1               0.9     0.1        0
DAYS >= 1.00        1               0.4     0.6        0
GREATEST
 24 HR. TOTAL    1.22   02/11 TO 02/12              0.66

SNOWFALL (INCHES)
RECORDS
 TOTAL            0.0   5
                        0
                        -26215
TOTALS            0.0               0.0     0.0      0.0
SINCE 7/1         0.0               0.0     0.0      0.0
SNOWDEPTH AVG.      0                MM      MM        0
DAYS >= 1.0         0               0.0     0.0        0
GREATEST
 SNOW DEPTH         0   MM                             0  MM
 24 HR TOTAL      0.0   02/28 TO 02/28               0.0

DEGREE_DAYS
HEATING TOTAL       0                 0       0        0
 SINCE 7/1          0                 0       0        0
COOLING TOTAL     244               192      52      235
 SINCE 1/1        471               409      62      468
.................................................................

WIND (MPH)
AVERAGE WIND SPEED              12.9
HIGHEST WIND SPEED/DIRECTION    41/210    DATE  02/11
HIGHEST GUST SPEED/DIRECTION    49/200    DATE  02/06

SKY COVER
POSSIBLE SUNSHINE (PERCENT)   MM
AVERAGE SKY COVER           0.40
NUMBER OF DAYS FAIR           13
NUMBER OF DAYS PC             14
NUMBER OF DAYS CLOUDY          1

AVERAGE RH (PERCENT)     69

WEATHER CONDITIONS. NUMBER OF DAYS WITH
THUNDERSTORM              0     MIXED PRECIP               0
HEAVY RAIN                2     RAIN                       5
LIGHT RAIN               11     FREEZING RAIN              0
LT FREEZING RAIN          0     HAIL                       0
HEAVY SNOW                0     SNOW                       0
LIGHT SNOW                0     SLEET                      0
FOG                       6     FOG W/VIS <= 1/4 MILE      0
HAZE                      3

-  INDICATES NEGATIVE NUMBERS.
R  INDICATES RECORD WAS SET OR TIED.
MM INDICATES DATA IS MISSING.
T  INDICATES TRACE AMOUNT.

$$
