000
CXHW52 PHFO 011625
CLMOGG


CLIMATE REPORT
NATIONAL WEATHER SERVICE HONOLULU HI
625 AM HST SAT OCT 1 2016

...................................

...THE KAHULUI HI CLIMATE SUMMARY FOR THE MONTH OF SEPTEMBER 2016...

CLIMATE NORMAL PERIOD 1981 TO 2010
CLIMATE RECORD PERIOD 1946 TO 2016

WEATHER         OBSERVED          NORMAL  DEPART  LAST YEAR`S
                 VALUE   DATE(S)  VALUE   FROM    VALUE  DATE(S)
                                          NORMAL
................................................................
TEMPERATURE (F)
RECORD
 HIGH              96   09/14/1997
                        09/19/1995
 LOW               19   09/05/2012
HIGHEST            93   09/04        88       5       94  09/12
LOWEST             68   09/11        70      -2       68  09/19
AVG. MAXIMUM     89.1              88.0     1.1     90.2
AVG. MINIMUM     73.0              70.4     2.6     73.9
MEAN             81.1              79.2     1.9     82.1
DAYS MAX >= 90     16               4.5    11.5       11
DAYS MAX <= 32      0               0.0     0.0        0
DAYS MIN <= 32      0               0.0     0.0        0
DAYS MIN <= 0       0               0.0     0.0        0

PRECIPITATION (INCHES)
RECORD
 MAXIMUM         1.43   1987
 MINIMUM         0.00   2005
TOTALS           1.24              0.38    0.86     0.24
DAILY AVG.       0.04              0.01    0.03     0.01
DAYS >= .01         9               4.5     4.5        7
DAYS >= .10         3               1.0     2.0        0
DAYS >= .50         1               0.2     0.8        0
DAYS >= 1.00        0               0.0     0.0        0
GREATEST
 24 HR. TOTAL    0.70   09/12 TO 09/13              0.07

SNOWFALL (INCHES)
RECORDS
 TOTAL             MM   5
TOTALS            0.0               0.0     0.0      0.0
SINCE 7/1         0.0               0.0     0.0      0.0
SNOWDEPTH AVG.      0                MM      MM       MM
DAYS >= 1.0         0               0.0     0.0        0
GREATEST
 SNOW DEPTH         0   MM                            MM  MM
 24 HR TOTAL      0.0   09/30 TO 09/30               0.0

DEGREE_DAYS
HEATING TOTAL       0                 0       0        0
 SINCE 7/1          0                 0       0        0
COOLING TOTAL     488               426      62      328
 SINCE 1/1       3389              2968     421     2271
.................................................................

WIND (MPH)
AVERAGE WIND SPEED              14.0
HIGHEST WIND SPEED/DIRECTION    32/040    DATE  09/08
HIGHEST GUST SPEED/DIRECTION    40/060    DATE  09/16

SKY COVER
POSSIBLE SUNSHINE (PERCENT)   MM
AVERAGE SKY COVER           0.40
NUMBER OF DAYS FAIR           12
NUMBER OF DAYS PC             18
NUMBER OF DAYS CLOUDY          0

AVERAGE RH (PERCENT)     69

WEATHER CONDITIONS. NUMBER OF DAYS WITH
THUNDERSTORM              0     MIXED PRECIP               0
HEAVY RAIN                2     RAIN                       2
LIGHT RAIN               10     FREEZING RAIN              0
LT FREEZING RAIN          0     HAIL                       0
HEAVY SNOW                0     SNOW                       0
LIGHT SNOW                0     SLEET                      0
FOG                       6     FOG W/VIS <= 1/4 MILE      0
HAZE                      0

-  INDICATES NEGATIVE NUMBERS.
R  INDICATES RECORD WAS SET OR TIED.
MM INDICATES DATA IS MISSING.
T  INDICATES TRACE AMOUNT.

$$
