000
CXHW52 PHFO 071847
CLMOGG


CLIMATE REPORT
NATIONAL WEATHER SERVICE HONOLULU HI
847 AM HST FRI NOV 7 2014

...................................

...THE KAHULUI HI CLIMATE SUMMARY FOR THE MONTH OF OCTOBER 2014...

CLIMATE NORMAL PERIOD 1981 TO 2010
CLIMATE RECORD PERIOD 1946 TO 2014

WEATHER         OBSERVED          NORMAL  DEPART  LAST YEAR`S
                 VALUE   DATE(S)  VALUE   FROM    VALUE  DATE(S)
                                          NORMAL
................................................................
TEMPERATURE (F)
RECORD
 HIGH              96   10/05/1973
 LOW               55   10/10/1953
HIGHEST            93   10/04        87       6       91  10/27
                                                          10/25
                                                          10/01
LOWEST             66   10/25        69      -3       64  10/25
                                                          10/24
                                                          10/22
AVG. MAXIMUM     88.6              86.8     1.8     88.0
AVG. MINIMUM     71.4              69.5     1.9     67.7
MEAN             80.0              78.2     1.8     77.9
DAYS MAX >= 90     12               3.6     8.4        4
DAYS MAX <= 32      0               0.0     0.0        0
DAYS MIN <= 32      0               0.0     0.0        0
DAYS MIN <= 0       0               0.0     0.0        0

PRECIPITATION (INCHES)
RECORD
 MAXIMUM         5.66   1985
 MINIMUM            T   2004
                        1984
TOTALS           0.89              1.20   -0.31     0.04
DAILY AVG.       0.03              0.04   -0.01     0.00
DAYS >= .01         9               7.0     2.0        4
DAYS >= .10         2               1.9     0.1        0
DAYS >= .50         0               0.4    -0.4        0
DAYS >= 1.00        0               0.2    -0.2        0
GREATEST
 24 HR. TOTAL    0.44   10/18 TO 10/19              0.01

SNOWFALL (INCHES)
RECORDS
 TOTAL             MM   5
TOTALS            0.0               0.0     0.0      0.0
SINCE 7/1         0.0               0.0     0.0      0.0
SNOWDEPTH AVG.      0                MM      MM        0
DAYS >= 1.0         0               0.0     0.0        0
GREATEST
 SNOW DEPTH         0   MM                             0  MM
 24 HR TOTAL      0.0   10/31 TO 10/31               0.0

DEGREE_DAYS
HEATING TOTAL       0                 0       0        0
 SINCE 7/1          0                 0       0        0
COOLING TOTAL     471               408      63      405
 SINCE 1/1       3836              3376     460     3653
.................................................................

WIND (MPH)
AVERAGE WIND SPEED              10.8
HIGHEST WIND SPEED/DIRECTION    32/040    DATE  10/11
HIGHEST GUST SPEED/DIRECTION    45/070    DATE  10/31

SKY COVER
POSSIBLE SUNSHINE (PERCENT)   MM
AVERAGE SKY COVER           0.30
NUMBER OF DAYS FAIR           18
NUMBER OF DAYS PC             13
NUMBER OF DAYS CLOUDY          0

AVERAGE RH (PERCENT)     70

WEATHER CONDITIONS. NUMBER OF DAYS WITH
THUNDERSTORM              0     MIXED PRECIP               0
HEAVY RAIN                0     RAIN                       5
LIGHT RAIN               11     FREEZING RAIN              0
LT FREEZING RAIN          0     HAIL                       0
HEAVY SNOW                0     SNOW                       0
LIGHT SNOW                0     SLEET                      0
FOG                       8     FOG W/VIS <= 1/4 MILE      0
HAZE                      6

-  INDICATES NEGATIVE NUMBERS.
R  INDICATES RECORD WAS SET OR TIED.
MM INDICATES DATA IS MISSING.
T  INDICATES TRACE AMOUNT.

$$
