000
CXUS54 KOUN 011651 CCA
CLMOKC

CLIMATE REPORT
NATIONAL WEATHER SERVICE NORMAN OK
844 AM CST FRI DEC 1 2017

...................................

...THE OKLAHOMA CITY CLIMATE SUMMARY FOR THE MONTH OF NOVEMBER
2017...

CLIMATE NORMAL PERIOD 1981 TO 2010
CLIMATE RECORD PERIOD 1890 TO 2017

WEATHER         OBSERVED          NORMAL  DEPART  LAST YEAR`S
                 VALUE   DATE(S)  VALUE   FROM    VALUE
                                          NORMAL
.............................................................
TEMPERATURE (F)
RECORD
 HIGH              87   11/08/1980
                        11/05/1891
 LOW                9   11/17/1894
HIGHEST            82   11/17        78       4       86
LOWEST             28   11/28        22       6       27
AVG. MAXIMUM     64.3              61.5     2.8     68.0
AVG. MINIMUM     40.8              40.0     0.8     44.6
MEAN             52.6              50.7     1.9     56.3
DAYS MAX >= 90      0               0.0     0.0        0
DAYS MAX <= 32      0               0.2    -0.2        0
DAYS MIN <= 32      5               5.7    -0.7        4
DAYS MIN <= 0       0               0.0     0.0        0

PRECIPITATION (INCHES)
RECORD
 MAXIMUM         9.63   1931
 MINIMUM            T   1910
                        1949
                        2005
TOTALS           0.07              1.98   -1.91     0.52
DAILY AVG.       0.00              0.07   -0.07     0.02
DAYS >= .01         2               6.0    -4.0        5
DAYS >= .10         0               3.5    -3.5        2
DAYS >= .50         0               1.5    -1.5        0
DAYS >= 1.00        0               0.5    -0.5        0
GREATEST
 24 HR. TOTAL    0.06   11/14 TO 11/14

SNOWFALL (INCHES)
TOTALS            0.0               0.4    -0.4
SINCE 7/1           T               0.4    -0.4

DEGREE_DAYS
HEATING TOTAL     369               435     -66      277
 SINCE 7/1        550               599     -49      323
..............................................................

WIND (MPH)
AVERAGE WIND SPEED              11.1
HIGHEST WIND SPEED/DIRECTION    39/330    DATE  11/18
HIGHEST GUST SPEED/DIRECTION    48/340    DATE  11/18


WEATHER CONDITIONS. NUMBER OF DAYS WITH
THUNDERSTORM              0     MIXED PRECIP               0
HEAVY RAIN                0     RAIN                       0
LIGHT RAIN                6     FREEZING RAIN              0
LT FREEZING RAIN          0     HAIL                       0
HEAVY SNOW                0     SNOW                       0
LIGHT SNOW                0     SLEET                      0
FOG                      15     FOG W/VIS <= 1/4 MILE      4
HAZE                      4

-  INDICATES NEGATIVE NUMBERS.
R  INDICATES RECORD WAS SET OR TIED.
MM INDICATES DATA IS MISSING.
T  INDICATES TRACE AMOUNT.

&&
............................................................

RECORD EVENTS/REMARKS

RECORD MAXIMUM TEMPERATURE OF 82 DEGREES SET ON THE 17TH.
RECORD MAXIMUM TEMPERATURE OF 79 DEGREES TIED ON THE 24TH.
TIED FOR THE 10TH DRIEST NOVEMBER ON RECORD.
JANUARY-NOVEMBER PRECIPITATION TOTAL IS 33.04 INCHES.

$$
