000
CXUS54 KOUN 011258
CLMOKC

CLIMATE REPORT
NATIONAL WEATHER SERVICE NORMAN OK
655 AM CST WED MAR 1 2017

...................................

...THE OKLAHOMA CITY CLIMATE SUMMARY FOR THE MONTH OF FEBRUARY
2017...

CLIMATE NORMAL PERIOD 1981 TO 2010 CLIMATE RECORD PERIOD 1890 TO 2017

WEATHER         OBSERVED          NORMAL  DEPART  LAST YEAR`S
                 VALUE   DATE(S)  VALUE   FROM    VALUE
                                          NORMAL
.............................................................
TEMPERATURE (F)
RECORD
 HIGH              92   02/22/1996
 LOW              -17   02/12/1899
HIGHEST            89                75      14       83
LOWEST             23                13      10       20
AVG. MAXIMUM     63.6              54.6     9.0     61.8
AVG. MINIMUM     38.4              32.8     5.6     35.6
MEAN             51.0              43.7     7.3     48.7
DAYS MAX >= 90      0               0.0     0.0        0
DAYS MAX <= 32      0               1.6    -1.6        0
DAYS MIN <= 32      8              12.3    -4.3       12
DAYS MIN <= 0       0               0.0     0.0        0

PRECIPITATION (INCHES)
RECORD
 MAXIMUM         4.63   1990
 MINIMUM         0.02   1996
                        1947
TOTALS           3.12              1.58    1.54     1.35
DAILY AVG.       0.11              0.06    0.05     0.05
DAYS >= .01         5               5.8    -0.8        4
DAYS >= .10         4               3.4     0.6        3
DAYS >= .50         3               1.1     1.9        1
DAYS >= 1.00        1               0.3     0.7        0
GREATEST
 24 HR. TOTAL    1.67   02/19 TO 02/20

SNOWFALL (INCHES)
TOTALS            0.0               1.4    -1.4
SINCE 7/1         2.1               6.7    -4.6

DEGREE_DAYS
HEATING TOTAL     393               597    -204      469
 SINCE 7/1       2220              2750    -530     2357
..............................................................

WIND (MPH)
AVERAGE WIND SPEED              12.8
HIGHEST WIND SPEED/DIRECTION    37/320    DATE  02/28
HIGHEST GUST SPEED/DIRECTION    44/320    DATE  02/28


WEATHER CONDITIONS. NUMBER OF DAYS WITH
THUNDERSTORM              0     MIXED PRECIP               0
HEAVY RAIN                2     RAIN                       4
LIGHT RAIN                6     FREEZING RAIN              0
LT FREEZING RAIN          0     HAIL                       0
HEAVY SNOW                0     SNOW                       0
LIGHT SNOW                0     SLEET                      0
FOG                       9     FOG W/VIS <= 1/4 MILE      3
HAZE                      3

-  INDICATES NEGATIVE NUMBERS.
R  INDICATES RECORD WAS SET OR TIED.
MM INDICATES DATA IS MISSING.
T  INDICATES TRACE AMOUNT.
............................................................
RECORDS/REMARKS
    RECORD MAXIMUM TEMPERATURE OF 77 DEGREES SET ON THE 6TH.
RECORD MAXIMUM TEMPERATURE OF 89 DEGREES SET ON THE 11TH.
RECORD WARM MINIMUM TEMPERATURE OF 54 DEGREES SET ON THE 11TH.
RECORD DAILY RAINFALL OF 0.86 INCHES SET ON THE 13TH.
RECORD DAILY RAINFALL OF 1.42 INCHES SET ON THE 19TH.
9TH WETTEST FEBRUARY ON RECORD.
3RD WARMEST FEBRUARY ON RECORD.
THE JANUARY THROUGH FEBRUARY 2017 TOTAL PRECIPITATION IS 4.69 INCHES.

$$
