000
CXUS51 KAKQ 012130
CLMORF


CLIMATE REPORT
NATIONAL WEATHER SERVICE WAKEFIELD, VA
418 PM EST WED FEB 1 2017

...................................

...THE NORFOLK VA CLIMATE SUMMARY FOR THE MONTH OF JANUARY 2017...

CLIMATE NORMAL PERIOD 1981 TO 2010
CLIMATE RECORD PERIOD 1871 TO 2017

WEATHER         OBSERVED          NORMAL  DEPART  LAST YEAR`S
                 VALUE   DATE(S)  VALUE   FROM    VALUE  DATE(S)
                                          NORMAL
................................................................
TEMPERATURE (F)
RECORD
 HIGH              80   01/30/2002
 LOW               -3   01/21/1985
HIGHEST            73   01/12        71       2       69  01/31
                                                          01/10
LOWEST             16   01/10        18      -2       19  01/19
AVG. MAXIMUM     52.6              48.1     4.5     49.5
AVG. MINIMUM     37.7              32.7     5.0     32.7
MEAN             45.1              40.4     4.7     41.1
DAYS MAX >= 90      0               0.0     0.0        0
DAYS MAX <= 32      3               2.1     0.9        1
DAYS MIN <= 32      8              14.8    -6.8       16
DAYS MIN <= 0       0               0.0     0.0        0

PRECIPITATION (INCHES)
RECORD
 MAXIMUM
 MINIMUM
TOTALS           4.41              3.40    1.01     4.62
DAILY AVG.       0.14              0.11    0.03     0.15
DAYS >= .01        14              10.4     3.6        9
DAYS >= .10         6               6.7    -0.7        4
DAYS >= .50         2               2.4    -0.4        3
DAYS >= 1.00        2               0.6     1.4        3
GREATEST
 24 HR. TOTAL    1.73   01/02 TO 01/02

SNOWFALL (INCHES)
RECORDS
 TOTAL
TOTALS            5.3
SINCE 7/1         5.3               3.6     1.7      2.8
SNOWDEPTH AVG.      1                MM      MM        0
DAYS >= 1.0         1               0.8     0.2        2
GREATEST
 SNOW DEPTH         5   01/10                          1  01/24
                        01/09
                        01/08
 24 HR TOTAL      5.3   MM                       01/23 TO 01/23
                                                          01/23 TO 01/23
                                                          01/23 TO 01/23

DEGREE_DAYS
HEATING TOTAL     608
 SINCE 7/1       1678              1942    -264     1327
COOLING TOTAL       0                 0       0        0
 SINCE 1/1          0                 0       0        0
....................................................

WIND (MPH)
AVERAGE WIND SPEED              8.6
HIGHEST WIND SPEED/DIRECTION    31/230    DATE  01/12
HIGHEST GUST SPEED/DIRECTION    44/340    DATE  01/07

SKY COVER
POSSIBLE SUNSHINE (PERCENT)   MM
AVERAGE SKY COVER           0.50

AVERAGE RH (PERCENT)     70

WEATHER CONDITIONS. NUMBER OF DAYS WITH
THUNDERSTORM              0     MIXED PRECIP               0
HEAVY RAIN                5     RAIN                       6
LIGHT RAIN               16     FREEZING RAIN              0
LT FREEZING RAIN          0     HAIL                       0
HEAVY SNOW                1     SNOW                       1
LIGHT SNOW                3     SLEET                      2
FOG                      13     FOG W/VIS <= 1/4 MILE      3
HAZE                      3

-  INDICATES NEGATIVE NUMBERS.
R  INDICATES RECORD WAS SET OR TIED.
MM INDICATES DATA IS MISSING.
T  INDICATES TRACE AMOUNT.

$$
