000
CXUS51 KBOX 012226
CLMORH


CLIMATE REPORT
NATIONAL WEATHER SERVICE TAUNTON MA
616 PM EDT FRI AUG 1 2014

...................................

...THE WORCESTER MA CLIMATE SUMMARY FOR THE MONTH OF JULY 2014...

CLIMATE NORMAL PERIOD 1981 TO 2010
CLIMATE RECORD PERIOD 1892 TO 2014

WEATHER         OBSERVED          NORMAL  DEPART
                 VALUE   DATE(S)  VALUE   FROM
                                          NORMAL
................................................
TEMPERATURE (F)
RECORD
 HIGH              96   07/22/2011
                        07/06/2010
                        07/21/1991
 LOW               50   07/01/2010
                        07/02/2007
                        07/06/1879
HIGHEST            88   07/02
LOWEST             55   07/25
AVG. MAXIMUM     79.1              78.9     0.2
AVG. MINIMUM     61.6              61.5     0.1
MEAN             70.4              70.2     0.2
DAYS MAX >= 90      0               0.9    -0.9
DAYS MAX <= 32      0               0.0     0.0
DAYS MIN <= 32      0               0.0     0.0
DAYS MIN <= 0       0               0.0     0.0

PRECIPITATION (INCHES)
RECORD
 MAXIMUM        11.41   1938
 MINIMUM         0.62   1929
TOTALS           6.28              4.23    2.05
DAYS >= .01        12              10.9     1.1
DAYS >= .10        10               6.8     3.2
DAYS >= .50         4               2.6     1.4
DAYS >= 1.00        2               1.2     0.8
GREATEST
 24 HR. TOTAL    2.60   07/15 TO 07/16

SNOWFALL (INCHES)
RECORDS
 TOTAL             MM   MM
 SNOW DEPTH        MM   MM
TOTALS            0.0               0.0     0.0
SINCE 7/1         0.0               0.0     0.0
SNOWDEPTH AVG.     MM
GREATEST
 SNOW DEPTH        MM
 24 HR TOTAL      0.0   07/31 TO 07/31

DEGREE_DAYS
HEATING TOTAL       0                14     -14
 SINCE 7/1          0                14     -14
COOLING TOTAL     174               175      -1
 SINCE 1/1        266               281     -15
.................................................

WIND (MPH)
AVERAGE WIND SPEED              9.4
RESULTANT WIND SPEED/DIRECTION   6/245
HIGHEST WIND SPEED/DIRECTION    35/210    DATE  07/15
HIGHEST GUST SPEED/DIRECTION    48/210    DATE  07/15

SKY COVER
POSSIBLE SUNSHINE (PERCENT)   MM
AVERAGE SKY COVER           0.30
NUMBER OF DAYS FAIR           20
NUMBER OF DAYS PC              8
NUMBER OF DAYS CLOUDY          3

AVERAGE RH (PERCENT)     71

WEATHER CONDITIONS. NUMBER OF DAYS WITH
THUNDERSTORM              0     MIXED PRECIP               0
HEAVY RAIN                5     RAIN                       9
LIGHT RAIN               13     FREEZING RAIN              0
LT FREEZING RAIN          0     HAIL                       0
HEAVY SNOW                0     SNOW                       0
LIGHT SNOW                0     SLEET                      0
FOG                      12     FOG W/VIS <= 1/4 MILE      1
HAZE                      3

-  INDICATES NEGATIVE NUMBERS.
R  INDICATES RECORD WAS SET OR TIED.
MM INDICATES DATA IS MISSING.
T  INDICATES TRACE AMOUNT.

$$
