000
CXUS51 KBOX 022138 CCB
CLMORH

CLIMATE REPORT
NATIONAL WEATHER SERVICE TAUNTON MA
538 PM EDT THU NOV 2 2017

...................................

...THE WORCESTER MA CLIMATE SUMMARY FOR THE MONTH OF OCTOBER 2017...

CLIMATE NORMAL PERIOD 1981 TO 2010
CLIMATE RECORD PERIOD 1892 TO 2017

WEATHER         OBSERVED          NORMAL  DEPART
                 VALUE   DATE(S)  VALUE   FROM
                                          NORMAL
................................................
TEMPERATURE (F)
RECORD
 HIGH              8910/01/1898
 LOW               19   10/22/1940
                        10/28/1936
                        10/30/1928
HIGHEST            78   10/22
LOWEST             35   10/17
AVG. MAXIMUM     66.5              58.3     8.2
AVG. MINIMUM     49.5              41.7     7.8
MEAN             58.0              50.0     8.0
DAYS MAX >= 90      0               0.0     0.0
DAYS MAX <= 32      0               0.0     0.0
DAYS MIN <= 32      0               3.1    -3.1
DAYS MIN <= 0       0               0.0     0.0

PRECIPITATION (INCHES)
RECORD
 MAXIMUM        15.56   2005
 MINIMUM         0.37   1924
TOTALS           8.83              4.68    4.15
DAYS >= .01        10              10.5    -0.5
DAYS >= .10         7               6.7     0.3
DAYS >= .50         5               3.2     1.8
DAYS >= 1.00        3               1.4     1.6
GREATEST
 24 HR. TOTAL    3.34   10/29 TO 10/30

SNOWFALL (INCHES)
RECORDS
 TOTAL            16.0  2011
 SNOW DEPTH        MM   MM
TOTALS            0.0               0.2    -0.2
SINCE 7/1         0.0               0.2    -0.2
SNOWDEPTH AVG.     MM
GREATEST
 SNOW DEPTH        MM
 24 HR TOTAL      0.0   10/31 TO 10/31

DEGREE_DAYS
HEATING TOTAL     225               468    -243
 SINCE 7/1        369               661    -292
COOLING TOTAL      18                 3      15
 SINCE 1/1        533               471      62
.................................................

WIND (MPH)
AVERAGE WIND SPEED              10.2
RESULTANT WIND SPEED/DIRECTION   5/238
HIGHEST WIND SPEED/DIRECTION    40/130    DATE  10/30
HIGHEST GUST SPEED/DIRECTION    54/130    DATE  10/30

SKY COVER
POSSIBLE SUNSHINE (PERCENT)   MM
AVERAGE SKY COVER           0.40
NUMBER OF DAYS FAIR           16
NUMBER OF DAYS PC              7
NUMBER OF DAYS CLOUDY          8

AVERAGE RH (PERCENT)     69

WEATHER CONDITIONS. NUMBER OF DAYS WITH
THUNDERSTORM              0     MIXED PRECIP               0
HEAVY RAIN                7     RAIN                       9
LIGHT RAIN               12     FREEZING RAIN              0
LT FREEZING RAIN          0     HAIL                       0
HEAVY SNOW                0     SNOW                       0
LIGHT SNOW                0     SLEET                      0
FOG                      12     FOG W/VIS <= 1/4 MILE      7
HAZE                      0

-  INDICATES NEGATIVE NUMBERS.
R  INDICATES RECORD WAS SET OR TIED.
MM INDICATES DATA IS MISSING.
T  INDICATES TRACE AMOUNT.

$$

SIPPRELL
