000
CXUS53 KDDC 011452
CLMP28


CLIMATE REPORT
NATIONAL WEATHER SERVICE DODGE CITY KS
948 AM CDT MON AUG 1 2016

...................................

...THE MEDICINE LODGE KS CLIMATE SUMMARY FOR THE MONTH OF JULY 2016...

CLIMATE NORMAL PERIOD 1981 TO 2010
CLIMATE RECORD PERIOD 1893 TO 2016

WEATHER         OBSERVED          NORMAL  DEPART  LAST YEAR`S
                 VALUE   DATE(S)  VALUE   FROM    VALUE  DATE(S)
                                          NORMAL
................................................................
TEMPERATURE (F)
RECORD
 HIGH             115   07/14/1954
                        07/18/1936
 LOW               47   07/13/1975
HIGHEST           106   07/22        MM      MM      105  07/13
LOWEST             63   07/15        MM      MM       62  07/08
                                                          07/07
AVG. MAXIMUM     95.9              94.6     1.3     93.3
AVG. MINIMUM     70.8              69.5     1.3     70.4
MEAN             83.4              82.1     1.3     81.9
DAYS MAX >= 90     27              22.8     4.2       22
DAYS MAX <= 32      0               0.0     0.0        0
DAYS MIN <= 32      0               0.0     0.0        0
DAYS MIN <= 0       0               0.0     0.0        0

PRECIPITATION (INCHES)
RECORD
 MAXIMUM        10.65   2015
 MINIMUM         0.00   1983
TOTALS           2.59              3.38   -0.79    10.65
DAYS >= .01         9               6.3     2.7        9
DAYS >= .10         3               3.7    -0.7        8
DAYS >= .50         2               1.6     0.4        5
DAYS >= 1.00        1               0.8     0.2        5
GREATEST
 24 HR. TOTAL    1.22   07/14 TO 07/14           07/20 TO 07/21

DEGREE_DAYS
HEATING TOTAL       0                 0       0        0
 SINCE 7/1          0                 0       0        0
COOLING TOTAL     576               528      48      529
 SINCE 1/1       1172              1037     135     1068
..................................................

WIND (MPH)
AVERAGE WIND SPEED              9.1
HIGHEST WIND SPEED/DIRECTION    36/010    DATE  07/06
HIGHEST GUST SPEED/DIRECTION    50/010    DATE  07/06



-  INDICATES NEGATIVE NUMBERS.
R  INDICATES RECORD WAS SET OR TIED.
MM INDICATES DATA IS MISSING.
T  INDICATES TRACE AMOUNT.

$$
