000
CXUS53 KDDC 011455
CLMP28


CLIMATE REPORT
NATIONAL WEATHER SERVICE DODGE CITY KS
946 AM CDT TUE SEP 1 2015

...................................

...THE MEDICINE LODGE KS CLIMATE SUMMARY FOR THE MONTH OF AUGUST 2015...

CLIMATE NORMAL PERIOD 1981 TO 2010
CLIMATE RECORD PERIOD 1893 TO 2015

WEATHER         OBSERVED          NORMAL  DEPART  LAST YEAR`S
                 VALUE   DATE(S)  VALUE   FROM    VALUE  DATE(S)
                                          NORMAL
................................................................
TEMPERATURE (F)
RECORD
 HIGH             118   08/12/1936
 LOW               40   08/27/1906
HIGHEST           101   08/08        MM      MM      103  08/24
                                                          08/22
LOWEST             52   08/20        MM      MM       59  08/12
                                                          08/01
AVG. MAXIMUM     89.9              92.7    -2.8     94.2
AVG. MINIMUM     66.1              67.9    -1.8     68.0
MEAN             78.0              80.3    -2.3     81.1
DAYS MAX >= 90     19              20.0    -1.0       24
DAYS MAX <= 32      0               0.0     0.0        0
DAYS MIN <= 32      0               0.0     0.0        0
DAYS MIN <= 0       0               0.0     0.0        0

PRECIPITATION (INCHES)
RECORD
 MAXIMUM         8.77   1927
 MINIMUM         0.01   2000
TOTALS           1.30              3.12   -1.82     2.01
DAYS >= .01         6               7.9    -1.9        7
DAYS >= .10         3               5.2    -2.2        5
DAYS >= .50         1               1.9    -0.9        1
DAYS >= 1.00        0               0.8    -0.8        0
GREATEST
 24 HR. TOTAL    0.85   08/18 TO 08/18           08/28 TO 08/29

DEGREE_DAYS
HEATING TOTAL       0                 0       0        0
 SINCE 7/1          0                 0       0        5
COOLING TOTAL     411               474     -63      504
 SINCE 1/1       1479              1511     -32     1484
..................................................

WIND (MPH)
AVERAGE WIND SPEED              7.1
HIGHEST WIND SPEED/DIRECTION    33/020    DATE  08/23
HIGHEST GUST SPEED/DIRECTION    44/020    DATE  08/23



-  INDICATES NEGATIVE NUMBERS.
R  INDICATES RECORD WAS SET OR TIED.
MM INDICATES DATA IS MISSING.
T  INDICATES TRACE AMOUNT.

$$
