000
CXUS53 KDDC 011357
CLMP28


CLIMATE REPORT
NATIONAL WEATHER SERVICE DODGE CITY KS
852 AM CDT SAT AUG 1 2015

...................................

...THE MEDICINE LODGE KS CLIMATE SUMMARY FOR THE MONTH OF JULY 2015...

CLIMATE NORMAL PERIOD 1981 TO 2010
CLIMATE RECORD PERIOD 1893 TO 2015

WEATHER         OBSERVED          NORMAL  DEPART  LAST YEAR`S
                 VALUE   DATE(S)  VALUE   FROM    VALUE  DATE(S)
                                          NORMAL
................................................................
TEMPERATURE (F)
RECORD
 HIGH             115   07/14/1954
                        07/18/1936
 LOW               47   07/13/1975
HIGHEST           105   07/13        MM      MM      104  07/26
LOWEST             62   07/08        MM      MM       57  07/31
                        07/07                             07/15
AVG. MAXIMUM     93.3              94.6    -1.3     87.8
AVG. MINIMUM     70.4              69.5     0.9     65.2
MEAN             81.9              82.1    -0.2     76.5
DAYS MAX >= 90     22              22.8    -0.8       14
DAYS MAX <= 32      0               0.0     0.0        0
DAYS MIN <= 32      0               0.0     0.0        0
DAYS MIN <= 0       0               0.0     0.0        0

PRECIPITATION (INCHES)
RECORD
 MAXIMUM        10.65   2015
 MINIMUM         0.00   1983
TOTALS          10.65              3.38    7.27     4.72
DAYS >= .01         9               6.3     2.7        8
DAYS >= .10         8               3.7     4.3        5
DAYS >= .50         5               1.6     3.4        2
DAYS >= 1.00        5               0.8     4.2        2
GREATEST
 24 HR. TOTAL    5.71   07/20 TO 07/21           07/30 TO 07/30

DEGREE_DAYS
HEATING TOTAL       0                 0       0        5
 SINCE 7/1          0                 0       0        5
COOLING TOTAL     529               528       1      369
 SINCE 1/1       1068              1037      31      980
..................................................

WIND (MPH)
AVERAGE WIND SPEED              8.3
HIGHEST WIND SPEED/DIRECTION    37/010    DATE  07/06
HIGHEST GUST SPEED/DIRECTION    45/360    DATE  07/06



-  INDICATES NEGATIVE NUMBERS.
R  INDICATES RECORD WAS SET OR TIED.
MM INDICATES DATA IS MISSING.
T  INDICATES TRACE AMOUNT.

$$
