000
CXUS52 KMFL 011450
CLMPBI


CLIMATE REPORT
NATIONAL WEATHER SERVICE MIAMI, FL
1050 AM EDT TUE JUL 1 2014

...................................

...THE WEST PALM BEACH CLIMATE SUMMARY FOR THE MONTH OF JUNE 2014...

CLIMATE NORMAL PERIOD 1981 TO 2010
CLIMATE RECORD PERIOD 1894 TO 2014

WEATHER         OBSERVED          NORMAL  DEPART  LAST YEAR`S
                 VALUE   DATE(S)  VALUE   FROM    VALUE
                                          NORMAL
.............................................................
TEMPERATURE (F)
RECORD
 HIGH             100   06/20/1921
 LOW               60   06/14/1920
                        06/13/1920
HIGHEST            93   06/29                         92
                        06/07
LOWEST             69   06/13                         70
AVG. MAXIMUM     88.7              88.4     0.3     87.1
AVG. MINIMUM     73.4              74.3    -0.9     75.0
MEAN             81.1              81.4    -0.3     81.0
DAYS MAX >= 90     12                                  9
DAYS MAX <= 32      0                                  0
DAYS MIN <= 32      0                                  0
DAYS MIN <= 0       0                                  0

PRECIPITATION (INCHES)
RECORD
 MAXIMUM        25.19   1912
 MINIMUM         0.12   1898
TOTALS           7.98              8.30   -0.32    12.73
DAILY AVG.       0.27              0.28   -0.01     0.42
DAYS >= .01        12                                 16
DAYS >= .10         8                                 13
DAYS >= .50         5                                  8
DAYS >= 1.00        3                                  6
GREATEST
 24 HR. TOTAL    3.16   06/11 TO 06/12              2.95

DEGREE_DAYS
HEATING TOTAL       0                 0       0        0
 SINCE 7/1        122               233    -111      164
COOLING TOTAL     488               490      -2      489
 SINCE 1/1       1840              1599     241     1674
..............................................................

WIND (MPH)
AVERAGE WIND SPEED              7.6
HIGHEST WIND SPEED/DIRECTION    46/100    DATE  06/29
HIGHEST GUST SPEED/DIRECTION    58/100    DATE  06/29

SKY COVER
AVERAGE SKY COVER           0.60

AVERAGE RH (PERCENT)     72

WEATHER CONDITIONS. NUMBER OF DAYS WITH
THUNDERSTORM             20     MIXED PRECIP               0
HEAVY RAIN                8     RAIN                       7
LIGHT RAIN               18     FREEZING RAIN              0
LT FREEZING RAIN          0     HAIL                       0
HEAVY SNOW                0     SNOW                       0
LIGHT SNOW                0     SLEET                      0
FOG                       8     FOG W/VIS <= 1/4 MILE      2
HAZE                      1

-  INDICATES NEGATIVE NUMBERS.
R  INDICATES RECORD WAS SET OR TIED.
MM INDICATES DATA IS MISSING.
T  INDICATES TRACE AMOUNT.

$$
