000
CXUS55 KPIH 012045
CLMPIH

CLIMATE REPORT
NATIONAL WEATHER SERVICE POCATELLO ID
136 PM MST FRI DEC 1 2017

...................................

...THE POCATELLO CLIMATE SUMMARY FOR THE MONTH OF NOVEMBER 2017...

CLIMATE NORMAL PERIOD 1981 TO 2010
CLIMATE RECORD PERIOD 1939 TO 2017

WEATHER         OBSERVED          NORMAL  DEPART  LAST YEAR`S
                 VALUE   DATE(S)  VALUE   FROM    VALUE  DATE(S)
                                          NORMAL
................................................................
TEMPERATURE (F)
RECORD
 HIGH              75   11/06/1999
 LOW              -14   11/26/1993
HIGHEST            67   11/23        75      -8       68  11/15
                                                          11/11
LOWEST             18   11/30       -14      32       15  11/18
                        11/12
AVG. MAXIMUM     50.9              44.5     6.4     53.7
AVG. MINIMUM     29.1              24.1     5.0     27.2
MEAN             40.0              34.3     5.7     40.5
DAYS MAX >= 90      0               0.0     0.0        0
DAYS MAX <= 32      0               3.7    -3.7        0
DAYS MIN <= 32     21              24.3    -3.3       27
DAYS MIN <= 0       0               0.6    -0.6        0

PRECIPITATION (INCHES)
RECORD
 MAXIMUM         2.84   1983
 MINIMUM         0.01   1976
TOTALS           1.31              1.11    0.20     0.47
DAILY AVG.       0.04              0.04    0.00     0.02
DAYS >= .01         9               9.3    -0.3        6
DAYS >= .10         3               3.6    -0.6        1
DAYS >= .50         1               0.3     0.7        0
DAYS >= 1.00        0               0.0     0.0        0
GREATEST
 24 HR. TOTAL    0.64   11/16 TO 11/16              0.22

SNOWFALL (INCHES)
RECORDS
 TOTAL           27.5   1985
TOTALS            0.9               5.7    -4.8      2.6
SINCE 7/1         1.0               7.4    -6.4      2.6
SNOWDEPTH AVG.      0                MM      MM        0
DAYS >= 1.0         0               2.0    -2.0        1
GREATEST
 SNOW DEPTH         T   11/07                          3  11/29
 24 HR TOTAL      0.5   11/30 TO 11/30               2.5

DEGREE_DAYS
HEATING TOTAL     744               921    -177      731
 SINCE 7/1       1634              1728     -94     1435
COOLING TOTAL       0                 0       0        0
 SINCE 1/1        575               392     183      416
.................................................................

WIND (MPH)
AVERAGE WIND SPEED              9.8
HIGHEST WIND SPEED/DIRECTION    43/250    DATE  11/01
HIGHEST GUST SPEED/DIRECTION    52/250    DATE  11/01

SKY COVER
POSSIBLE SUNSHINE (PERCENT)   MM
AVERAGE SKY COVER           0.50
NUMBER OF DAYS FAIR           11
NUMBER OF DAYS PC             12
NUMBER OF DAYS CLOUDY          7

AVERAGE RH (PERCENT)     69

WEATHER CONDITIONS. NUMBER OF DAYS WITH
THUNDERSTORM              0     MIXED PRECIP               0
HEAVY RAIN                0     RAIN                       2
LIGHT RAIN               11     FREEZING RAIN              0
LT FREEZING RAIN          0     HAIL                       0
HEAVY SNOW                0     SNOW                       1
LIGHT SNOW                5     SLEET                      0
FOG                      10     FOG W/VIS <= 1/4 MILE      1
HAZE                      2

-  INDICATES NEGATIVE NUMBERS.
R  INDICATES RECORD WAS SET OR TIED.
MM INDICATES DATA IS MISSING.
T  INDICATES TRACE AMOUNT.
&&

16TH: PRECIP OF 0.64 INCHES BREAKS PREVIOUS RECORD OF 0.51 SET IN
1962.
22ND: HIGH OF 65 BREAKS PREVIOUS RECORD OF 60 SET IN 1939.
23RD: HIGH OF 67 BREAKS PREVIOUS RECORD OF 58 SET IN 2011.
26TH: HIGH OF 63 TIES PREVIOUS RECORD SET IN 1998.

$$
