000
CXUS55 KPIH 022030
CLMPIH

CLIMATE REPORT
NATIONAL WEATHER SERVICE POCATELLO ID
1242 PM MST MON FEB 2 2015

...................................

...THE POCATELLO CLIMATE SUMMARY FOR THE MONTH OF JANUARY 2015...

CLIMATE NORMAL PERIOD 1981 TO 2010
CLIMATE RECORD PERIOD 1939 TO 2015

WEATHER         OBSERVED          NORMAL  DEPART  LAST YEAR`S
                 VALUE   DATE(S)  VALUE   FROM    VALUE  DATE(S)
                                          NORMAL
................................................................
TEMPERATURE (F)
RECORD
 HIGH              60   01/31/2003
 LOW              -31   01/25/1949
HIGHEST            54   01/18        57      -3       49  01/11
LOWEST             -6   01/02       -28      22        1  01/06
AVG. MAXIMUM     37.0              32.6     4.4     38.7
AVG. MINIMUM     23.2              16.0     7.2     19.1
MEAN             30.1              24.3     5.8     28.9
DAYS MAX >= 90      0               0.0     0.0        0
DAYS MAX <= 32      9              14.3    -5.3        2
DAYS MIN <= 32     28              29.2    -1.2       29
DAYS MIN <= 0       2               3.6    -1.6        0

PRECIPITATION (INCHES)
RECORD
 MAXIMUM         3.24   1980
 MINIMUM         0.20   1945
TOTALS           0.43              0.99   -0.56     0.63
DAILY AVG.       0.01              0.03   -0.02     0.02
DAYS >= .01         7              11.4    -4.4        5
DAYS >= .10         2               3.6    -1.6        2
DAYS >= .50         0               0.1    -0.1        0
DAYS >= 1.00        0               0.0     0.0        0
GREATEST
 24 HR. TOTAL    0.15   01/16 TO 01/16              0.30

SNOWFALL (INCHES)
RECORDS
 TOTAL           29.6   1993
TOTALS            0.9               8.8    -7.9      2.6
SINCE 7/1        12.7              26.9   -14.2     12.2
SNOWDEPTH AVG.      0                 4      -4        0
DAYS >= 1.0         0               3.0    -3.0        0
GREATEST
 SNOW DEPTH         2   01/04                          1  01/10
                        01/03                             01/09
                        01/02
 24 HR TOTAL      0.6   MM                           0.9

DEGREE_DAYS
HEATING TOTAL    1074              1262    -188     1112
 SINCE 7/1       3607              4247    -640     4112
COOLING TOTAL       0                 0       0        0
 SINCE 1/1          0                 0       0        0
.................................................................

WIND (MPH)
AVERAGE WIND SPEED              6.1
HIGHEST WIND SPEED/DIRECTION    30/230    DATE  01/16
HIGHEST GUST SPEED/DIRECTION    38/250    DATE  01/16

SKY COVER
POSSIBLE SUNSHINE (PERCENT)   MM
AVERAGE SKY COVER           0.70
NUMBER OF DAYS FAIR            6
NUMBER OF DAYS PC             10
NUMBER OF DAYS CLOUDY         15

AVERAGE RH (PERCENT)     85

WEATHER CONDITIONS. NUMBER OF DAYS WITH
THUNDERSTORM              0     MIXED PRECIP               0
HEAVY RAIN                0     RAIN                       0
LIGHT RAIN                8     FREEZING RAIN              0
LT FREEZING RAIN          0     HAIL                       0
HEAVY SNOW                0     SNOW                       2
LIGHT SNOW                6     SLEET                      0
FOG                      25     FOG W/VIS <= 1/4 MILE     12
HAZE                      4

-  INDICATES NEGATIVE NUMBERS.
R  INDICATES RECORD WAS SET OR TIED.
MM INDICATES DATA IS MISSING.
T  INDICATES TRACE AMOUNT.

18TH: TEMP OF 54 SMASHES PREVIOUS RECORD OF 47 SET IN 1999.

&&

$$
