000
CXUS55 KPIH 012214
CLMPIH

CLIMATE REPORT
NATIONAL WEATHER SERVICE POCATELLO ID
407 PM MDT SAT APR 1 2017

...................................

...THE POCATELLO CLIMATE SUMMARY FOR THE MONTH OF MARCH 2017...

CLIMATE NORMAL PERIOD 1981 TO 2010
CLIMATE RECORD PERIOD 1939 TO 2017

WEATHER         OBSERVED          NORMAL  DEPART  LAST YEAR`S
                 VALUE   DATE(S)  VALUE   FROM    VALUE  DATE(S)
                                          NORMAL
................................................................
TEMPERATURE (F)
RECORD
 HIGH              75   03/15/1994
                        03/28/1986
 LOW              -12   03/04/1985
HIGHEST            72   03/21        75      -3       67  03/20
LOWEST             12   03/01       -12      24       19  03/19
AVG. MAXIMUM     54.7              48.8     5.9     52.0
AVG. MINIMUM     31.8              27.1     4.7     31.5
MEAN             43.3              38.0     5.3     41.7
DAYS MAX >= 90      0               0.0     0.0        0
DAYS MAX <= 32      0               1.1    -1.1        0
DAYS MIN <= 32     12              23.0   -11.0       18
DAYS MIN <= 0       0               0.3    -0.3        0

PRECIPITATION (INCHES)
RECORD
 MAXIMUM         3.00   2016
 MINIMUM         0.10   1965
TOTALS           0.94              1.26   -0.32     3.00
DAILY AVG.       0.03              0.04   -0.01     0.10
DAYS >= .01        12               9.7     2.3       13
DAYS >= .10         2               3.9    -1.9        8
DAYS >= .50         0               0.4    -0.4        2
DAYS >= 1.00        0               0.0     0.0        0
GREATEST
 24 HR. TOTAL    0.28   03/30 TO 03/30              0.84

SNOWFALL (INCHES)
RECORDS
 TOTAL           16.6   1985
TOTALS            3.3               5.4    -2.1      5.3
SINCE 7/1        86.8              39.4    47.4     33.5
SNOWDEPTH AVG.      0                MM      MM        0
DAYS >= 1.0         2               1.9     0.1        3
GREATEST
 SNOW DEPTH         4   03/01                          2  03/26
 24 HR TOTAL      1.4   03/05 TO 03/05               2.2

DEGREE_DAYS
HEATING TOTAL     668               839    -171      712
 SINCE 7/1       5917              6112    -195     5554
COOLING TOTAL       0                 0       0        0
 SINCE 1/1          0                 0       0        0
.................................................................

WIND (MPH)
AVERAGE WIND SPEED              10.9
HIGHEST WIND SPEED/DIRECTION    37/250    DATE  03/21
HIGHEST GUST SPEED/DIRECTION    45/230    DATE  03/06

SKY COVER
POSSIBLE SUNSHINE (PERCENT)   MM
AVERAGE SKY COVER           0.40
NUMBER OF DAYS FAIR           11
NUMBER OF DAYS PC             16
NUMBER OF DAYS CLOUDY          4

AVERAGE RH (PERCENT)     68

WEATHER CONDITIONS. NUMBER OF DAYS WITH
THUNDERSTORM              0     MIXED PRECIP               0
HEAVY RAIN                0     RAIN                       1
LIGHT RAIN               12     FREEZING RAIN              0
LT FREEZING RAIN          0     HAIL                       0
HEAVY SNOW                0     SNOW                       1
LIGHT SNOW                6     SLEET                      0
FOG                       9     FOG W/VIS <= 1/4 MILE      1
HAZE                      2

-  INDICATES NEGATIVE NUMBERS.
R  INDICATES RECORD WAS SET OR TIED.
MM INDICATES DATA IS MISSING.
T  INDICATES TRACE AMOUNT.

&&

18TH:  HIGH TEMPERATURE OF 71 BROKE PREVIOUS RECORD OF 67 SET IN
1972.
21ST:  HIGH TEMPERAUTRES OF 72 TIED THE PREVIOUS RECORD SET
IN 2004.

$$
