000
CXUS51 KPBZ 011359
CLMPIT


CLIMATE REPORT
NATIONAL WEATHER SERVICE PITTSBURGH PA
859 AM EST WED MAR 1 2017

...................................

...THE PITTSBURGH CLIMATE SUMMARY FOR THE MONTH OF FEBRUARY 2017...

CLIMATE NORMAL PERIOD 1981 TO 2010
CLIMATE RECORD PERIOD 1871 TO 2017

WEATHER         OBSERVED          NORMAL  DEPART  LAST YEAR`S
                 VALUE   DATE(S)  VALUE   FROM    VALUE  DATE(S)
                                          NORMAL
................................................................
TEMPERATURE (F)
RECORD
 HIGH              77   02/08/1900
 LOW              -20   02/10/1899
HIGHEST            76                        39       67  02/20
LOWEST             13                        -7       -2  02/14
AVG. MAXIMUM     50.4              39.3    11.1     42.6
AVG. MINIMUM     30.9              23.0     7.9     24.6
MEAN             40.6              31.1     9.5     33.6
DAYS MAX >= 90      0               0.0     0.0        0
DAYS MAX <= 32      5               7.6    -2.6        7
DAYS MIN <= 32     17              22.8    -5.8       22
DAYS MIN <= 0       0               0.5    -0.5        1

PRECIPITATION (INCHES)
RECORD
 MAXIMUM         6.52   1887
 MINIMUM         0.07   1841
TOTALS           1.46              2.39   -0.93
DAILY AVG.       0.05              0.09   -0.04     0.11
DAYS >= .01        10              13.6    -3.6       15
DAYS >= .10         4               5.9    -1.9        7
DAYS >= .50         0               1.6    -1.6        2
DAYS >= 1.00        0               0.1    -0.1        1
GREATEST
 24 HR. TOTAL    0.50   02/06 TO 02/07           02/15 TO 02/16
                                                          02/10 TO 02/10
                                                          02/10 TO 02/10

SNOWFALL (INCHES)
RECORDS
 TOTAL           48.7   2010
 24 HR TOTAL     11.4   MM
TOTALS            6.7              10.3    -3.6      9.5
SINCE 7/1        22.3              32.8   -10.5     24.4
SNOWDEPTH AVG.      0                 2      -2        1
DAYS >= TRACE      12
DAYS >= 1.0         2               3.2    -1.2        4
GREATEST
 24 HR TOTAL      3.2   MM                           2.5

DEGREE_DAYS
HEATING TOTAL     675               948    -273      905
 SINCE 7/1       3426              4257    -831     3566
COOLING TOTAL       1                 0       1        0
 SINCE 1/1          1                 0       1        0
.................................................

WIND (MPH)
AVERAGE WIND SPEED              9.1
HIGHEST WIND SPEED/DIRECTION    41/300    DATE  02/12
HIGHEST GUST SPEED/DIRECTION    55/310    DATE  02/12

AVERAGE RH (PERCENT)     68

WEATHER CONDITIONS. NUMBER OF DAYS WITH
THUNDERSTORM              0     MIXED PRECIP               0
HEAVY RAIN                0     RAIN                       5
LIGHT RAIN                7     FREEZING RAIN              0
LT FREEZING RAIN          0     HAIL                       0
HEAVY SNOW                1     SNOW                       3
LIGHT SNOW               10     SLEET                      0
FOG                      14     FOG W/VIS <= 1/4 MILE      2
HAZE                      1

-  INDICATES NEGATIVE NUMBERS.
R  INDICATES RECORD WAS SET OR TIED.
MM INDICATES DATA IS MISSING.
T  INDICATES TRACE AMOUNT.

$$
