000
CXUS51 KRLX 010922
CLMPKB


CLIMATE REPORT
NATIONAL WEATHER SERVICE CHARLESTON WV
422 AM EST FRI DEC 1 2017

...................................

...THE PARKERSBURG WV CLIMATE SUMMARY FOR THE MONTH OF NOVEMBER 2017...

CLIMATE NORMAL PERIOD 1981 TO 2010
CLIMATE RECORD PERIOD 1889 TO 2017

WEATHER         OBSERVED          NORMAL  DEPART  LAST YEAR`S
                 VALUE   DATE(S)  VALUE   FROM    VALUE  DATE(S)
                                          NORMAL
................................................................
TEMPERATURE (F)
RECORD
 HIGH              86   MM
 LOW               13   11/19/2014
HIGHEST            76   11/05                         82
LOWEST             21   11/23                         18
                        11/11
AVG. MAXIMUM     55.4              55.1     0.3     59.3
AVG. MINIMUM     34.1              35.6    -1.5     34.5
MEAN             44.8              45.4    -0.6     46.9
DAYS MAX >= 90      0               0.0     0.0        0
DAYS MAX <= 32      0               0.4    -0.4        0
DAYS MIN <= 32     17              12.2     4.8       12
DAYS MIN <= 0       0               0.0     0.0        0

PRECIPITATION (INCHES)
RECORD
 MAXIMUM         7.89   1985
 MINIMUM         0.11   1904
TOTALS           4.20              3.36    0.84     1.17
DAILY AVG.       0.14              0.11    0.03     0.04
DAYS >= .01        13              11.7     1.3        8
DAYS >= .10         8               7.3     0.7        3
DAYS >= .50         2               2.3    -0.3
DAYS >= 1.00        1               0.5     0.5        0
GREATEST
 24 HR. TOTAL    2.04   11/06 TO 11/06           11/30 TO 11/30
                                                          11/29 TO 11/30
                                                          11/30 TO 11/30
 STORM TOTAL       MM                                 MM
 (MM/DD(HH))            MM                    11/30(00) TO 11/30(00)
                                                 11/30(00) TO 11/30(00)0
                                                 11/30(00) TO 11/30(00)0

SNOWFALL (INCHES)
TOTALS             MM

DEGREE_DAYS
HEATING TOTAL     601               591      10      539
 SINCE 7/1        900               985     -85      754
COOLING TOTAL       2                 2       0        2
 SINCE 1/1        975               955      20     1352
.................................................

WIND (MPH)
AVERAGE WIND SPEED              5.8
HIGHEST WIND SPEED/DIRECTION    31/280    DATE  11/19
HIGHEST GUST SPEED/DIRECTION    46/200    DATE  11/18

SKY COVER
POSSIBLE SUNSHINE (PERCENT)   MM
AVERAGE SKY COVER           0.50
NUMBER OF DAYS FAIR           10
NUMBER OF DAYS PC             11
NUMBER OF DAYS CLOUDY          9

AVERAGE RH (PERCENT)     68

WEATHER CONDITIONS. NUMBER OF DAYS WITH
THUNDERSTORM              0     MIXED PRECIP               0
HEAVY RAIN                3     RAIN                       6
LIGHT RAIN               12     FREEZING RAIN              0
LT FREEZING RAIN          0     HAIL                       0
HEAVY SNOW                0     SNOW                       0
LIGHT SNOW                0     SLEET                      0
FOG                      19     FOG W/VIS <= 1/4 MILE      2
HAZE                      9

-  INDICATES NEGATIVE NUMBERS.
R  INDICATES RECORD WAS SET OR TIED.
MM INDICATES DATA IS MISSING.
T  INDICATES TRACE AMOUNT.

$$
