000
CXUS51 KRLX 050202
CLMPKB


CLIMATE REPORT
NATIONAL WEATHER SERVICE CHARLESTON WV
1000 PM EDT TUE AUG 4 2015

...................................

...THE PARKERSBURG CLIMATE SUMMARY FOR THE MONTH OF JULY 2015...

CLIMATE NORMAL PERIOD 1981 TO 2010
CLIMATE RECORD PERIOD 1889 TO 2015

WEATHER         OBSERVED          NORMAL  DEPART  LAST YEAR`S
                 VALUE   DATE(S)  VALUE   FROM    VALUE  DATE(S)
                                          NORMAL
................................................................
TEMPERATURE (F)
RECORD
 HIGH             104   MM
 LOW               49   07/01/2010
HIGHEST            92   07/29        MM      MM       MM  MM
                        07/28
LOWEST             55   07/16        MM      MM       MM  MM
AVG. MAXIMUM     83.8              84.9    -1.1       MM
AVG. MINIMUM     63.8              63.9    -0.1       MM
MEAN             73.8              74.4    -0.6       MM
DAYS MAX >= 90      2               5.4    -3.4       MM
DAYS MAX <= 32      0               0.0     0.0       MM
DAYS MIN <= 32      0               0.0     0.0       MM
DAYS MIN <= 0       0               0.0     0.0       MM

PRECIPITATION (INCHES)
RECORD
 MAXIMUM        11.46   1896
 MINIMUM         0.01   2013
TOTALS           1.15              4.21   -3.06       MM
DAILY AVG.       0.04              0.14   -0.10       MM
DAYS >= .01         7              11.5    -4.5       MM
DAYS >= .10         4               8.0    -4.0       MM
DAYS >= .50         0               2.9    -2.9
DAYS >= 1.00        0               1.4    -1.4       MM
GREATEST
 24 HR. TOTAL    0.41   07/14 TO 07/14                MM


 STORM TOTAL       MM                                 MM
 (MM/DD(HH))            MM



SNOWFALL (INCHES)
TOTALS             MM

DEGREE_DAYS
HEATING TOTAL       0                 1      -1       MM
 SINCE 7/1          0                 1      -1       MM
COOLING TOTAL     279               292     -13       MM
 SINCE 1/1        663               567      96       MM
.....................................................

WIND (MPH)
AVERAGE WIND SPEED              3.5
HIGHEST WIND SPEED/DIRECTION    23/250    DATE  07/19
HIGHEST GUST SPEED/DIRECTION    32/240    DATE  07/19

SKY COVER
POSSIBLE SUNSHINE (PERCENT)   MM
AVERAGE SKY COVER           0.40
NUMBER OF DAYS FAIR           14
NUMBER OF DAYS PC             11
NUMBER OF DAYS CLOUDY          6

AVERAGE RH (PERCENT)     77

WEATHER CONDITIONS. NUMBER OF DAYS WITH
THUNDERSTORM              0     MIXED PRECIP               0
HEAVY RAIN                1     RAIN                       5
LIGHT RAIN               14     FREEZING RAIN              0
LT FREEZING RAIN          0     HAIL                       0
HEAVY SNOW                0     SNOW                       0
LIGHT SNOW                0     SLEET                      0
FOG                      30     FOG W/VIS <= 1/4 MILE     10
HAZE                      7

-  INDICATES NEGATIVE NUMBERS.
R  INDICATES RECORD WAS SET OR TIED.
MM INDICATES DATA IS MISSING.
T  INDICATES TRACE AMOUNT.

$$
