000
CXUS56 KPDT 011411
CLMPSC

CLIMATE REPORT
NATIONAL WEATHER SERVICE PENDLETON OREGON
706 AM PDT TUE AUG 01 2017

....................................

...THE PASCO WA CLIMATE SUMMARY FOR THE MONTH OF JULY 2017...

CLIMATE NORMAL PERIOD 1981 TO 2010
CLIMATE RECORD PERIOD 1942 TO 2017

WEATHER         OBSERVED          NORMAL  DEPART  LAST YEAR`S
                 VALUE   DATE(S)  VALUE   FROM    VALUE  DATE(S)
                                          NORMAL

................................................................

TEMPERATURE (F)
RECORD
 HIGH             113   7/14/2001
 LOW               42   7/11/2008
HIGHEST           106   7/ 7       46        60           105   7/29
LOWEST             48   7/18       12        36            51   7/24
AVG. MAXIMUM     95.8            91.3       4.5          89.4
AVG. MINUMUM     57.1            55.7       1.4          57.9
MEAN             76.5            73.5       3.0          73.6
DAYS MAX >= 90     26               9        17            13
DAYS MAX <= 32      0              18       -18             0
DAYS MIN <= 32      0              18       -18             0
DAYS MIN <= 0       0              18       -18             0


PRECIPITATION (INCHES)
RECORD
 MAXIMUM          0.60   2012
 MINIMUM             T   2017
TOTALS               T            0.28     -0.28          0.33
DAILY AVG.        0.00            0.01     -0.01          0.01
DAYS >=  0.01        0               1        -1             5
DAYS >=  0.10        0               0         0             1
DAYS >=  0.50        0               0         0             0
DAYS >=  1.00        0               0         0             0
GREATEST
 24 HR. TOTAL        T   7/15



DEGREE DAYS
HEATING TOTAL        0               1        -1             0
 SINCE 7/1           0               1        -1             0
COOLING TOTAL      365             267        98           276
 SINCE 1/1         560             408       152           485

.............................................................

WIND (MPH)
AVERAGE WIND SPEED                     5.2
RESULTANT WIND SPEED/DIRECTION         3/150
HIGHEST WIND SPEED/DIRECTION          22/280      DATE          07/07
HIGHEST GUST SPEED/DIRECTION          28/270      DATE          07/07


WEATHER CONDITIONS. NUMBER OF DAYS WITH
THUNDERSTORM               0    MIXED PRECIP                           0
HEAVY RAIN                 0    RAIN                                   0
LIGHT RAIN                 1    FREEZING RAIN                          0
LT FREEZING RAIN           0    HAIL                                   0
HEAVY SNOW                 0    SNOW                                   0
LIGHT SNOW                 0    SLEET                                  0
FOG                        0    FOG W/VIS <=1/4 MILE                   0
HAZE                      12

-  INDICATES NEGATIVE NUMBERS.
R  INDICATES RECORD WAS SET OR TIED.
MM INDICATES DATA IS MISSING.
T  INDICATES TRACE AMOUNT.

$$
