816
CXUS56 KSGX 012113
CLMPSP


CLIMATE REPORT
NATIONAL WEATHER SERVICE SAN DIEGO, CA
213 PM PDT FRI JUL 1 2016

...................................

...THE PALM SPRINGS INTL AIRPORT CA CLIMATE SUMMARY FOR THE MONTH OF JUNE 2016...

CLIMATE NORMAL PERIOD 1981 TO 2010
CLIMATE RECORD PERIOD 1893 TO 2016

WEATHER         OBSERVED          NORMAL  DEPART  LAST YEAR`S
                 VALUE   DATE(S)  VALUE   FROM    VALUE  DATE(S)
                                          NORMAL
................................................................
TEMPERATURE (F)
RECORD
 HIGH             122   06/29/2013
 LOW               44   06/10/1976
HIGHEST           122R  06/20       104      18      116  06/18
LOWEST             66   06/16        70      -4       64  06/05
                        06/13
AVG. MAXIMUM    106.2             101.8     4.4    105.2
AVG. MINIMUM     76.9              71.3     5.6     76.7
MEAN             91.5              86.5     5.0     90.9
DAYS MAX >= 90     30              28.0     2.0       30
DAYS MAX <= 32      0               0.0     0.0        0
DAYS MAX >= 100    23                                 24
DAYS MAX >= 110    10                                 10
DAYS MIN <= 32      0               0.0     0.0        0

PRECIPITATION (INCHES)
RECORD
 MAXIMUM         2.80   1948
 MINIMUM         0.00   2014
                        2013
                        2012
TOTALS           0.00R             0.06   -0.06        T
DAILY AVG.       0.00              0.00    0.00        T
DAYS >= .01         0                MM      MM        0
DAYS >= .10         0                MM      MM        0
DAYS >= .50         0                MM      MM        0
DAYS >= 1.00        0                MM      MM        0
DAYS >= 1.50        0                                  0
DAYS >= 2.00        0                                  0
GREATEST
 24 HR. TOTAL    0.00   06/30 TO 06/30           06/28 TO 06/28
                                                          06/30 TO 06/30
                                                          06/30 TO 06/30
 STORM TOTAL       MM                                 MM
 (MM/DD(HH))            MM                    06/28(00) TO 06/28(00)
                                                 06/30(00) TO 06/30(00)0
                                                 06/30(00) TO 06/30(00)0

DEGREE_DAYS
HEATING TOTAL       0                 0       0        0
 SINCE 7/1        738               874    -136      407
COOLING TOTAL     803               647     156      786
 SINCE 1/1       1800              1406     394     1851

FREEZE DATES
RECORD
 EARLIEST     10/24/1951
 LATEST       03/13/1956
EARLIEST                        12/16
LATEST        01/14             01/29
.................................................

WIND (MPH)
AVERAGE WIND SPEED              7.6
RESULTANT WIND SPEED/DIRECTION   3/342
HIGHEST WIND SPEED/DIRECTION    28/320    DATE  06/22
HIGHEST GUST SPEED/DIRECTION    36/310    DATE  06/22

SKY COVER
POSSIBLE SUNSHINE (PERCENT)   MM
AVERAGE SKY COVER           0.00
NUMBER OF DAYS FAIR           30
NUMBER OF DAYS PC              0
NUMBER OF DAYS CLOUDY          0

AVERAGE RH (PERCENT)     29

WEATHER CONDITIONS. NUMBER OF DAYS WITH
THUNDERSTORM              0     MIXED PRECIP               0
HEAVY RAIN                0     RAIN                       0
LIGHT RAIN                0     FREEZING RAIN              0
LT FREEZING RAIN          0     HAIL                       0
HEAVY SNOW                0     SNOW                       0
LIGHT SNOW                0     SLEET                      0
FOG                       0     FOG W/VIS <= 1/4 MILE      0
HAZE                      1

-  INDICATES NEGATIVE NUMBERS.
R  INDICATES RECORD WAS SET OR TIED.
MM INDICATES DATA IS MISSING.
T  INDICATES TRACE AMOUNT.

$$
