000
CXUS55 KPUB 012146
CLMPUB


CLIMATE REPORT
NATIONAL WEATHER SERVICE PUEBLO
341 PM MDT SAT NOV 1 2014

...................................

...THE PUEBLO CO CLIMATE SUMMARY FOR THE MONTH OF OCTOBER 2014...

CLIMATE NORMAL PERIOD 1981 TO 2010
CLIMATE RECORD PERIOD 1888 TO 2014

WEATHER         OBSERVED          NORMAL  DEPART  LAST YEAR`S
                 VALUE   DATE(S)  VALUE   FROM    VALUE  DATE(S)
                                          NORMAL
................................................................
TEMPERATURE (F)
RECORD
 HIGH              94   10/16/1991
 LOW               -4   10/29/1917
HIGHEST            86   10/06        76      10       85  10/02
LOWEST             27   10/29        28      -1       24  10/19
AVG. MAXIMUM     72.4              69.4     3.0     66.5
AVG. MINIMUM     39.4              34.2     5.2     35.6
MEAN             55.9              51.8     4.1     51.0
DAYS MAX >= 90      0               0.3    -0.3
DAYS MAX <= 32      0               0.1    -0.1
DAYS MIN <= 32      5              11.9    -6.9
DAYS MIN <= 0       0               0.0     0.0

PRECIPITATION (INCHES)
RECORD
 MAXIMUM         4.91   1957
 MINIMUM         0.00   1988
                        1980
                        1977
TOTALS           0.91              0.72    0.19     0.24
DAILY AVG.       0.03              0.02    0.01
DAYS >= .01         3               4.1    -1.1
DAYS >= .10         2               1.7     0.3
DAYS >= .50         1               0.4     0.6
DAYS >= 1.00        0               0.0     0.0
GREATEST
 24 HR. TOTAL    0.87   10/09 TO 10/10

SNOWFALL (INCHES)
RECORDS
 TOTAL           16.3   1991
TOTALS            0.0               1.3    -1.3      0.1
SINCE 7/1           T               1.6    -1.6      0.1
SNOWDEPTH AVG.      0
DAYS >= 1.0         0               0.3    -0.3
GREATEST
 SNOW DEPTH         0                                  0
 24 HR TOTAL      0.0                                0.1

DEGREE_DAYS
HEATING TOTAL     272               412    -140      429
 SINCE 7/1        326               510    -184      454
COOLING TOTAL       0                 3      -3        3
 SINCE 1/1       1002               897     105     1230
.................................................................

WIND (MPH)
AVERAGE WIND SPEED              6.7
HIGHEST WIND SPEED/DIRECTION    38/350    DATE  10/12
HIGHEST GUST SPEED/DIRECTION    49/020    DATE  10/03

SKY COVER
POSSIBLE SUNSHINE (PERCENT)   MM
AVERAGE SKY COVER           0.10
NUMBER OF DAYS FAIR           27
NUMBER OF DAYS PC              3
NUMBER OF DAYS CLOUDY          1

AVERAGE RH (PERCENT)     50

WEATHER CONDITIONS. NUMBER OF DAYS WITH
THUNDERSTORM              0     MIXED PRECIP               0
HEAVY RAIN                0     RAIN                       2
LIGHT RAIN                5     FREEZING RAIN              0
LT FREEZING RAIN          0     HAIL                       0
HEAVY SNOW                0     SNOW                       0
LIGHT SNOW                0     SLEET                      0
FOG                       3     FOG W/VIS <= 1/4 MILE      0
HAZE                      1

-  INDICATES NEGATIVE NUMBERS.
R  INDICATES RECORD WAS SET OR TIED.
MM INDICATES DATA IS MISSING.
T  INDICATES TRACE AMOUNT.

$$
