000
CXUS55 KPUB 011626
CLMPUB


CLIMATE REPORT
NATIONAL WEATHER SERVICE PUEBLO
1025 AM MDT FRI APR 1 2016

...................................

...THE PUEBLO CO CLIMATE SUMMARY FOR THE MONTH OF MARCH 2016...

CLIMATE NORMAL PERIOD 1981 TO 2010
CLIMATE RECORD PERIOD 1888 TO 2016

WEATHER         OBSERVED          NORMAL  DEPART  LAST YEAR`S
                 VALUE   DATE(S)  VALUE   FROM    VALUE  DATE(S)
                                          NORMAL
................................................................
TEMPERATURE (F)
RECORD
 HIGH              86   03/10/1989
                        03/31/1946
                        03/29/1943
 LOW              -20   03/05/1948
HIGHEST            82   03/21        61      21       85  03/16
LOWEST             14   03/20        22      -8        2  03/05
                        03/19
AVG. MAXIMUM     63.8              59.1     4.7     61.7
AVG. MINIMUM     27.1              25.6     1.5     28.6
MEAN             45.4              42.3     3.1     45.1
DAYS MAX >= 90      0               0.0     0.0
DAYS MAX <= 32      0               0.8    -0.8
DAYS MIN <= 32     23              24.3    -1.3
DAYS MIN <= 0       0               0.1    -0.1

PRECIPITATION (INCHES)
RECORD
 MAXIMUM         3.06   1905
 MINIMUM         0.01   1893
TOTALS           0.58              0.93   -0.35     0.57
DAILY AVG.       0.02              0.03   -0.01
DAYS >= .01         4               6.3    -2.3
DAYS >= .10         3               3.0     0.0
DAYS >= .50         0               0.2    -0.2
DAYS >= 1.00        0               0.0     0.0
GREATEST
 24 HR. TOTAL    0.41   03/25 TO 03/26

SNOWFALL (INCHES)
RECORDS
 TOTAL           22.4   1948
TOTALS            3.9               5.7    -1.8      1.7
SINCE 7/1        28.1              27.5     0.6     42.8
SNOWDEPTH AVG.      0
DAYS >= 1.0         2               1.8     0.2
GREATEST
 SNOW DEPTH         2   03/26                          2
                        03/27
 24 HR TOTAL      2.8   03/26 TO 03/26               1.7

DEGREE_DAYS
HEATING TOTAL     598               702    -104      608
 SINCE 7/1       4107              5005    -898     4630
COOLING TOTAL       0                 0       0        0
 SINCE 1/1          0                 0       0        0
.................................................................

WIND (MPH)
AVERAGE WIND SPEED              9.4
HIGHEST WIND SPEED/DIRECTION    41/290    DATE  03/02
HIGHEST GUST SPEED/DIRECTION    52/350    DATE  03/23

SKY COVER
POSSIBLE SUNSHINE (PERCENT)   MM
AVERAGE SKY COVER           0.20
NUMBER OF DAYS FAIR           25
NUMBER OF DAYS PC              4
NUMBER OF DAYS CLOUDY          2

AVERAGE RH (PERCENT)     42

WEATHER CONDITIONS. NUMBER OF DAYS WITH
THUNDERSTORM              1     MIXED PRECIP               0
HEAVY RAIN                0     RAIN                       1
LIGHT RAIN                4     FREEZING RAIN              0
LT FREEZING RAIN          0     HAIL                       0
HEAVY SNOW                1     SNOW                       2
LIGHT SNOW                4     SLEET                      0
FOG                       4     FOG W/VIS <= 1/4 MILE      0
HAZE                      1

-  INDICATES NEGATIVE NUMBERS.
R  INDICATES RECORD WAS SET OR TIED.
MM INDICATES DATA IS MISSING.
T  INDICATES TRACE AMOUNT.

$$
