000
CXUS51 KBOX 021458
CLMPVD


CLIMATE REPORT
NATIONAL WEATHER SERVICE TAUNTON MA
1050 AM EDT THU JUL 2 2015

...................................

...THE PROVIDENCE RI CLIMATE SUMMARY FOR THE MONTH OF JUNE 2015...

CLIMATE NORMAL PERIOD 1981 TO 2010
CLIMATE RECORD PERIOD 1904 TO 2015

WEATHER         OBSERVED          NORMAL  DEPART  LAST YEAR`S
                 VALUE   DATE(S)  VALUE   FROM    VALUE
                                          NORMAL
.............................................................
TEMPERATURE (F)
RECORD
 HIGH              98   06/30/1945
                        06/25/1943
 LOW               39   06/01/1945
HIGHEST            87   06/22
LOWEST             46   06/04
                        06/03
AVG. MAXIMUM     75.0              77.5    -2.5
AVG. MINIMUM     57.7              58.4    -0.7
MEAN             66.4              68.0    -1.6
DAYS MAX >= 90      0               1.8    -1.8
DAYS MAX <= 32      0               0.0     0.0
DAYS MIN <= 32      0               0.0     0.0
DAYS MIN <= 0       0               0.0     0.0

PRECIPITATION (INCHES)
RECORD
 MAXIMUM        11.08   1982
 MINIMUM         0.04   1949
TOTALS           5.35              3.64    1.71
DAYS >= .01         9              10.9    -1.9
DAYS >= .10         6               6.3    -0.3
DAYS >= .50         3               2.2     0.8
DAYS >= 1.00        3               0.9     2.1
GREATEST
 24 HR. TOTAL    3.21   05/31 TO 06/01

SNOWFALL (INCHES)
RECORDS
 TOTAL            0.0   MM
 SNOW DEPTH         0   MM
TOTALS            0.0               0.0     0.0
SINCE 7/1        76.2              33.8    42.4
SNOWDEPTH AVG.      0
DAYS >= 1.0         0               0.0     0.0
GREATEST
 SNOW DEPTH         0   MM
 24 HR TOTAL      0.0   06/30 TO 06/30

DEGREE_DAYS
HEATING TOTAL      72                43      29
 SINCE 7/1       6020              5618     402
COOLING TOTAL     118               132     -14
 SINCE 1/1        182               158      24
..............................................................

WIND (MPH)
AVERAGE WIND SPEED              8.5
RESULTANT WIND SPEED/DIRECTION   1/204
HIGHEST WIND SPEED/DIRECTION    28/240    DATE  06/23
HIGHEST GUST SPEED/DIRECTION    39/250    DATE  06/23

SKY COVER
POSSIBLE SUNSHINE (PERCENT)   MM
AVERAGE SKY COVER           0.60
NUMBER OF DAYS FAIR            3
NUMBER OF DAYS PC             19
NUMBER OF DAYS CLOUDY          8

AVERAGE RH (PERCENT)     70

WEATHER CONDITIONS. NUMBER OF DAYS WITH
THUNDERSTORM              0     MIXED PRECIP               0
HEAVY RAIN                4     RAIN                       6
LIGHT RAIN               14     FREEZING RAIN              0
LT FREEZING RAIN          0     HAIL                       0
HEAVY SNOW                0     SNOW                       0
LIGHT SNOW                0     SLEET                      0
FOG                      12     FOG W/VIS <= 1/4 MILE      0
HAZE                      4

-  INDICATES NEGATIVE NUMBERS.
R  INDICATES RECORD WAS SET OR TIED.
MM INDICATES DATA IS MISSING.
T  INDICATES TRACE AMOUNT.

$$

SIPPRELL
