000
CXUS51 KBOX 011315
CLMPVD


CLIMATE REPORT
NATIONAL WEATHER SERVICE TAUNTON MA
806 AM EST WED FEB 1 2017

...................................

...THE PROVIDENCE RI CLIMATE SUMMARY FOR THE MONTH OF JANUARY 2017...

CLIMATE NORMAL PERIOD 1981 TO 2010
CLIMATE RECORD PERIOD 1904 TO 2017

WEATHER         OBSERVED          NORMAL  DEPART  LAST YEAR`S
                 VALUE   DATE(S)  VALUE   FROM    VALUE
                                          NORMAL
.............................................................
TEMPERATURE (F)
RECORD
 HIGH              69   01/29/2002
                        01/14/1995
 LOW              -13   01/23/1976
HIGHEST            60   01/12
LOWEST              5   01/09
AVG. MAXIMUM     42.1              37.4     4.7
AVG. MINIMUM     27.4              21.0     6.4
MEAN             34.8              29.2     5.6
DAYS MAX >= 90      0               0.0     0.0
DAYS MAX <= 32      6               9.7    -3.7
DAYS MIN <= 32     18              26.8    -8.8
DAYS MIN <= 0       0               0.7    -0.7

PRECIPITATION (INCHES)
RECORD
 MAXIMUM        11.66   1979
 MINIMUM         0.50   1970
TOTALS           4.96              3.86    1.10
DAYS >= .01        15              10.9     4.1
DAYS >= .10        11               6.5     4.5
DAYS >= .50         4               2.8     1.2
DAYS >= 1.00        1               1.0     0.0
GREATEST
 24 HR. TOTAL    1.65   01/23 TO 01/24

SNOWFALL (INCHES)
RECORDS
 TOTAL           37.2   1996
 SNOW DEPTH        20   01/24/2005
TOTALS           17.0               9.0     8.0
SINCE 7/1        21.4              19.2     2.2
SNOWDEPTH AVG.      1
DAYS >= 1.0         3               2.8     0.2
GREATEST
 SNOW DEPTH        10   01/08
 24 HR TOTAL     10.7   01/07 TO 01/07

DEGREE_DAYS
HEATING TOTAL     929              1110    -181
 SINCE 7/1       2744              3137    -393
COOLING TOTAL       0                 0       0
 SINCE 1/1          0                 0       0
..............................................................

WIND (MPH)
AVERAGE WIND SPEED              8.9
RESULTANT WIND SPEED/DIRECTION   4/305
HIGHEST WIND SPEED/DIRECTION    35/030    DATE  01/24
HIGHEST GUST SPEED/DIRECTION    46/020    DATE  01/24

SKY COVER
POSSIBLE SUNSHINE (PERCENT)   MM
AVERAGE SKY COVER           0.70
NUMBER OF DAYS FAIR            2
NUMBER OF DAYS PC             18
NUMBER OF DAYS CLOUDY         11

AVERAGE RH (PERCENT)     68

WEATHER CONDITIONS. NUMBER OF DAYS WITH
THUNDERSTORM              0     MIXED PRECIP               0
HEAVY RAIN                2     RAIN                       6
LIGHT RAIN               14     FREEZING RAIN              0
LT FREEZING RAIN          0     HAIL                       0
HEAVY SNOW                1     SNOW                       3
LIGHT SNOW                5     SLEET                      0
FOG                      19     FOG W/VIS <= 1/4 MILE      2
HAZE                      5

-  INDICATES NEGATIVE NUMBERS.
R  INDICATES RECORD WAS SET OR TIED.
MM INDICATES DATA IS MISSING.
T  INDICATES TRACE AMOUNT.

$$

SIPPRELL
