000
CXUS53 KUNR 011612
CLMRAP


CLIMATE REPORT
NATIONAL WEATHER SERVICE RAPID CITY SD
1010 AM MDT SAT OCT 1 2016

...................................

...THE RAPID CITY AIRPORT SD CLIMATE SUMMARY FOR THE MONTH OF SEPTEMBER 2016...

CLIMATE NORMAL PERIOD 1981 TO 2010
CLIMATE RECORD PERIOD 1942 TO 2016

WEATHER         OBSERVED          NORMAL  DEPART  LAST YEAR`S
                 VALUE   DATE(S)  VALUE   FROM    VALUE  DATE(S)
                                          NORMAL
................................................................
TEMPERATURE (F)
RECORD
 HIGH             104   09/06/1978
                        09/04/1960
                        09/02/1960
 LOW               18   09/24/1985
                        09/26/1942
HIGHEST            90   09/11                         97  09/02
LOWEST             36   09/14                         41  09/19
                        09/10
AVG. MAXIMUM     75.9              75.6     0.3     80.3
AVG. MINIMUM     47.1              46.0     1.1     49.3
MEAN             61.5              60.8     0.7     64.8
DAYS MAX >= 90      1                                  5
DAYS MAX <= 32      0                                  0
DAYS MIN <= 32      0                                  0
DAYS MIN <= 0       0                                  0

PRECIPITATION (INCHES)
RECORD
 MAXIMUM         3.94   1946
 MINIMUM         0.03   1975
                        1958
TOTALS           0.84              1.29   -0.45     0.25
DAILY AVG.       0.03              0.04   -0.01     0.01
DAYS >= .01        10                                  2
DAYS >= .10         2                                  2
DAYS >= .50         0                                  0
DAYS >= 1.00        0                                  0
GREATEST
 24 HR. TOTAL    0.41   09/22 TO 09/23              0.25
                        09/23 TO 09/23

SNOWFALL (INCHES)
RECORDS
 TOTAL            4.8   1927
TOTALS            0.0               0.2    -0.2      0.0
SINCE 7/1         0.0               0.2    -0.2      0.0
SNOWDEPTH AVG.      0                MM      MM        0
DAYS >= 1.0         0               0.0     0.0        0
GREATEST
 SNOW DEPTH         0   MM                             0  MM
 24 HR TOTAL      0.0   09/30 TO 09/30               0.0

DEGREE_DAYS
HEATING TOTAL     129               187     -58       82
 SINCE 7/1        161               224     -63      127
COOLING TOTAL      30                61     -31       83
 SINCE 1/1        646               633      13      573
.................................................................

WIND (MPH)
AVERAGE WIND SPEED              11.2
HIGHEST WIND SPEED/DIRECTION    38/320    DATE  09/25
HIGHEST GUST SPEED/DIRECTION    49/310    DATE  09/24

AVERAGE RH (PERCENT)     62

WEATHER CONDITIONS. NUMBER OF DAYS WITH
THUNDERSTORM              0     MIXED PRECIP               0
HEAVY RAIN                1     RAIN                       4
LIGHT RAIN               14     FREEZING RAIN              0
LT FREEZING RAIN          0     HAIL                       0
HEAVY SNOW                0     SNOW                       0
LIGHT SNOW                0     SLEET                      0
FOG                       8     FOG W/VIS <= 1/4 MILE      1
HAZE                      1

-  INDICATES NEGATIVE NUMBERS.
R  INDICATES RECORD WAS SET OR TIED.
MM INDICATES DATA IS MISSING.
T  INDICATES TRACE AMOUNT.

$$
