000
CXUS53 KUNR 011604
CLMRAP


CLIMATE REPORT
NATIONAL WEATHER SERVICE RAPID CITY SD
902 AM MST THU DEC 1 2016

...................................

...THE RAPID CITY AIRPORT SD CLIMATE SUMMARY FOR THE MONTH OF NOVEMBER 2016...

CLIMATE NORMAL PERIOD 1981 TO 2010
CLIMATE RECORD PERIOD 1942 TO 2016

WEATHER         OBSERVED          NORMAL  DEPART  LAST YEAR`S
                 VALUE   DATE(S)  VALUE   FROM    VALUE  DATE(S)
                                          NORMAL
................................................................
TEMPERATURE (F)
RECORD
 HIGH              83   11/08/1999
                        11/07/1999
 LOW              -19   11/14/1959
HIGHEST            77   11/05                         73  11/01
                        11/04
LOWEST             10   11/19                          1  11/27
AVG. MAXIMUM     57.2              47.0    10.2     48.5
AVG. MINIMUM     27.3              22.1     5.2     20.9
MEAN             42.3              34.5     7.8     34.7
DAYS MAX >= 90      0                                  0
DAYS MAX <= 32      2                                  6
DAYS MIN <= 32     21                                 26
DAYS MIN <= 0       0                                  0

PRECIPITATION (INCHES)
RECORD
 MAXIMUM         2.22   1985
 MINIMUM         0.01   2004
TOTALS           0.23              0.53   -0.30     0.47
DAILY AVG.       0.01              0.02   -0.01     0.02
DAYS >= .01         2                                  7
DAYS >= .10         1                                  3
DAYS >= .50         0                                  0
DAYS >= 1.00        0                                  0
GREATEST
 24 HR. TOTAL    0.20   11/17 TO 11/17              0.12
                        11/16 TO 11/17
                        11/17 TO 11/17

SNOWFALL (INCHES)
RECORDS
 TOTAL           33.6   1985
TOTALS            2.8               6.0    -3.2      6.6
SINCE 7/1         2.8               7.8    -5.0      6.6
SNOWDEPTH AVG.      0                 3      -3        0
DAYS >= 1.0         1               1.8    -0.8        3
GREATEST
 SNOW DEPTH         2   11/18                          1  11/29
                                                          11/27
                                                          11/26
 24 HR TOTAL      2.4   MM                           2.6

DEGREE_DAYS
HEATING TOTAL     674               913    -239      900
 SINCE 7/1       1223              1675    -452     1445
COOLING TOTAL       0                 0       0        0
 SINCE 1/1        646               636      10      577
.................................................................

WIND (MPH)
AVERAGE WIND SPEED              11.8
HIGHEST WIND SPEED/DIRECTION    51/330    DATE  11/29
HIGHEST GUST SPEED/DIRECTION    64/330    DATE  11/29

AVERAGE RH (PERCENT)     55

WEATHER CONDITIONS. NUMBER OF DAYS WITH
THUNDERSTORM              0     MIXED PRECIP               0
HEAVY RAIN                0     RAIN                       0
LIGHT RAIN                1     FREEZING RAIN              0
LT FREEZING RAIN          0     HAIL                       0
HEAVY SNOW                0     SNOW                       1
LIGHT SNOW                4     SLEET                      0
FOG                       6     FOG W/VIS <= 1/4 MILE      1
HAZE                      2

-  INDICATES NEGATIVE NUMBERS.
R  INDICATES RECORD WAS SET OR TIED.
MM INDICATES DATA IS MISSING.
T  INDICATES TRACE AMOUNT.

$$
