000
CXUS56 KPDT 011438
CLMRDM

CLIMATE REPORT
NATIONAL WEATHER SERVICE PENDLETON OREGON
734 AM PDT SAT APR 01 2017

....................................

...THE REDMOND OR CLIMATE SUMMARY FOR THE MONTH OF MARCH 2017...

CLIMATE NORMAL PERIOD 1981 TO 2010
CLIMATE RECORD PERIOD 1949 TO 2017

WEATHER         OBSERVED          NORMAL  DEPART  LAST YEAR`S
                 VALUE   DATE(S)  VALUE   FROM    VALUE  DATE(S)
                                          NORMAL

................................................................

TEMPERATURE (F)
RECORD
 HIGH              80   3/29/1966
 LOW               -1   3/ 5/1955
HIGHEST            69   3/14       65         4            69   3/31
LOWEST             19   3/ 5       12         7            19   3/28
AVG. MAXIMUM     55.4            53.8       1.6          54.0
AVG. MINUMUM     30.3            25.9       4.4          28.5
MEAN             42.9            39.8       3.1          41.2
DAYS MAX >= 90      0               0         0             0
DAYS MAX <= 32      0               2        -2             0
DAYS MIN <= 32     20              25        -5            26
DAYS MIN <= 0       0               3        -3            26


PRECIPITATION (INCHES)
RECORD
 MAXIMUM          1.94   1960
 MINIMUM          0.01   1968
TOTALS            0.57            0.66     -0.09          0.57
DAILY AVG.        0.02            0.02      0.00          0.02
DAYS >=  0.01        7               8        -1            10
DAYS >=  0.10        3               2         1             2
DAYS >=  0.50        0               0         0             0
DAYS >=  1.00        0               0         0             0
GREATEST
 24 HR. TOTAL     0.27   3/29



SNOWFALL (INCHES)
RECORD
 MAXIMUM          12.2   1960
 MINIMUM           0.0   2015
TOTALS               T             1.3      -1.3           0.3
SINCE 7/1         48.0            16.3      31.7           8.2
DAYS >=  TRACE       2               1         1             3
DAYS >=  1.0         0               0         0             0
GREATEST
 24 HR. TOTAL        T   3/ 6


DEGREE DAYS
HEATING TOTAL      677             777      -100           730
 SINCE 7/1        5554            5453       101          5000
COOLING TOTAL        0               0         0             0
 SINCE 1/1           0               0         0             0

.............................................................

WIND (MPH)
AVERAGE WIND SPEED                     8.2
RESULTANT WIND SPEED/DIRECTION         6/211
HIGHEST WIND SPEED/DIRECTION          32/230      DATE          03/15
HIGHEST GUST SPEED/DIRECTION          41/260      DATE          03/11


WEATHER CONDITIONS. NUMBER OF DAYS WITH
THUNDERSTORM               0    MIXED PRECIP                           0
HEAVY RAIN                 1    RAIN                                   3
LIGHT RAIN                15    FREEZING RAIN                          0
LT FREEZING RAIN           0    HAIL                                   0
HEAVY SNOW                 0    SNOW                                   0
LIGHT SNOW                 2    SLEET                                  0
FOG                        4    FOG W/VIS <=1/4 MILE                   1
HAZE                       1

-  INDICATES NEGATIVE NUMBERS.
R  INDICATES RECORD WAS SET OR TIED.
MM INDICATES DATA IS MISSING.
T  INDICATES TRACE AMOUNT.

$$
