000
CXUS51 KAKQ 011427
CLMRIC


CLIMATE REPORT
NATIONAL WEATHER SERVICE WAKEFIELD, VA
1025 AM EDT SAT OCT 1 2016

...................................

...THE RICHMOND VA CLIMATE SUMMARY FOR THE MONTH OF SEPTEMBER 2016...

CLIMATE NORMAL PERIOD 1981 TO 2010
CLIMATE RECORD PERIOD 1871 TO 2016

WEATHER         OBSERVED          NORMAL  DEPART  LAST YEAR`S
                 VALUE   DATE(S)  VALUE   FROM    VALUE  DATE(S)
                                          NORMAL
................................................................
TEMPERATURE (F)
RECORD
 HIGH             103   09/07/1954
 LOW               35   09/24/1974
HIGHEST            94   09/09        93       1       95  09/02
LOWEST             58   09/05        46      12       52  09/14
AVG. MAXIMUM     82.0              81.2     0.8     84.1
AVG. MINIMUM     65.9              60.1     5.8     64.7
MEAN             74.0              70.6     3.4     74.4
DAYS MAX >= 90      5               3.2     1.8        7
DAYS MAX <= 32      0               0.0     0.0        0
DAYS MIN <= 32      0               0.0     0.0        0
DAYS MIN <= 0       0               0.0     0.0        0

PRECIPITATION (INCHES)
RECORD
 MAXIMUM        16.60   1999
 MINIMUM         0.08   2005
TOTALS          11.19              4.13    7.06     3.43
DAILY AVG.       0.37              0.14    0.23     0.11
DAYS >= .01        14               8.4     5.6       10
DAYS >= .10        10               5.2     4.8        7
DAYS >= .50         7               2.6     4.4        3
DAYS >= 1.00        3               1.3     1.7        0
GREATEST
 24 HR. TOTAL    5.35   09/28 TO 09/29

DEGREE_DAYS
HEATING TOTAL       0
 SINCE 7/1          0                29     -29        0
COOLING TOTAL     279               197      82      292
 SINCE 1/1       1633              1504     129     1799
.................................................................

WIND (MPH)
AVERAGE WIND SPEED              7.1
HIGHEST WIND SPEED/DIRECTION    25/320    DATE  09/06
HIGHEST GUST SPEED/DIRECTION    35/320    DATE  09/06

SKY COVER
POSSIBLE SUNSHINE (PERCENT)   MM
AVERAGE SKY COVER           0.70

AVERAGE RH (PERCENT)     77

WEATHER CONDITIONS. NUMBER OF DAYS WITH
THUNDERSTORM              6     MIXED PRECIP               0
HEAVY RAIN                7     RAIN                       8
LIGHT RAIN               16     FREEZING RAIN              0
LT FREEZING RAIN          0     HAIL                       0
HEAVY SNOW                0     SNOW                       0
LIGHT SNOW                0     SLEET                      0
FOG                      16     FOG W/VIS <= 1/4 MILE      2
HAZE                      0

-  INDICATES NEGATIVE NUMBERS.
R  INDICATES RECORD WAS SET OR TIED.
MM INDICATES DATA IS MISSING.
T  INDICATES TRACE AMOUNT.

$$
