000
CXUS51 KRNK 011332
CLMRNK


CLIMATE REPORT
NATIONAL WEATHER SERVICE BLACKSBURG VA
831 AM EST FRI DEC 1 2017

...................................

...THE BLACKSBURG VA CLIMATE SUMMARY FOR THE MONTH OF NOVEMBER 2017...

CLIMATE NORMAL PERIOD 1981 TO 2010
CLIMATE RECORD PERIOD 1952 TO 2017

WEATHER         OBSERVED          NORMAL  DEPART  LAST YEAR`S
                 VALUE   DATE(S)  VALUE   FROM    VALUE
                                          NORMAL
.............................................................
TEMPERATURE (F)
RECORD
 HIGH              82   11/01/2004
 LOW                0   11/25/1970
HIGHEST            75   11/03                         78
LOWEST             18   11/23                         19
AVG. MAXIMUM     55.1              55.5    -0.4     59.7
AVG. MINIMUM     31.9              31.0     0.9     33.5
MEAN             43.5              43.3     0.2     46.6
DAYS MAX >= 90      0               0.0     0.0        0
DAYS MAX <= 32      0               0.4    -0.4        0
DAYS MIN <= 32     18              17.3     0.7       18
DAYS MIN <= 0       0               0.0     0.0        0

PRECIPITATION (INCHES)
RECORD
 MAXIMUM         7.41   1077
 MINIMUM         0.41   2001
TOTALS           1.23              2.87   -1.64     1.42
DAILY AVG.       0.04              0.10   -0.06     0.05
DAYS >= .01        11               9.1     1.9        5
DAYS >= .10         5               6.0    -1.0        2
DAYS >= .50         0               2.1    -2.1        2
DAYS >= 1.00        0               0.4    -0.4        0
GREATEST
 24 HR. TOTAL    0.32                               0.79

SNOWFALL (INCHES)
TOTALS              T                                  T
DAYS >= TRACE       1                                  2
DAYS >= 1.0         0                                  0
GREATEST
 24 HR TOTAL        T                                  T

DEGREE_DAYS
HEATING TOTAL     639               653     -14      544
COOLING TOTAL       0                 0       0        0
..............................................................

WIND (MPH)
AVERAGE WIND SPEED              3.6
HIGHEST WIND SPEED/DIRECTION    20/310    DATE  11/19
HIGHEST GUST SPEED/DIRECTION    33/280    DATE  11/19

SKY COVER
AVERAGE SKY COVER           0.40

AVERAGE RH (PERCENT)     73

WEATHER CONDITIONS. NUMBER OF DAYS WITH
THUNDERSTORM              0     MIXED PRECIP               0
HEAVY RAIN                2     RAIN                       6
LIGHT RAIN               15     FREEZING RAIN              0
LT FREEZING RAIN          0     HAIL                       0
HEAVY SNOW                0     SNOW                       0
LIGHT SNOW                1     SLEET                      0
FOG                       8     FOG W/VIS <= 1/4 MILE      5
HAZE                      0

-  INDICATES NEGATIVE NUMBERS.
R  INDICATES RECORD WAS SET OR TIED.
MM INDICATES DATA IS MISSING.
T  INDICATES TRACE AMOUNT.

$$
