000
CXUS55 KREV 020734 AAA
CLMRNO

CLIMATE REPORT
NATIONAL WEATHER SERVICE RENO NV
209 AM PDT SAT AUG 1 2015

...................................

...THE RENO TAHOE AIRPORT NV CLIMATE SUMMARY FOR THE MONTH OF JULY
2015...

THE AVERAGE TEMPERATURE FOR JULY 2015 AT THE RENO TAHOE
INTERNATIONAL AIRPORT WAS 75.2 DEGREES WHICH IS 0.3 DEGREES ABOVE
NORMAL. THE HIGHEST TEMPERATURE FOR JULY WAS 102 DEGREES WHICH
OCCURRED ON THE 2ND. THE LOWEST TEMPERATURE FOR THE MONTH WAS 54
DEGREES WHICH WAS RECORDED ON THE 9TH.

FOR JULY 2015 A TOTAL OF 0.51 INCH OF PRECIPITATION WAS RECORDED AT
THE RENO TAHOE INTERNATIONAL AIRPORT.  THIS IS 0.33 INCH ABOVE
NORMAL.

THE AVERAGE WIND SPEED FOR THE MONTH WAS 6.6 MPH.  THE PEAK WIND
GUST FOR THE MONTH WAS 65 MPH FROM THE SOUTH WHICH OCCURRED ON THE
7TH.

CLIMATE NORMAL PERIOD 1981 TO 2010
CLIMATE RECORD PERIOD 1888 TO 2015

WEATHER         OBSERVED          NORMAL  DEPART
                 VALUE   DATE(S)  VALUE   FROM
                                          NORMAL
................................................
TEMPERATURE (F)
RECORD
 HIGH             108   07/05/2007
                        07/11/2002
                        07/10/2002
 LOW               33   07/11/1974
                        07/10/1965
                        07/11/1960
HIGHEST           102   07/02       104      -2
LOWEST             54   07/09        33      21
AVG. MAXIMUM     89.3              92.2    -2.9
AVG. MINIMUM     61.0              57.7     3.3
MEAN             75.2              74.9     0.3
DAYS MAX >= 90     14              21.0    -7.0
DAYS MAX <= 32      0               0.0     0.0
DAYS MIN <= 32      0               0.0     0.0
DAYS MIN <= 0       0               0.0     0.0

PRECIPITATION (INCHES)
RECORD
 MAXIMUM         1.75   1913
 MINIMUM         0.00   2000
TOTALS           0.51              0.18    0.33
DAILY AVG.       0.02              0.01    0.01
DAYS >= .01         6               1.6     4.4
DAYS >= .10         2               0.5     1.5
DAYS >= .50         0               0.1    -0.1
DAYS >= 1.00        0               0.0     0.0
GREATEST
 24 HR. TOTAL    0.52   06/30 TO 07/01
 STORM TOTAL       MM
 (MM/DD(HH))            MM

SNOWFALL (INCHES)
RECORDS
 TOTAL            0.0   5
                        0
 24 HR TOTAL       MM
TOTALS            0.0               0.0     0.0
 LIQUID EQUIV    0.00              0.00    0.00
SINCE 7/1         0.0               0.0     0.0
 LIQUID 7/1      0.00
DAYS >= TRACE       0               0.0     0.0
DAYS >= 1.0         0               0.0     0.0
GREATEST
 SNOW DEPTH         0   MM
 24 HR TOTAL      0.0   07/31 TO 07/31
 STORM TOTAL       MM
 (MM/DD(HH))            MM

DEGREE_DAYS
HEATING TOTAL       1                 5      -4
 SINCE 7/1          1                 5      -4
COOLING TOTAL     324               314      10
 SINCE 1/1        643               487     156

FREEZE DATES
RECORD
 EARLIEST     08/23/1973
 LATEST       06/27/1974
EARLIEST                        10/03
LATEST                          05/21
.................................................

WIND (MPH)
AVERAGE WIND SPEED              6.6
HIGHEST WIND SPEED/DIRECTION    54/170    DATE  07/07
HIGHEST GUST SPEED/DIRECTION    65/170    DATE  07/07

AVERAGE RH (PERCENT)     37

WEATHER CONDITIONS. NUMBER OF DAYS WITH
THUNDERSTORM              7     MIXED PRECIP               0
HEAVY RAIN                0     RAIN                       2
LIGHT RAIN                9     FREEZING RAIN              0
LT FREEZING RAIN          0     HAIL                       0
HEAVY SNOW                0     SNOW                       0
LIGHT SNOW                0     SLEET                      0
FOG                       1     FOG W/VIS <= 1/4 MILE      0
HAZE                      2

-  INDICATES NEGATIVE NUMBERS.
R  INDICATES RECORD WAS SET OR TIED.
MM INDICATES DATA IS MISSING.
T  INDICATES TRACE AMOUNT.

$$
