524
CXUS55 KABQ 011514
CLMROW

ABQCLMROW 000
TTAA00 KABQ 011458


CLIMATE REPORT
NATIONAL WEATHER SERVICE ALBUQUERQUE NM
913 AM MDT FRI APR 1 2016

...................................

...THE ROSWELL NM CLIMATE SUMMARY FOR THE MONTH OF MARCH 2016...

CLIMATE NORMAL PERIOD 1981 TO 2010
CLIMATE RECORD PERIOD 1893 TO 2016

WEATHER         OBSERVED          NORMAL  DEPART  LAST YEAR`S
                 VALUE   DATE(S)  VALUE   FROM    VALUE  DATE(S)
                                          NORMAL
................................................................
TEMPERATURE (F)
RECORD
 HIGH              93   03/12/1989
 LOW                9   03/03/2002
HIGHEST            87   03/22        MM      MM       88  03/28
LOWEST             27   03/24        MM      MM       22  03/06
AVG. MAXIMUM     73.6              68.3     5.3     68.5
AVG. MINIMUM     38.0              36.9     1.1     38.1
MEAN             55.8              52.6     3.2     53.3
DAYS MAX >= 90      0               0.2    -0.2        0
DAYS MAX <= 32      0               0.0     0.0        0
DAYS MIN <= 32      4               7.3    -3.3        6
DAYS MIN <= 0       0               0.0     0.0        0

PRECIPITATION (INCHES)
RECORD
 MAXIMUM           MM   MM
 MINIMUM           MM   MM
TOTALS              T              0.51   -0.51     0.29
DAILY AVG.          T              0.02   -0.02     0.01
DAYS >= .01         0               3.3    -3.3        4
DAYS >= .10         0               1.4    -1.4        1
DAYS >= .50         0               0.2    -0.2        0
DAYS >= 1.00        0               0.1    -0.1        0
GREATEST
 24 HR. TOTAL       T   03/31 TO 03/31              0.24

SNOWFALL (INCHES)
RECORDS
 TOTAL             MM   MM
TOTALS            0.0               1.2    -1.2        T
SINCE 7/1        17.8              11.6     6.2     16.2
SNOWDEPTH AVG.      0                MM      MM        0
DAYS >= 1.0         0               0.4    -0.4        0
GREATEST
 SNOW DEPTH         0   MM                             0  MM
 24 HR TOTAL      0.0   03/30 TO 03/30                 T

DEGREE_DAYS
HEATING TOTAL     278               387    -109      358
 SINCE 7/1       2838              3094    -256     3075
COOLING TOTAL       0                 3      -3        3
 SINCE 1/1          0                 3      -3        3
.................................................................

WIND (MPH)
AVERAGE WIND SPEED              10.0
HIGHEST WIND SPEED/DIRECTION    39/020    DATE  03/26
HIGHEST GUST SPEED/DIRECTION    46/200    DATE  03/29

SKY COVER
AVERAGE SKY COVER           0.10

AVERAGE RH (PERCENT)     36

WEATHER CONDITIONS. NUMBER OF DAYS WITH
THUNDERSTORM              0     MIXED PRECIP               0
HEAVY RAIN                0     RAIN                       0
LIGHT RAIN                3     FREEZING RAIN              0
LT FREEZING RAIN          0     HAIL                       0
HEAVY SNOW                0     SNOW                       0
LIGHT SNOW                0     SLEET                      0
FOG                       3     FOG W/VIS <= 1/4 MILE      2
HAZE                      4

-  INDICATES NEGATIVE NUMBERS.
R  INDICATES RECORD WAS SET OR TIED.
MM INDICATES DATA IS MISSING.
T  INDICATES TRACE AMOUNT.

$$
