000
CXUS55 KCYS 060420
CLMRWL


CLIMATE REPORT
NATIONAL WEATHER SERVICE CHEYENNE WY
919 PM MST THU MAR 5 2015

...................................

...THE RAWLINS WY AIRPORT CLIMATE SUMMARY FOR THE MONTH OF FEBRUARY 2015...

CLIMATE NORMAL PERIOD 1981 TO 2010
CLIMATE RECORD PERIOD 1951 TO 2015

WEATHER         OBSERVED          NORMAL  DEPART  LAST YEAR`S
                 VALUE   DATE(S)  VALUE   FROM    VALUE
                                          NORMAL
.............................................................
TEMPERATURE (F)
RECORD
 HIGH              58   02/11/1962
 LOW              -36   02/02/2011
                        02/06/1989
HIGHEST            57   02/14        MM      MM       50
                        02/06
LOWEST             -8   02/23        MM      MM      -20
AVG. MAXIMUM     41.7              33.8     7.9     35.3
AVG. MINIMUM     20.7              13.5     7.2     16.3
MEAN             31.2              23.7     7.5     25.8
DAYS MAX >= 90      0               0.0                0
DAYS MAX <= 32      8              10.9                8
DAYS MIN <= 32     21              27.5               26
DAYS MIN <= 0       3               3.6                5

PRECIPITATION (INCHES)
RECORD
 MAXIMUM         1.87   1959
 MINIMUM         0.01   2007
TOTALS           0.21              0.42   -0.21     0.28
DAYS >= .01         4               5.9    -1.9       10
DAYS >= .10         1               1.2    -0.2        0
DAYS >= .50         0               0.2    -0.2        0
DAYS >= 1.00        0               0.0     0.0        0
GREATEST
 24 HR. TOTAL    0.11   02/21 TO 02/21

DEGREE_DAYS
HEATING TOTAL     938              1158    -220     1091
 SINCE 7/1       5231              5957    -726     5764
COOLING TOTAL       0                 0       0        0
 SINCE 1/1          0                 0       0        0
..............................................................

WIND (MPH)
AVERAGE WIND SPEED              14.5
HIGHEST WIND SPEED/DIRECTION    45/260    DATE  02/03
HIGHEST GUST SPEED/DIRECTION    55/250    DATE  02/03

SKY COVER
POSSIBLE SUNSHINE (PERCENT)   MM
AVERAGE SKY COVER           0.40
NUMBER OF DAYS FAIR           15
NUMBER OF DAYS PC             10
NUMBER OF DAYS CLOUDY          3

AVERAGE RH (PERCENT)     57

WEATHER CONDITIONS. NUMBER OF DAYS WITH
THUNDERSTORM              0     MIXED PRECIP               0
HEAVY RAIN                0     RAIN                       1
LIGHT RAIN                2     FREEZING RAIN              0
LT FREEZING RAIN          0     HAIL                       0
HEAVY SNOW                1     SNOW                       2
LIGHT SNOW               11     SLEET                      0
FOG                       6     FOG W/VIS <= 1/4 MILE      1
HAZE                      5

-  INDICATES NEGATIVE NUMBERS.
R  INDICATES RECORD WAS SET OR TIED.
MM INDICATES DATA IS MISSING.
T  INDICATES TRACE AMOUNT.

$$
