000
CXUS54 KEWX 011645
CLMSAT

CLIMATE REPORT
NATIONAL WEATHER SERVICE AUSTIN/SAN ANTONIO, TX
1112 AM CDT SAT JUL 1 2017

...................................

...THE SAN ANTONIO CLIMATE SUMMARY FOR THE MONTH OF JUNE 2017...

CLIMATE NORMAL PERIOD 1981 TO 2010
CLIMATE RECORD PERIOD 1886 TO 2017

WEATHER         OBSERVED          NORMAL  DEPART  LAST YEAR`S
                 VALUE   DATE(S)  VALUE   FROM    VALUE  DATE(S)
                                          NORMAL
................................................................
TEMPERATURE (F)
HIGHEST           101   06/23                         96  06/28
LOWEST             68   06/07                         64  06/06
                        06/01
AVG. MAXIMUM     93.7              92.3     1.4     91.1
AVG. MINIMUM     72.9              72.6     0.3     72.9
MEAN             83.3              82.4     0.9     82.0
DAYS MAX >= 90     24                                 21
DAYS MAX <= 32      0                                  0
DAYS MIN <= 32      0                                  0
DAYS MIN <= 0       0                                  0

PRECIPITATION (INCHES)
TOTALS           0.40              4.14   -3.74     2.39
DAILY AVG.       0.01              0.14   -0.13     0.08
DAYS >= .01         7                                  4
DAYS >= .10         1                                  1
DAYS >= .50         0                                  1
DAYS >= 1.00        0                                  1
GREATEST
 24 HR. TOTAL    0.21   05/31 TO 06/01
                        06/01 TO 06/01
                        06/01 TO 06/02

SNOWFALL (INCHES)
TOTALS            0.0               0.0     0.0      0.0
SINCE 7/1         0.0               0.7    -0.7        T

DEGREE_DAYS
HEATING TOTAL       0                 0       0        0
 SINCE 7/1        778              1496    -718     1038
COOLING TOTAL     557               523      34      519
 SINCE 1/1       1329              1152     177     1144
.................................................................

WIND (MPH)
AVERAGE WIND SPEED              9.5
HIGHEST WIND SPEED/DIRECTION    26/110    DATE  06/27
HIGHEST GUST SPEED/DIRECTION    35/110    DATE  06/27

SKY COVER
POSSIBLE SUNSHINE (PERCENT)   MM
AVERAGE SKY COVER           0.50
NUMBER OF DAYS FAIR            5
NUMBER OF DAYS PC             21
NUMBER OF DAYS CLOUDY          4

AVERAGE RH (PERCENT)     64

WEATHER CONDITIONS. NUMBER OF DAYS WITH
THUNDERSTORM              0     MIXED PRECIP               0
HEAVY RAIN                2     RAIN                       0
LIGHT RAIN                6     FREEZING RAIN              0
LT FREEZING RAIN          0     HAIL                       0
HEAVY SNOW                0     SNOW                       0
LIGHT SNOW                0     SLEET                      0
FOG                       5     FOG W/VIS <= 1/4 MILE      0
HAZE                      2

-  INDICATES NEGATIVE NUMBERS.
R  INDICATES RECORD WAS SET OR TIED.
MM INDICATES DATA IS MISSING.
T  INDICATES TRACE AMOUNT.

&&

MONTHLY CLIMATE SUMMARY:
JUNE WAS THE 32ND WARMEST AND 15TH DRIEST JUNE SINCE
RECORD KEEPING BEGAN.

SEA LEVEL PRESSURE DATA:
HIGHEST SLP 30.12 INCHES ON THE 25TH
LOWEST  SLP 29.59 INCHES ON THE 22ND

COMMENTS:
NONE

PRELIMINARY LOCAL CLIMATOLOGICAL DATA (WS FORM: F-6)

                                          STATION:   SAN ANTONIO
                                          MONTH:     JUNE
                                          YEAR:      2017
                                          LATITUDE:   29 31 N
                                          LONGITUDE:  98 28 W

  TEMPERATURE IN F:       :PCPN:    SNOW:  WIND      :SUNSHINE: SKY     :PK WND
================================================================================
1   2   3   4   5  6A  6B    7    8   9   10  11  12  13   14  15   16   17  18
                                     12Z  AVG MX 2MIN
DY MAX MIN AVG DEP HDD CDD  WTR  SNW DPTH SPD SPD DIR MIN PSBL S-S WX    SPD DR
================================================================================

 1  88  68  78  -2   0  13    T  0.0    0  6.4 15 120   M    M   7 1      19 110
 2  89  73  81   0   0  16 0.00  0.0    0  8.0 16 140   M    M   7        19 130
 3  88  70  79  -2   0  14 0.06  0.0    M  5.9 25 330   M    M   8 1      32 330
 4  89  69  79  -2   0  14 0.05  0.0    0  5.0 22 280   M    M   7 3      27 280
 5  92  69  81   0   0  16 0.15  0.0    0  6.1 21 320   M    M   7 38     29 330
 6  92  71  82   1   0  17 0.00  0.0    0 10.0 22 350   M    M   4        28  10
 7  95  68  82   0   0  17 0.00  0.0    0  6.0 15 360   M    M   3        20  20
 8  93  69  81  -1   0  16 0.00  0.0    0  5.3 16 130   M    M   3        18 120
 9  91  73  82   0   0  17 0.01  0.0    0 12.3 23 130   M    M   6 1      28 130
10  90  69  80  -2   0  15 0.00  0.0    0 10.4 22 130   M    M   4        28 130
11  91  71  81  -1   0  16 0.00  0.0    0 11.0 17 150   M    M   5        23 160
12  92  73  83   1   0  18 0.00  0.0    0 11.3 22 130   M    M   4        27 130
13  95  75  85   3   0  20 0.00  0.0    0 13.8 25 140   M    M   5        30 140
14  96  78  87   5   0  22 0.00  0.0    0 14.3 23 140   M    M   6        29 140
15  96  77  87   4   0  22 0.00  0.0    0 13.4 22 150   M    M   5        26 160
16  97  77  87   4   0  22 0.00  0.0    0 12.9 24 150   M    M   5        30 140
17  99  76  88   5   0  23 0.00  0.0    0 13.4 23 130   M    M   6        30 150
18  98  77  88   5   0  23 0.00  0.0    0 14.1 23 130   M    M   7        27 130
19  92  77  85   2   0  20 0.00  0.0    0  8.1 24 170   M    M   6        29 150
20  98  75  87   4   0  22 0.00  0.0    0  7.1 15  70   M    M   3        20 110
21  98  73  86   3   0  21 0.00  0.0    0  9.0 20 360   M    M   3        25 360
22 100  71  86   3   0  21 0.00  0.0    0  7.4 16 150   M    M   6        21 140
23 101  75  88   5   0  23 0.00  0.0    0 10.3 23 140   M    M   3        26 130
24  88  74  81  -2   0  16 0.00  0.0    0  9.8 23  80   M    M   8 138    29  70
25  89  73  81  -3   0  16 0.01  0.0    0  6.6 18 110   M    M   7        22 110
26  93  72  83  -1   0  18 0.06  0.0    0  6.0 24 130   M    M   8        30 130
27  91  72  82  -2   0  17 0.06  0.0    0  7.1 26 110   M    M   9 3      35 110
28  92  71  82  -2   0  17 0.00  0.0    0  6.8 15 110   M    M   5        20 100
29  99  72  86   2   0  21 0.00  0.0    0 10.7 23 130   M    M   4 1      27 140
30  98  79  89   5   0  24 0.00  0.0    0 15.5 25 140   M    M   7        32 140
================================================================================
SM 2810 2187         0 557  0.40     0.0 284.0          M      168
================================================================================
AV 93.7 72.9                               9.5 FASTST   M    M   6    MAX(MPH)
                                 MISC ---->  # 26 110               # 35  110
================================================================================
NOTES:
# LAST OF SEVERAL OCCURRENCES

COLUMN 17 PEAK WIND IN M.P.H.

SYMBOLS USED IN COLUMN 16
1 = FOG OR MIST
2 = FOG REDUCING VISIBILITY
3 = THUNDER
4 = ICE PELLETS
5 = HAIL
6 = FREEZING RAIN OR DRIZZLE
7 = DUSTSTORM OR SANDSTORM:
8 = SMOKE OR HAZE
9 = BLOWING SNOW
X = TORNADO

$$
