000
CXUS52 KCHS 021533
CLMSAV

CLIMATE REPORT
NATIONAL WEATHER SERVICE CHARLESTON SC
1124 AM EDT TUE MAY 2 2017

...................................

...THE SAVANNAH GA CLIMATE SUMMARY FOR THE MONTH OF APRIL 2017...

CLIMATE NORMAL PERIOD 1981 TO 2010
CLIMATE RECORD PERIOD 1871 TO 2017

WEATHER         OBSERVED          NORMAL  DEPART  LAST YEAR`S
                 VALUE   DATE(S)  VALUE   FROM    VALUE  DATE(S)
                                          NORMAL
................................................................
TEMPERATURE (F)
RECORD
 HIGH              95   04/27/1986
                        04/17/1967
 LOW               28   04/08/2007
HIGHEST            92   04/28                         93  04/29
LOWEST             42   04/08                         43  04/10
AVG. MAXIMUM     83.0              77.6     5.4     78.4
AVG. MINIMUM     59.0              53.6     5.4     55.5
MEAN             71.0              65.6     5.4     66.9
DAYS MAX >= 90      2               1.0     1.0        1
DAYS MAX <= 32      0               0.0     0.0        0
DAYS MIN <= 32      0               0.1    -0.1        0
DAYS MIN <= 0       0               0.0     0.0        0

PRECIPITATION (INCHES)
RECORD
 MAXIMUM        10.57   1991
 MINIMUM         0.16   1892
TOTALS           2.88              3.07   -0.19     2.26
DAYS >= .01         4               6.8    -2.8        7
DAYS >= .10         3               4.2    -1.2        3
DAYS >= .50         2               1.9     0.1        2
DAYS >= 1.00        2               0.8     1.2        0
GREATEST
 24 HR. TOTAL    1.20   04/06 TO 04/06

SNOWFALL (INCHES)
RECORDS
 TOTAL            0.0   0
                        0
                        0
TOTALS            0.0               0.0     0.0
SINCE 7/1         0.0               0.3    -0.3

DEGREE_DAYS
HEATING TOTAL      19                76     -57       42
 SINCE 7/1       1022              1803    -781
COOLING TOTAL     207                94     113      109
 SINCE 1/1        340               136     204
.................................................................

WIND (MPH)
AVERAGE WIND SPEED              8.6
HIGHEST WIND SPEED/DIRECTION    33/260
HIGHEST GUST SPEED/DIRECTION    43/260


WEATHER CONDITIONS. NUMBER OF DAYS WITH
THUNDERSTORM              3     MIXED PRECIP               0
HEAVY RAIN                3     RAIN                       2
LIGHT RAIN                5     FREEZING RAIN              0
LT FREEZING RAIN          0     HAIL                       0
HEAVY SNOW                0     SNOW                       0
LIGHT SNOW                0     SLEET                      0
FOG                      17     FOG W/VIS <= 1/4 MILE      1
HAZE                      2

-  INDICATES NEGATIVE NUMBERS.
R  INDICATES RECORD WAS SET OR TIED.
MM INDICATES DATA IS MISSING.
T  INDICATES TRACE AMOUNT.

&&

RECORDS ESTABLISHED AT THE SAVANNAH INTERNATIONAL AIRPORT
DURING THE MONTH:

*WARMEST APRIL ON RECORD
*APR 29 - RECORD HIGH MINIMUM TEMPERATURE OF 74 DEGREES
*APR 30 - RECORD HIGH MINIMUM TEMPERATURE OF 73 DEGREES

$$
