000
CXUS51 KAKQ 030233
CLMSBY


CLIMATE REPORT
NATIONAL WEATHER SERVICE WAKEFIELD, VA
1031 PM EDT TUE JUN 2 2015

...................................

...THE SALISBURY MD CLIMATE SUMMARY FOR THE MONTH OF MAY 2015...

CLIMATE NORMAL PERIOD 1981 TO 2010
CLIMATE RECORD PERIOD 1900 TO 2015

WEATHER         OBSERVED          NORMAL  DEPART  LAST YEAR`S
                 VALUE   DATE(S)  VALUE   FROM    VALUE  DATE(S)
                                          NORMAL
................................................................
TEMPERATURE (F)
RECORD
 HIGH              97   05/27/1917
 LOW               28   05/05/2003
HIGHEST            88   05/18        80       8       92  05/13
                        05/12
LOWEST             41   05/03        49      -8       45  05/19
                        05/02                             05/07
AVG. MAXIMUM     78.6              73.5     5.1     78.2
AVG. MINIMUM     55.6              51.6     4.0     56.0
MEAN             67.1              62.6     4.5     67.1
DAYS MAX >= 90      0               0.6    -0.6        2
DAYS MAX <= 32      0               0.0     0.0        0
DAYS MIN <= 32      0               0.1    -0.1        0
DAYS MIN <= 0       0               0.0     0.0        0

PRECIPITATION (INCHES)
RECORD
 MAXIMUM        17.99   2010
 MINIMUM         0.18   1911
TOTALS           1.75              3.62   -1.87     2.21
DAILY AVG.       0.06              0.12   -0.06     0.07
DAYS >= .01         7              10.8    -3.8        6
DAYS >= .10         6               6.7    -0.7        5
DAYS >= .50         1               2.2    -1.2        1
DAYS >= 1.00        0               0.9    -0.9        1
GREATEST
 24 HR. TOTAL    0.84   05/21 TO 05/21

DEGREE_DAYS
HEATING TOTAL      75               142     -67       50
 SINCE 7/1       4272              4422    -150     4171
COOLING TOTAL     149                67      82      121
 SINCE 1/1        156                84      72      135
.................................................................

WIND (MPH)
AVERAGE WIND SPEED              7.4
HIGHEST WIND SPEED/DIRECTION    25/320    DATE  05/13
HIGHEST GUST SPEED/DIRECTION    32/320    DATE  05/13

SKY COVER
POSSIBLE SUNSHINE (PERCENT)   MM
AVERAGE SKY COVER           0.30

AVERAGE RH (PERCENT)     71

WEATHER CONDITIONS. NUMBER OF DAYS WITH
THUNDERSTORM              4     MIXED PRECIP               0
HEAVY RAIN                3     RAIN                       5
LIGHT RAIN                7     FREEZING RAIN              0
LT FREEZING RAIN          0     HAIL                       0
HEAVY SNOW                0     SNOW                       0
LIGHT SNOW                0     SLEET                      0
FOG                      14     FOG W/VIS <= 1/4 MILE      4
HAZE                      3

-  INDICATES NEGATIVE NUMBERS.
R  INDICATES RECORD WAS SET OR TIED.
MM INDICATES DATA IS MISSING.
T  INDICATES TRACE AMOUNT.

$$
