000
CXUS45 KSLC 032057
CLMSLC

SLCCLMSLC 000
TTAA00 KSLC 032052

CLIMATE REPORT
NATIONAL WEATHER SERVICE SALT LAKE CITY UT
252 PM MDT WED JUN 3 2015

...................................

...THE SALT LAKE CITY UT CLIMATE SUMMARY FOR THE MONTH OF MAY 2015...

CLIMATE NORMAL PERIOD 1981 TO 2010
CLIMATE RECORD PERIOD 1874 TO 2015

WEATHER         OBSERVED          NORMAL  DEPART  LAST YEAR`S
                 VALUE   DATE(S)  VALUE   FROM    VALUE  DATE(S)
                                          NORMAL
................................................................
TEMPERATURE (F)
RECORD
 HIGH              99   05/29/2003
                        05/28/2003
 LOW               25   05/06/1965
HIGHEST            91   05/31                         93  05/28
LOWEST             44   05/16                         35  05/13
                        05/11
                        05/10
AVG. MAXIMUM     69.1              71.9    -2.8     73.6
AVG. MINIMUM     50.7              47.8     2.9     49.7
MEAN             59.9              59.8     0.1     61.7
DAYS MAX >= 90      1               0.6     0.4        2
DAYS MAX <= 32      0               0.0     0.0        0
DAYS MIN <= 32      0               0.2    -0.2        0
DAYS MIN <= 0       0               0.0     0.0        0

PRECIPITATION (INCHES)
TOTALS           4.19              1.95    2.24     1.04
DAYS >= .01        18               9.0     9.0        7
DAYS >= .10        11               5.1     5.9        3
DAYS >= .50         3               1.1     1.9        0
DAYS >= 1.00        0               0.1    -0.1        0

SNOWFALL (INCHES)
TOTALS            0.0               0.3    -0.3      0.0
SINCE 7/1        15.4              56.2             35.5

DEGREE_DAYS
HEATING TOTAL     179               205     -26      159
 SINCE 7/1       4363              5561   -1198     5018
COOLING TOTAL      31                46     -15       62
 SINCE 1/1         31                50     -19       62
.................................................................

WIND (MPH)
AVERAGE WIND SPEED              8.1
HIGHEST WIND SPEED/DIRECTION    33/290    DATE  05/27
HIGHEST GUST SPEED/DIRECTION    44/300    DATE  05/27


WEATHER CONDITIONS. NUMBER OF DAYS WITH
THUNDERSTORM             14     RAIN                      18
HAIL                      1     SNOW                       0
FOG                      13     FOG W/VIS <= 1/4 MILE      0
HAZE                      3

-  INDICATES NEGATIVE NUMBERS.
R  INDICATES RECORD WAS SET OR TIED.
MM INDICATES DATA IS MISSING.
T  INDICATES TRACE AMOUNT.

$$
